{"id":3029,"date":"2020-03-23T09:06:05","date_gmt":"2020-03-23T12:06:05","guid":{"rendered":"https:\/\/ciavento.com.br\/2024\/?post_type=product&#038;p=3029"},"modified":"2022-09-30T10:00:17","modified_gmt":"2022-09-30T13:00:17","slug":"ventilador-de-parede-goar-de-1-metro","status":"publish","type":"product","link":"https:\/\/ciavento.com.br\/2024\/produto\/ventiladores\/ventiladores-de-parede\/ventilador-de-parede-goar-de-1-metro\/","title":{"rendered":"Ventilador de Parede Goar de 1 Metro"},"content":{"rendered":"<p>Especifica\u00e7\u00f5es T\u00e9cnicas:<\/p>\n<p>Modelo: V100M<br \/>\nDiametro: 1 metro (100cm)<br \/>\nVoltagem: 127\/220V<br \/>\nCorriente: 5,60\/2,80A<br \/>\nVaz\u00e3o: 5,5m\u00b3\/s<br \/>\nRota\u00e7\u00e3o: 1.100rpm<br \/>\nPeso:16kg<br \/>\nFrequencia: 60Hz ou 50Hz<\/p>\n","protected":false},"excerpt":{"rendered":"<p>A melhor solu\u00e7\u00e3o em ventila\u00e7\u00e3o de grandes ambientes e locais com grande concentra\u00e7\u00e3o de pessoas;<\/p>\n<p>Di\u00e2metro da grade: 100cm. Grande vaz\u00e3o e velocidade de ar, proporcionando maior conforto aos usu\u00e1rios mesmo a dist\u00e2ncias maiores. Al\u00e9m disso, possu\u00ed a melhor rela\u00e7\u00e3o custo-benef\u00edcio, combinando pot\u00eancia e menor consumo de energia;<\/p>\n<p>Equipamento adequado para ambientes comerciais, granjas, viveiros, avi\u00e1rios, ind\u00fastrias, pavilh\u00f5es de exposi\u00e7\u00f5es, esta\u00e7\u00f5es de trem, metr\u00f4, \u00f4nibus, etc.<\/p>\n<p>Vers\u00f5es fixas e oscilantes, parede ou suspensas, monof\u00e1sicas e trif\u00e1sicas;<\/p>\n","protected":false},"featured_media":3631,"template":"","meta":[],"yoast_head":"<!-- This site is optimized with the Yoast SEO plugin v20.0 - https:\/\/yoast.com\/wordpress\/plugins\/seo\/ -->\n<title>Ventilador de Parede Goar de 1 Metro - Cia do Vento<\/title>\n<meta name=\"robots\" content=\"index, follow, max-snippet:-1, max-image-preview:large, max-video-preview:-1\" \/>\n<link rel=\"canonical\" href=\"https:\/\/ciavento.com.br\/2024\/produto\/ventiladores\/ventiladores-de-parede\/ventilador-de-parede-goar-de-1-metro\/\" \/>\n<meta property=\"og:locale\" content=\"pt_BR\" \/>\n<meta property=\"og:type\" content=\"article\" \/>\n<meta property=\"og:title\" content=\"Ventilador de Parede Goar de 1 Metro - Cia do Vento\" \/>\n<meta property=\"og:description\" content=\"A melhor solu\u00e7\u00e3o em ventila\u00e7\u00e3o de grandes ambientes e locais com grande concentra\u00e7\u00e3o de pessoas;  Di\u00e2metro da grade: 100cm. Grande vaz\u00e3o e velocidade de ar, proporcionando maior conforto aos usu\u00e1rios mesmo a dist\u00e2ncias maiores. Al\u00e9m disso, possu\u00ed a melhor rela\u00e7\u00e3o custo-benef\u00edcio, combinando pot\u00eancia e menor consumo de energia;  Equipamento adequado para ambientes comerciais, granjas, viveiros, avi\u00e1rios, ind\u00fastrias, pavilh\u00f5es de exposi\u00e7\u00f5es, esta\u00e7\u00f5es de trem, metr\u00f4, \u00f4nibus, etc.  Vers\u00f5es fixas e oscilantes, parede ou suspensas, monof\u00e1sicas e trif\u00e1sicas;\" \/>\n<meta property=\"og:url\" content=\"https:\/\/ciavento.com.br\/2024\/produto\/ventiladores\/ventiladores-de-parede\/ventilador-de-parede-goar-de-1-metro\/\" \/>\n<meta property=\"og:site_name\" content=\"Cia do Vento\" \/>\n<meta property=\"article:modified_time\" content=\"2022-09-30T13:00:17+00:00\" \/>\n<meta property=\"og:image\" content=\"https:\/\/ciavento.com.br\/2024\/wp-content\/uploads\/2020\/03\/v100-l-1.jpg\" \/>\n\t<meta property=\"og:image:width\" content=\"921\" \/>\n\t<meta property=\"og:image:height\" content=\"666\" \/>\n\t<meta property=\"og:image:type\" content=\"image\/jpeg\" \/>\n<meta name=\"twitter:card\" content=\"summary_large_image\" \/>\n<script type=\"application\/ld+json\" class=\"yoast-schema-graph\">{\"@context\":\"https:\/\/schema.org\",\"@graph\":[{\"@type\":\"WebPage\",\"@id\":\"https:\/\/ciavento.com.br\/2024\/produto\/ventiladores\/ventiladores-de-parede\/ventilador-de-parede-goar-de-1-metro\/\",\"url\":\"https:\/\/ciavento.com.br\/2024\/produto\/ventiladores\/ventiladores-de-parede\/ventilador-de-parede-goar-de-1-metro\/\",\"name\":\"Ventilador de Parede Goar de 1 Metro - Cia do Vento\",\"isPartOf\":{\"@id\":\"https:\/\/ciavento.com.br\/2024\/#website\"},\"datePublished\":\"2020-03-23T12:06:05+00:00\",\"dateModified\":\"2022-09-30T13:00:17+00:00\",\"breadcrumb\":{\"@id\":\"https:\/\/ciavento.com.br\/2024\/produto\/ventiladores\/ventiladores-de-parede\/ventilador-de-parede-goar-de-1-metro\/#breadcrumb\"},\"inLanguage\":\"pt-BR\",\"potentialAction\":[{\"@type\":\"ReadAction\",\"target\":[\"https:\/\/ciavento.com.br\/2024\/produto\/ventiladores\/ventiladores-de-parede\/ventilador-de-parede-goar-de-1-metro\/\"]}]},{\"@type\":\"BreadcrumbList\",\"@id\":\"https:\/\/ciavento.com.br\/2024\/produto\/ventiladores\/ventiladores-de-parede\/ventilador-de-parede-goar-de-1-metro\/#breadcrumb\",\"itemListElement\":[{\"@type\":\"ListItem\",\"position\":1,\"name\":\"In\u00edcio\",\"item\":\"https:\/\/ciavento.com.br\/2024\/\"},{\"@type\":\"ListItem\",\"position\":2,\"name\":\"Linha de Produtos\",\"item\":\"https:\/\/ciavento.com.br\/2024\/shop\/\"},{\"@type\":\"ListItem\",\"position\":3,\"name\":\"Ventilador de Parede Goar de 1 Metro\"}]},{\"@type\":\"WebSite\",\"@id\":\"https:\/\/ciavento.com.br\/2024\/#website\",\"url\":\"https:\/\/ciavento.com.br\/2024\/\",\"name\":\"Cia do Vento\",\"description\":\"VENTILADORES \u00b7 Ver VENTILADORES \u00b7 Ventiladores de Parede \u00b7 Ventiladores de Coluna \u00b7 Ventiladores de Mesa \u00b7 Ventiladores de Teto \u00b7 Circuladores de Ar.\",\"publisher\":{\"@id\":\"https:\/\/ciavento.com.br\/2024\/#organization\"},\"potentialAction\":[{\"@type\":\"SearchAction\",\"target\":{\"@type\":\"EntryPoint\",\"urlTemplate\":\"https:\/\/ciavento.com.br\/2024\/?s={search_term_string}\"},\"query-input\":\"required name=search_term_string\"}],\"inLanguage\":\"pt-BR\"},{\"@type\":\"Organization\",\"@id\":\"https:\/\/ciavento.com.br\/2024\/#organization\",\"name\":\"Cia do Vento\",\"url\":\"https:\/\/ciavento.com.br\/2024\/\",\"logo\":{\"@type\":\"ImageObject\",\"inLanguage\":\"pt-BR\",\"@id\":\"https:\/\/ciavento.com.br\/2024\/#\/schema\/logo\/image\/\",\"url\":\"https:\/\/ciavento.com.br\/2024\/wp-content\/uploads\/2023\/09\/logo-22.jpg\",\"contentUrl\":\"https:\/\/ciavento.com.br\/2024\/wp-content\/uploads\/2023\/09\/logo-22.jpg\",\"width\":1280,\"height\":617,\"caption\":\"Cia do Vento\"},\"image\":{\"@id\":\"https:\/\/ciavento.com.br\/2024\/#\/schema\/logo\/image\/\"}}]}<\/script>\n<!-- \/ Yoast SEO plugin. -->","yoast_head_json":{"title":"Ventilador de Parede Goar de 1 Metro - Cia do Vento","robots":{"index":"index","follow":"follow","max-snippet":"max-snippet:-1","max-image-preview":"max-image-preview:large","max-video-preview":"max-video-preview:-1"},"canonical":"https:\/\/ciavento.com.br\/2024\/produto\/ventiladores\/ventiladores-de-parede\/ventilador-de-parede-goar-de-1-metro\/","og_locale":"pt_BR","og_type":"article","og_title":"Ventilador de Parede Goar de 1 Metro - Cia do Vento","og_description":"A melhor solu\u00e7\u00e3o em ventila\u00e7\u00e3o de grandes ambientes e locais com grande concentra\u00e7\u00e3o de pessoas;  Di\u00e2metro da grade: 100cm. Grande vaz\u00e3o e velocidade de ar, proporcionando maior conforto aos usu\u00e1rios mesmo a dist\u00e2ncias maiores. Al\u00e9m disso, possu\u00ed a melhor rela\u00e7\u00e3o custo-benef\u00edcio, combinando pot\u00eancia e menor consumo de energia;  Equipamento adequado para ambientes comerciais, granjas, viveiros, avi\u00e1rios, ind\u00fastrias, pavilh\u00f5es de exposi\u00e7\u00f5es, esta\u00e7\u00f5es de trem, metr\u00f4, \u00f4nibus, etc.  Vers\u00f5es fixas e oscilantes, parede ou suspensas, monof\u00e1sicas e trif\u00e1sicas;","og_url":"https:\/\/ciavento.com.br\/2024\/produto\/ventiladores\/ventiladores-de-parede\/ventilador-de-parede-goar-de-1-metro\/","og_site_name":"Cia do Vento","article_modified_time":"2022-09-30T13:00:17+00:00","og_image":[{"width":921,"height":666,"url":"https:\/\/ciavento.com.br\/2024\/wp-content\/uploads\/2020\/03\/v100-l-1.jpg","type":"image\/jpeg"}],"twitter_card":"summary_large_image","schema":{"@context":"https:\/\/schema.org","@graph":[{"@type":"WebPage","@id":"https:\/\/ciavento.com.br\/2024\/produto\/ventiladores\/ventiladores-de-parede\/ventilador-de-parede-goar-de-1-metro\/","url":"https:\/\/ciavento.com.br\/2024\/produto\/ventiladores\/ventiladores-de-parede\/ventilador-de-parede-goar-de-1-metro\/","name":"Ventilador de Parede Goar de 1 Metro - Cia do Vento","isPartOf":{"@id":"https:\/\/ciavento.com.br\/2024\/#website"},"datePublished":"2020-03-23T12:06:05+00:00","dateModified":"2022-09-30T13:00:17+00:00","breadcrumb":{"@id":"https:\/\/ciavento.com.br\/2024\/produto\/ventiladores\/ventiladores-de-parede\/ventilador-de-parede-goar-de-1-metro\/#breadcrumb"},"inLanguage":"pt-BR","potentialAction":[{"@type":"ReadAction","target":["https:\/\/ciavento.com.br\/2024\/produto\/ventiladores\/ventiladores-de-parede\/ventilador-de-parede-goar-de-1-metro\/"]}]},{"@type":"BreadcrumbList","@id":"https:\/\/ciavento.com.br\/2024\/produto\/ventiladores\/ventiladores-de-parede\/ventilador-de-parede-goar-de-1-metro\/#breadcrumb","itemListElement":[{"@type":"ListItem","position":1,"name":"In\u00edcio","item":"https:\/\/ciavento.com.br\/2024\/"},{"@type":"ListItem","position":2,"name":"Linha de Produtos","item":"https:\/\/ciavento.com.br\/2024\/shop\/"},{"@type":"ListItem","position":3,"name":"Ventilador de Parede Goar de 1 Metro"}]},{"@type":"WebSite","@id":"https:\/\/ciavento.com.br\/2024\/#website","url":"https:\/\/ciavento.com.br\/2024\/","name":"Cia do Vento","description":"VENTILADORES \u00b7 Ver VENTILADORES \u00b7 Ventiladores de Parede \u00b7 Ventiladores de Coluna \u00b7 Ventiladores de Mesa \u00b7 Ventiladores de Teto \u00b7 Circuladores de Ar.","publisher":{"@id":"https:\/\/ciavento.com.br\/2024\/#organization"},"potentialAction":[{"@type":"SearchAction","target":{"@type":"EntryPoint","urlTemplate":"https:\/\/ciavento.com.br\/2024\/?s={search_term_string}"},"query-input":"required name=search_term_string"}],"inLanguage":"pt-BR"},{"@type":"Organization","@id":"https:\/\/ciavento.com.br\/2024\/#organization","name":"Cia do Vento","url":"https:\/\/ciavento.com.br\/2024\/","logo":{"@type":"ImageObject","inLanguage":"pt-BR","@id":"https:\/\/ciavento.com.br\/2024\/#\/schema\/logo\/image\/","url":"https:\/\/ciavento.com.br\/2024\/wp-content\/uploads\/2023\/09\/logo-22.jpg","contentUrl":"https:\/\/ciavento.com.br\/2024\/wp-content\/uploads\/2023\/09\/logo-22.jpg","width":1280,"height":617,"caption":"Cia do Vento"},"image":{"@id":"https:\/\/ciavento.com.br\/2024\/#\/schema\/logo\/image\/"}}]}},"_links":{"self":[{"href":"https:\/\/ciavento.com.br\/2024\/wp-json\/wp\/v2\/product\/3029"}],"collection":[{"href":"https:\/\/ciavento.com.br\/2024\/wp-json\/wp\/v2\/product"}],"about":[{"href":"https:\/\/ciavento.com.br\/2024\/wp-json\/wp\/v2\/types\/product"}],"wp:featuredmedia":[{"embeddable":true,"href":"https:\/\/ciavento.com.br\/2024\/wp-json\/wp\/v2\/media\/3631"}],"wp:attachment":[{"href":"https:\/\/ciavento.com.br\/2024\/wp-json\/wp\/v2\/media?parent=3029"}],"curies":[{"name":"wp","href":"https:\/\/api.w.org\/{rel}","templated":true}]}}