{"id":3138,"date":"2020-04-13T10:40:08","date_gmt":"2020-04-13T13:40:08","guid":{"rendered":"https:\/\/ciavento.com.br\/2024\/?post_type=product&#038;p=3138"},"modified":"2020-04-26T14:20:58","modified_gmt":"2020-04-26T17:20:58","slug":"exaustores-axiais-40-cm-loren-sid-40-monofasico-de-alta-rotacao-1-600-rpm","status":"publish","type":"product","link":"https:\/\/ciavento.com.br\/2024\/produto\/exaustores\/exaustores-axiais\/exaustores-axiais-40-cm-loren-sid-40-monofasico-de-alta-rotacao-1-600-rpm\/","title":{"rendered":"Exaustores Axiais 40 cm Loren Sid 40 (Monof\u00e1sico de Alta Rota\u00e7\u00e3o 1.600 RPM)"},"content":{"rendered":"<p>&#8211; F\u00e1cil instala\u00e7\u00e3o<br \/>\n&#8211; F\u00e1cil limpeza<br \/>\n&#8211; Baixo n\u00edvel de ru\u00eddo<br \/>\n&#8211; Conta com chave conversora<br \/>\n&#8211; Acompanha capacitor<br \/>\n&#8211; Dupla fun\u00e7\u00e3o: Ventilador e exaustor<\/p>\n<p><strong>Caracter\u00edsticas t\u00e9cnicas:<\/strong><\/p>\n<p>&#8211; Pot\u00eancia: 190W<br \/>\n&#8211; Tens\u00e3o: 127V\/220V<br \/>\n&#8211; Rota\u00e7\u00e3o: 1.600 Rpm<br \/>\n&#8211; Vaz\u00e3o : 4200 m\u00b3\/h<br \/>\n&#8211; Frequ\u00eancia: 60 Hz<br \/>\n&#8211; Ru\u00eddo: 69 db<br \/>\n&#8211;\u00a0H\u00e9lice: 16\u201dx5 Ea (a\u00e7o)<br \/>\n&#8211; Press\u00e3o: 13\u00a0mm Ca<br \/>\n&#8211; Grade: a\u00e7o zincado<br \/>\n&#8211; Di\u00e2metro: 40 cm<br \/>\n&#8211; Profundidade: 25 cm<\/p>\n","protected":false},"excerpt":{"rendered":"<p>Com o Exaustor\u00a0Loren Sid voc\u00ea n\u00e3o passar\u00e1 mais calor, pois este equipamento deixar\u00e1 o ambiente sempre arejado e sem odores. Tudo para levar at\u00e9 voc\u00ea a melhor sensa\u00e7\u00e3o que um exaustor pode oferecer.<\/p>\n","protected":false},"featured_media":3139,"template":"","meta":[],"yoast_head":"<!-- This site is optimized with the Yoast SEO plugin v20.0 - https:\/\/yoast.com\/wordpress\/plugins\/seo\/ -->\n<title>Exaustores Axiais 40 cm Loren Sid 40 (Monof\u00e1sico de Alta Rota\u00e7\u00e3o 1.600 RPM) - Cia do Vento<\/title>\n<meta name=\"robots\" content=\"index, follow, max-snippet:-1, max-image-preview:large, max-video-preview:-1\" \/>\n<link rel=\"canonical\" href=\"https:\/\/ciavento.com.br\/2024\/produto\/exaustores\/exaustores-axiais\/exaustores-axiais-40-cm-loren-sid-40-monofasico-de-alta-rotacao-1-600-rpm\/\" \/>\n<meta property=\"og:locale\" content=\"pt_BR\" \/>\n<meta property=\"og:type\" content=\"article\" \/>\n<meta property=\"og:title\" content=\"Exaustores Axiais 40 cm Loren Sid 40 (Monof\u00e1sico de Alta Rota\u00e7\u00e3o 1.600 RPM) - Cia do Vento\" \/>\n<meta property=\"og:description\" content=\"Com o Exaustor\u00a0Loren Sid voc\u00ea n\u00e3o passar\u00e1 mais calor, pois este equipamento deixar\u00e1 o ambiente sempre arejado e sem odores. Tudo para levar at\u00e9 voc\u00ea a melhor sensa\u00e7\u00e3o que um exaustor pode oferecer.\" \/>\n<meta property=\"og:url\" content=\"https:\/\/ciavento.com.br\/2024\/produto\/exaustores\/exaustores-axiais\/exaustores-axiais-40-cm-loren-sid-40-monofasico-de-alta-rotacao-1-600-rpm\/\" \/>\n<meta property=\"og:site_name\" content=\"Cia do Vento\" \/>\n<meta property=\"article:modified_time\" content=\"2020-04-26T17:20:58+00:00\" \/>\n<meta property=\"og:image\" content=\"https:\/\/ciavento.com.br\/2024\/wp-content\/uploads\/2020\/04\/Ex-Axial-Loren-Sid-40.jpg\" \/>\n\t<meta property=\"og:image:width\" content=\"600\" \/>\n\t<meta property=\"og:image:height\" content=\"600\" \/>\n\t<meta property=\"og:image:type\" content=\"image\/jpeg\" \/>\n<meta name=\"twitter:card\" content=\"summary_large_image\" \/>\n<script type=\"application\/ld+json\" class=\"yoast-schema-graph\">{\"@context\":\"https:\/\/schema.org\",\"@graph\":[{\"@type\":\"WebPage\",\"@id\":\"https:\/\/ciavento.com.br\/2024\/produto\/exaustores\/exaustores-axiais\/exaustores-axiais-40-cm-loren-sid-40-monofasico-de-alta-rotacao-1-600-rpm\/\",\"url\":\"https:\/\/ciavento.com.br\/2024\/produto\/exaustores\/exaustores-axiais\/exaustores-axiais-40-cm-loren-sid-40-monofasico-de-alta-rotacao-1-600-rpm\/\",\"name\":\"Exaustores Axiais 40 cm Loren Sid 40 (Monof\u00e1sico de Alta Rota\u00e7\u00e3o 1.600 RPM) - Cia do Vento\",\"isPartOf\":{\"@id\":\"https:\/\/ciavento.com.br\/2024\/#website\"},\"datePublished\":\"2020-04-13T13:40:08+00:00\",\"dateModified\":\"2020-04-26T17:20:58+00:00\",\"breadcrumb\":{\"@id\":\"https:\/\/ciavento.com.br\/2024\/produto\/exaustores\/exaustores-axiais\/exaustores-axiais-40-cm-loren-sid-40-monofasico-de-alta-rotacao-1-600-rpm\/#breadcrumb\"},\"inLanguage\":\"pt-BR\",\"potentialAction\":[{\"@type\":\"ReadAction\",\"target\":[\"https:\/\/ciavento.com.br\/2024\/produto\/exaustores\/exaustores-axiais\/exaustores-axiais-40-cm-loren-sid-40-monofasico-de-alta-rotacao-1-600-rpm\/\"]}]},{\"@type\":\"BreadcrumbList\",\"@id\":\"https:\/\/ciavento.com.br\/2024\/produto\/exaustores\/exaustores-axiais\/exaustores-axiais-40-cm-loren-sid-40-monofasico-de-alta-rotacao-1-600-rpm\/#breadcrumb\",\"itemListElement\":[{\"@type\":\"ListItem\",\"position\":1,\"name\":\"In\u00edcio\",\"item\":\"https:\/\/ciavento.com.br\/2024\/\"},{\"@type\":\"ListItem\",\"position\":2,\"name\":\"Linha de Produtos\",\"item\":\"https:\/\/ciavento.com.br\/2024\/shop\/\"},{\"@type\":\"ListItem\",\"position\":3,\"name\":\"Exaustores Axiais 40 cm Loren Sid 40 (Monof\u00e1sico de Alta Rota\u00e7\u00e3o 1.600 RPM)\"}]},{\"@type\":\"WebSite\",\"@id\":\"https:\/\/ciavento.com.br\/2024\/#website\",\"url\":\"https:\/\/ciavento.com.br\/2024\/\",\"name\":\"Cia do Vento\",\"description\":\"VENTILADORES \u00b7 Ver VENTILADORES \u00b7 Ventiladores de Parede \u00b7 Ventiladores de Coluna \u00b7 Ventiladores de Mesa \u00b7 Ventiladores de Teto \u00b7 Circuladores de Ar.\",\"publisher\":{\"@id\":\"https:\/\/ciavento.com.br\/2024\/#organization\"},\"potentialAction\":[{\"@type\":\"SearchAction\",\"target\":{\"@type\":\"EntryPoint\",\"urlTemplate\":\"https:\/\/ciavento.com.br\/2024\/?s={search_term_string}\"},\"query-input\":\"required name=search_term_string\"}],\"inLanguage\":\"pt-BR\"},{\"@type\":\"Organization\",\"@id\":\"https:\/\/ciavento.com.br\/2024\/#organization\",\"name\":\"Cia do Vento\",\"url\":\"https:\/\/ciavento.com.br\/2024\/\",\"logo\":{\"@type\":\"ImageObject\",\"inLanguage\":\"pt-BR\",\"@id\":\"https:\/\/ciavento.com.br\/2024\/#\/schema\/logo\/image\/\",\"url\":\"https:\/\/ciavento.com.br\/2024\/wp-content\/uploads\/2023\/09\/logo-22.jpg\",\"contentUrl\":\"https:\/\/ciavento.com.br\/2024\/wp-content\/uploads\/2023\/09\/logo-22.jpg\",\"width\":1280,\"height\":617,\"caption\":\"Cia do Vento\"},\"image\":{\"@id\":\"https:\/\/ciavento.com.br\/2024\/#\/schema\/logo\/image\/\"}}]}<\/script>\n<!-- \/ Yoast SEO plugin. -->","yoast_head_json":{"title":"Exaustores Axiais 40 cm Loren Sid 40 (Monof\u00e1sico de Alta Rota\u00e7\u00e3o 1.600 RPM) - Cia do Vento","robots":{"index":"index","follow":"follow","max-snippet":"max-snippet:-1","max-image-preview":"max-image-preview:large","max-video-preview":"max-video-preview:-1"},"canonical":"https:\/\/ciavento.com.br\/2024\/produto\/exaustores\/exaustores-axiais\/exaustores-axiais-40-cm-loren-sid-40-monofasico-de-alta-rotacao-1-600-rpm\/","og_locale":"pt_BR","og_type":"article","og_title":"Exaustores Axiais 40 cm Loren Sid 40 (Monof\u00e1sico de Alta Rota\u00e7\u00e3o 1.600 RPM) - Cia do Vento","og_description":"Com o Exaustor\u00a0Loren Sid voc\u00ea n\u00e3o passar\u00e1 mais calor, pois este equipamento deixar\u00e1 o ambiente sempre arejado e sem odores. Tudo para levar at\u00e9 voc\u00ea a melhor sensa\u00e7\u00e3o que um exaustor pode oferecer.","og_url":"https:\/\/ciavento.com.br\/2024\/produto\/exaustores\/exaustores-axiais\/exaustores-axiais-40-cm-loren-sid-40-monofasico-de-alta-rotacao-1-600-rpm\/","og_site_name":"Cia do Vento","article_modified_time":"2020-04-26T17:20:58+00:00","og_image":[{"width":600,"height":600,"url":"https:\/\/ciavento.com.br\/2024\/wp-content\/uploads\/2020\/04\/Ex-Axial-Loren-Sid-40.jpg","type":"image\/jpeg"}],"twitter_card":"summary_large_image","schema":{"@context":"https:\/\/schema.org","@graph":[{"@type":"WebPage","@id":"https:\/\/ciavento.com.br\/2024\/produto\/exaustores\/exaustores-axiais\/exaustores-axiais-40-cm-loren-sid-40-monofasico-de-alta-rotacao-1-600-rpm\/","url":"https:\/\/ciavento.com.br\/2024\/produto\/exaustores\/exaustores-axiais\/exaustores-axiais-40-cm-loren-sid-40-monofasico-de-alta-rotacao-1-600-rpm\/","name":"Exaustores Axiais 40 cm Loren Sid 40 (Monof\u00e1sico de Alta Rota\u00e7\u00e3o 1.600 RPM) - Cia do Vento","isPartOf":{"@id":"https:\/\/ciavento.com.br\/2024\/#website"},"datePublished":"2020-04-13T13:40:08+00:00","dateModified":"2020-04-26T17:20:58+00:00","breadcrumb":{"@id":"https:\/\/ciavento.com.br\/2024\/produto\/exaustores\/exaustores-axiais\/exaustores-axiais-40-cm-loren-sid-40-monofasico-de-alta-rotacao-1-600-rpm\/#breadcrumb"},"inLanguage":"pt-BR","potentialAction":[{"@type":"ReadAction","target":["https:\/\/ciavento.com.br\/2024\/produto\/exaustores\/exaustores-axiais\/exaustores-axiais-40-cm-loren-sid-40-monofasico-de-alta-rotacao-1-600-rpm\/"]}]},{"@type":"BreadcrumbList","@id":"https:\/\/ciavento.com.br\/2024\/produto\/exaustores\/exaustores-axiais\/exaustores-axiais-40-cm-loren-sid-40-monofasico-de-alta-rotacao-1-600-rpm\/#breadcrumb","itemListElement":[{"@type":"ListItem","position":1,"name":"In\u00edcio","item":"https:\/\/ciavento.com.br\/2024\/"},{"@type":"ListItem","position":2,"name":"Linha de Produtos","item":"https:\/\/ciavento.com.br\/2024\/shop\/"},{"@type":"ListItem","position":3,"name":"Exaustores Axiais 40 cm Loren Sid 40 (Monof\u00e1sico de Alta Rota\u00e7\u00e3o 1.600 RPM)"}]},{"@type":"WebSite","@id":"https:\/\/ciavento.com.br\/2024\/#website","url":"https:\/\/ciavento.com.br\/2024\/","name":"Cia do Vento","description":"VENTILADORES \u00b7 Ver VENTILADORES \u00b7 Ventiladores de Parede \u00b7 Ventiladores de Coluna \u00b7 Ventiladores de Mesa \u00b7 Ventiladores de Teto \u00b7 Circuladores de Ar.","publisher":{"@id":"https:\/\/ciavento.com.br\/2024\/#organization"},"potentialAction":[{"@type":"SearchAction","target":{"@type":"EntryPoint","urlTemplate":"https:\/\/ciavento.com.br\/2024\/?s={search_term_string}"},"query-input":"required name=search_term_string"}],"inLanguage":"pt-BR"},{"@type":"Organization","@id":"https:\/\/ciavento.com.br\/2024\/#organization","name":"Cia do Vento","url":"https:\/\/ciavento.com.br\/2024\/","logo":{"@type":"ImageObject","inLanguage":"pt-BR","@id":"https:\/\/ciavento.com.br\/2024\/#\/schema\/logo\/image\/","url":"https:\/\/ciavento.com.br\/2024\/wp-content\/uploads\/2023\/09\/logo-22.jpg","contentUrl":"https:\/\/ciavento.com.br\/2024\/wp-content\/uploads\/2023\/09\/logo-22.jpg","width":1280,"height":617,"caption":"Cia do Vento"},"image":{"@id":"https:\/\/ciavento.com.br\/2024\/#\/schema\/logo\/image\/"}}]}},"_links":{"self":[{"href":"https:\/\/ciavento.com.br\/2024\/wp-json\/wp\/v2\/product\/3138"}],"collection":[{"href":"https:\/\/ciavento.com.br\/2024\/wp-json\/wp\/v2\/product"}],"about":[{"href":"https:\/\/ciavento.com.br\/2024\/wp-json\/wp\/v2\/types\/product"}],"wp:featuredmedia":[{"embeddable":true,"href":"https:\/\/ciavento.com.br\/2024\/wp-json\/wp\/v2\/media\/3139"}],"wp:attachment":[{"href":"https:\/\/ciavento.com.br\/2024\/wp-json\/wp\/v2\/media?parent=3138"}],"curies":[{"name":"wp","href":"https:\/\/api.w.org\/{rel}","templated":true}]}}