{"id":3183,"date":"2020-04-16T10:35:44","date_gmt":"2020-04-16T13:35:44","guid":{"rendered":"https:\/\/ciavento.com.br\/2024\/?post_type=product&#038;p=3183"},"modified":"2020-04-26T14:21:55","modified_gmt":"2020-04-26T17:21:55","slug":"exaustores-axiais-50-cm-ventisol-monofasico-de-media-rotacao-1-200-rpm","status":"publish","type":"product","link":"https:\/\/ciavento.com.br\/2024\/produto\/exaustores\/exaustores-axiais\/exaustores-axiais-50-cm-ventisol-monofasico-de-media-rotacao-1-200-rpm\/","title":{"rendered":"Exaustores Axiais 50 cm Ventisol (Monof\u00e1sico de M\u00e9dia Rota\u00e7\u00e3o 1.200 RPM)"},"content":{"rendered":"<p><strong>&#8211; Nova grade<\/strong><br \/>\n<strong>&#8211; \u00a0Grande vaz\u00e3o:<\/strong> Alta capacidade de vaz\u00e3o e ventila\u00e7\u00e3o.<br \/>\n<strong>&#8211; Versatilidade na instala\u00e7\u00e3o: <\/strong>Pode ser instalado em paredes e dutos de ventila\u00e7\u00e3o.<br \/>\n<strong>&#8211; Produto certificado:<\/strong> Produto com certifica\u00e7\u00e3o do INMETRO.<br \/>\n<strong>&#8211; Acompanha chave de controle:<\/strong> Reverte o movimento entre ventila\u00e7\u00e3o e exaust\u00e3o.<\/p>\n<p><strong>Caracter\u00edsticas t\u00e9cnicas:<\/strong><\/p>\n<p>&#8211; Pot\u00eancia: 1\/4CV<br \/>\n&#8211; RPM: 1.200<br \/>\n&#8211; Di\u00e2metro: 500mm<\/p>\n","protected":false},"excerpt":{"rendered":"<p>Sua empresa ou empreendimento com o ambiente mais arejado.<br \/>\nPara grandes \u00e1reas que precisem de exaust\u00e3o, o Exaustor Ventisol 50cm \u00e9 ideal.<br \/>\nIndicado para ambientes como restaurantes e lanchonetes.<br \/>\nSua empresa ou empreendimento com o ambiente mais arejado.<\/p>\n","protected":false},"featured_media":3184,"template":"","meta":[],"yoast_head":"<!-- This site is optimized with the Yoast SEO plugin v20.0 - https:\/\/yoast.com\/wordpress\/plugins\/seo\/ -->\n<title>Exaustores Axiais 50 cm Ventisol (Monof\u00e1sico de M\u00e9dia Rota\u00e7\u00e3o 1.200 RPM) - Cia do Vento<\/title>\n<meta name=\"robots\" content=\"index, follow, max-snippet:-1, max-image-preview:large, max-video-preview:-1\" \/>\n<link rel=\"canonical\" href=\"https:\/\/ciavento.com.br\/2024\/produto\/exaustores\/exaustores-axiais\/exaustores-axiais-50-cm-ventisol-monofasico-de-media-rotacao-1-200-rpm\/\" \/>\n<meta property=\"og:locale\" content=\"pt_BR\" \/>\n<meta property=\"og:type\" content=\"article\" \/>\n<meta property=\"og:title\" content=\"Exaustores Axiais 50 cm Ventisol (Monof\u00e1sico de M\u00e9dia Rota\u00e7\u00e3o 1.200 RPM) - Cia do Vento\" \/>\n<meta property=\"og:description\" content=\"Sua empresa ou empreendimento com o ambiente mais arejado. Para grandes \u00e1reas que precisem de exaust\u00e3o, o Exaustor Ventisol 50cm \u00e9 ideal. Indicado para ambientes como restaurantes e lanchonetes. Sua empresa ou empreendimento com o ambiente mais arejado.\" \/>\n<meta property=\"og:url\" content=\"https:\/\/ciavento.com.br\/2024\/produto\/exaustores\/exaustores-axiais\/exaustores-axiais-50-cm-ventisol-monofasico-de-media-rotacao-1-200-rpm\/\" \/>\n<meta property=\"og:site_name\" content=\"Cia do Vento\" \/>\n<meta property=\"article:modified_time\" content=\"2020-04-26T17:21:55+00:00\" \/>\n<meta property=\"og:image\" content=\"https:\/\/ciavento.com.br\/2024\/wp-content\/uploads\/2020\/04\/EX-50-.jpg\" \/>\n\t<meta property=\"og:image:width\" content=\"1000\" \/>\n\t<meta property=\"og:image:height\" content=\"1000\" \/>\n\t<meta property=\"og:image:type\" content=\"image\/jpeg\" \/>\n<meta name=\"twitter:card\" content=\"summary_large_image\" \/>\n<script type=\"application\/ld+json\" class=\"yoast-schema-graph\">{\"@context\":\"https:\/\/schema.org\",\"@graph\":[{\"@type\":\"WebPage\",\"@id\":\"https:\/\/ciavento.com.br\/2024\/produto\/exaustores\/exaustores-axiais\/exaustores-axiais-50-cm-ventisol-monofasico-de-media-rotacao-1-200-rpm\/\",\"url\":\"https:\/\/ciavento.com.br\/2024\/produto\/exaustores\/exaustores-axiais\/exaustores-axiais-50-cm-ventisol-monofasico-de-media-rotacao-1-200-rpm\/\",\"name\":\"Exaustores Axiais 50 cm Ventisol (Monof\u00e1sico de M\u00e9dia Rota\u00e7\u00e3o 1.200 RPM) - Cia do Vento\",\"isPartOf\":{\"@id\":\"https:\/\/ciavento.com.br\/2024\/#website\"},\"datePublished\":\"2020-04-16T13:35:44+00:00\",\"dateModified\":\"2020-04-26T17:21:55+00:00\",\"breadcrumb\":{\"@id\":\"https:\/\/ciavento.com.br\/2024\/produto\/exaustores\/exaustores-axiais\/exaustores-axiais-50-cm-ventisol-monofasico-de-media-rotacao-1-200-rpm\/#breadcrumb\"},\"inLanguage\":\"pt-BR\",\"potentialAction\":[{\"@type\":\"ReadAction\",\"target\":[\"https:\/\/ciavento.com.br\/2024\/produto\/exaustores\/exaustores-axiais\/exaustores-axiais-50-cm-ventisol-monofasico-de-media-rotacao-1-200-rpm\/\"]}]},{\"@type\":\"BreadcrumbList\",\"@id\":\"https:\/\/ciavento.com.br\/2024\/produto\/exaustores\/exaustores-axiais\/exaustores-axiais-50-cm-ventisol-monofasico-de-media-rotacao-1-200-rpm\/#breadcrumb\",\"itemListElement\":[{\"@type\":\"ListItem\",\"position\":1,\"name\":\"In\u00edcio\",\"item\":\"https:\/\/ciavento.com.br\/2024\/\"},{\"@type\":\"ListItem\",\"position\":2,\"name\":\"Linha de Produtos\",\"item\":\"https:\/\/ciavento.com.br\/2024\/shop\/\"},{\"@type\":\"ListItem\",\"position\":3,\"name\":\"Exaustores Axiais 50 cm Ventisol (Monof\u00e1sico de M\u00e9dia Rota\u00e7\u00e3o 1.200 RPM)\"}]},{\"@type\":\"WebSite\",\"@id\":\"https:\/\/ciavento.com.br\/2024\/#website\",\"url\":\"https:\/\/ciavento.com.br\/2024\/\",\"name\":\"Cia do Vento\",\"description\":\"VENTILADORES \u00b7 Ver VENTILADORES \u00b7 Ventiladores de Parede \u00b7 Ventiladores de Coluna \u00b7 Ventiladores de Mesa \u00b7 Ventiladores de Teto \u00b7 Circuladores de Ar.\",\"publisher\":{\"@id\":\"https:\/\/ciavento.com.br\/2024\/#organization\"},\"potentialAction\":[{\"@type\":\"SearchAction\",\"target\":{\"@type\":\"EntryPoint\",\"urlTemplate\":\"https:\/\/ciavento.com.br\/2024\/?s={search_term_string}\"},\"query-input\":\"required name=search_term_string\"}],\"inLanguage\":\"pt-BR\"},{\"@type\":\"Organization\",\"@id\":\"https:\/\/ciavento.com.br\/2024\/#organization\",\"name\":\"Cia do Vento\",\"url\":\"https:\/\/ciavento.com.br\/2024\/\",\"logo\":{\"@type\":\"ImageObject\",\"inLanguage\":\"pt-BR\",\"@id\":\"https:\/\/ciavento.com.br\/2024\/#\/schema\/logo\/image\/\",\"url\":\"https:\/\/ciavento.com.br\/2024\/wp-content\/uploads\/2023\/09\/logo-22.jpg\",\"contentUrl\":\"https:\/\/ciavento.com.br\/2024\/wp-content\/uploads\/2023\/09\/logo-22.jpg\",\"width\":1280,\"height\":617,\"caption\":\"Cia do Vento\"},\"image\":{\"@id\":\"https:\/\/ciavento.com.br\/2024\/#\/schema\/logo\/image\/\"}}]}<\/script>\n<!-- \/ Yoast SEO plugin. -->","yoast_head_json":{"title":"Exaustores Axiais 50 cm Ventisol (Monof\u00e1sico de M\u00e9dia Rota\u00e7\u00e3o 1.200 RPM) - Cia do Vento","robots":{"index":"index","follow":"follow","max-snippet":"max-snippet:-1","max-image-preview":"max-image-preview:large","max-video-preview":"max-video-preview:-1"},"canonical":"https:\/\/ciavento.com.br\/2024\/produto\/exaustores\/exaustores-axiais\/exaustores-axiais-50-cm-ventisol-monofasico-de-media-rotacao-1-200-rpm\/","og_locale":"pt_BR","og_type":"article","og_title":"Exaustores Axiais 50 cm Ventisol (Monof\u00e1sico de M\u00e9dia Rota\u00e7\u00e3o 1.200 RPM) - Cia do Vento","og_description":"Sua empresa ou empreendimento com o ambiente mais arejado. Para grandes \u00e1reas que precisem de exaust\u00e3o, o Exaustor Ventisol 50cm \u00e9 ideal. Indicado para ambientes como restaurantes e lanchonetes. Sua empresa ou empreendimento com o ambiente mais arejado.","og_url":"https:\/\/ciavento.com.br\/2024\/produto\/exaustores\/exaustores-axiais\/exaustores-axiais-50-cm-ventisol-monofasico-de-media-rotacao-1-200-rpm\/","og_site_name":"Cia do Vento","article_modified_time":"2020-04-26T17:21:55+00:00","og_image":[{"width":1000,"height":1000,"url":"https:\/\/ciavento.com.br\/2024\/wp-content\/uploads\/2020\/04\/EX-50-.jpg","type":"image\/jpeg"}],"twitter_card":"summary_large_image","schema":{"@context":"https:\/\/schema.org","@graph":[{"@type":"WebPage","@id":"https:\/\/ciavento.com.br\/2024\/produto\/exaustores\/exaustores-axiais\/exaustores-axiais-50-cm-ventisol-monofasico-de-media-rotacao-1-200-rpm\/","url":"https:\/\/ciavento.com.br\/2024\/produto\/exaustores\/exaustores-axiais\/exaustores-axiais-50-cm-ventisol-monofasico-de-media-rotacao-1-200-rpm\/","name":"Exaustores Axiais 50 cm Ventisol (Monof\u00e1sico de M\u00e9dia Rota\u00e7\u00e3o 1.200 RPM) - Cia do Vento","isPartOf":{"@id":"https:\/\/ciavento.com.br\/2024\/#website"},"datePublished":"2020-04-16T13:35:44+00:00","dateModified":"2020-04-26T17:21:55+00:00","breadcrumb":{"@id":"https:\/\/ciavento.com.br\/2024\/produto\/exaustores\/exaustores-axiais\/exaustores-axiais-50-cm-ventisol-monofasico-de-media-rotacao-1-200-rpm\/#breadcrumb"},"inLanguage":"pt-BR","potentialAction":[{"@type":"ReadAction","target":["https:\/\/ciavento.com.br\/2024\/produto\/exaustores\/exaustores-axiais\/exaustores-axiais-50-cm-ventisol-monofasico-de-media-rotacao-1-200-rpm\/"]}]},{"@type":"BreadcrumbList","@id":"https:\/\/ciavento.com.br\/2024\/produto\/exaustores\/exaustores-axiais\/exaustores-axiais-50-cm-ventisol-monofasico-de-media-rotacao-1-200-rpm\/#breadcrumb","itemListElement":[{"@type":"ListItem","position":1,"name":"In\u00edcio","item":"https:\/\/ciavento.com.br\/2024\/"},{"@type":"ListItem","position":2,"name":"Linha de Produtos","item":"https:\/\/ciavento.com.br\/2024\/shop\/"},{"@type":"ListItem","position":3,"name":"Exaustores Axiais 50 cm Ventisol (Monof\u00e1sico de M\u00e9dia Rota\u00e7\u00e3o 1.200 RPM)"}]},{"@type":"WebSite","@id":"https:\/\/ciavento.com.br\/2024\/#website","url":"https:\/\/ciavento.com.br\/2024\/","name":"Cia do Vento","description":"VENTILADORES \u00b7 Ver VENTILADORES \u00b7 Ventiladores de Parede \u00b7 Ventiladores de Coluna \u00b7 Ventiladores de Mesa \u00b7 Ventiladores de Teto \u00b7 Circuladores de Ar.","publisher":{"@id":"https:\/\/ciavento.com.br\/2024\/#organization"},"potentialAction":[{"@type":"SearchAction","target":{"@type":"EntryPoint","urlTemplate":"https:\/\/ciavento.com.br\/2024\/?s={search_term_string}"},"query-input":"required name=search_term_string"}],"inLanguage":"pt-BR"},{"@type":"Organization","@id":"https:\/\/ciavento.com.br\/2024\/#organization","name":"Cia do Vento","url":"https:\/\/ciavento.com.br\/2024\/","logo":{"@type":"ImageObject","inLanguage":"pt-BR","@id":"https:\/\/ciavento.com.br\/2024\/#\/schema\/logo\/image\/","url":"https:\/\/ciavento.com.br\/2024\/wp-content\/uploads\/2023\/09\/logo-22.jpg","contentUrl":"https:\/\/ciavento.com.br\/2024\/wp-content\/uploads\/2023\/09\/logo-22.jpg","width":1280,"height":617,"caption":"Cia do Vento"},"image":{"@id":"https:\/\/ciavento.com.br\/2024\/#\/schema\/logo\/image\/"}}]}},"_links":{"self":[{"href":"https:\/\/ciavento.com.br\/2024\/wp-json\/wp\/v2\/product\/3183"}],"collection":[{"href":"https:\/\/ciavento.com.br\/2024\/wp-json\/wp\/v2\/product"}],"about":[{"href":"https:\/\/ciavento.com.br\/2024\/wp-json\/wp\/v2\/types\/product"}],"wp:featuredmedia":[{"embeddable":true,"href":"https:\/\/ciavento.com.br\/2024\/wp-json\/wp\/v2\/media\/3184"}],"wp:attachment":[{"href":"https:\/\/ciavento.com.br\/2024\/wp-json\/wp\/v2\/media?parent=3183"}],"curies":[{"name":"wp","href":"https:\/\/api.w.org\/{rel}","templated":true}]}}