{"id":3185,"date":"2020-04-16T10:39:33","date_gmt":"2020-04-16T13:39:33","guid":{"rendered":"https:\/\/ciavento.com.br\/2024\/?post_type=product&#038;p=3185"},"modified":"2024-06-07T16:13:44","modified_gmt":"2024-06-07T19:13:44","slug":"exaustor-ventisol-servico-pesado-50cm","status":"publish","type":"product","link":"https:\/\/ciavento.com.br\/2024\/produto\/exaustores\/exaustores-axiais\/exaustor-ventisol-servico-pesado-50cm\/","title":{"rendered":"Exaustor Ventisol Servi\u00e7o Pesado 50CM"},"content":{"rendered":"","protected":false},"excerpt":{"rendered":"<p>Ideal para grandes ambientes: Cozinhas industriais, cabines de pintura, f\u00e1bricas e grande ambientes. Grande vaz\u00e3o: Tira odores do ambiente com alta capacidade de vaz\u00e3o e ventila\u00e7\u00e3o. Op\u00e7\u00f5es na instala\u00e7\u00e3o: Pode ser instalado em paredes e dutos de ventila\u00e7\u00e3o.<br \/>\nMotor Blindado super dimensionado: Mais resistente e com alta durabilidade. 6 P\u00e1s em nylon injetado: Com refor\u00e7o de fibra de vidro.<br \/>\nGabinete zincado: Maior resist\u00eancia a corros\u00e3o. Conjunto Aerodin\u00e2mico: Facilita o processo de Vaz\u00e3o ou Exaust\u00e3o.<br \/>\n<strong>N\u00e3o acompanha chave de controle.<\/strong><\/p>\n<p><strong>Peso:<\/strong> 10,500 kg<br \/>\n<strong>Embalagem:<\/strong> 50,5 \u00d7 50,5 \u00d7 27,3 cm<\/p>\n<p>Produto Montado<br \/>\n<strong>Comprimento:<\/strong> 50.0 cm<br \/>\n<strong>Largura:<\/strong> 20.0 cm<br \/>\n<strong>Altura:<\/strong> 50.0 cm<\/p>\n<p><strong>Voltagem:<\/strong>220V<br \/>\n<strong>Ambiente indicados:<\/strong> Ind\u00fastria, Loja<br \/>\n<strong>Finalidade de Uso:<\/strong> Exaustor<br \/>\n<strong>Medidas:<\/strong> 50cm<br \/>\n<strong>Linha:<\/strong> Servi\u00e7o Pesado<\/p>\n","protected":false},"featured_media":3186,"template":"","meta":[],"yoast_head":"<!-- This site is optimized with the Yoast SEO plugin v20.0 - https:\/\/yoast.com\/wordpress\/plugins\/seo\/ -->\n<title>Exaustor Ventisol Servi\u00e7o Pesado 50CM - Cia do Vento<\/title>\n<meta name=\"robots\" content=\"index, follow, max-snippet:-1, max-image-preview:large, max-video-preview:-1\" \/>\n<link rel=\"canonical\" href=\"https:\/\/ciavento.com.br\/2024\/produto\/exaustores\/exaustores-axiais\/exaustor-ventisol-servico-pesado-50cm\/\" \/>\n<meta property=\"og:locale\" content=\"pt_BR\" \/>\n<meta property=\"og:type\" content=\"article\" \/>\n<meta property=\"og:title\" content=\"Exaustor Ventisol Servi\u00e7o Pesado 50CM - Cia do Vento\" \/>\n<meta property=\"og:description\" content=\"Ideal para grandes ambientes: Cozinhas industriais, cabines de pintura, f\u00e1bricas e grande ambientes. Grande vaz\u00e3o: Tira odores do ambiente com alta capacidade de vaz\u00e3o e ventila\u00e7\u00e3o. Op\u00e7\u00f5es na instala\u00e7\u00e3o: Pode ser instalado em paredes e dutos de ventila\u00e7\u00e3o. Motor Blindado super dimensionado: Mais resistente e com alta durabilidade. 6 P\u00e1s em nylon injetado: Com refor\u00e7o de fibra de vidro. Gabinete zincado: Maior resist\u00eancia a corros\u00e3o. Conjunto Aerodin\u00e2mico: Facilita o processo de Vaz\u00e3o ou Exaust\u00e3o. N\u00e3o acompanha chave de controle.  Peso: 10,500 kg Embalagem: 50,5 \u00d7 50,5 \u00d7 27,3 cm  Produto Montado Comprimento: 50.0 cm Largura: 20.0 cm Altura: 50.0 cm  Voltagem:220V Ambiente indicados: Ind\u00fastria, Loja Finalidade de Uso: Exaustor Medidas: 50cm Linha: Servi\u00e7o Pesado\" \/>\n<meta property=\"og:url\" content=\"https:\/\/ciavento.com.br\/2024\/produto\/exaustores\/exaustores-axiais\/exaustor-ventisol-servico-pesado-50cm\/\" \/>\n<meta property=\"og:site_name\" content=\"Cia do Vento\" \/>\n<meta property=\"article:modified_time\" content=\"2024-06-07T19:13:44+00:00\" \/>\n<meta property=\"og:image\" content=\"https:\/\/ciavento.com.br\/2024\/wp-content\/uploads\/2020\/04\/50cm-servi\u00e7o-pesado.jpg\" \/>\n\t<meta property=\"og:image:width\" content=\"360\" \/>\n\t<meta property=\"og:image:height\" content=\"360\" \/>\n\t<meta property=\"og:image:type\" content=\"image\/jpeg\" \/>\n<meta name=\"twitter:card\" content=\"summary_large_image\" \/>\n<script type=\"application\/ld+json\" class=\"yoast-schema-graph\">{\"@context\":\"https:\/\/schema.org\",\"@graph\":[{\"@type\":\"WebPage\",\"@id\":\"https:\/\/ciavento.com.br\/2024\/produto\/exaustores\/exaustores-axiais\/exaustor-ventisol-servico-pesado-50cm\/\",\"url\":\"https:\/\/ciavento.com.br\/2024\/produto\/exaustores\/exaustores-axiais\/exaustor-ventisol-servico-pesado-50cm\/\",\"name\":\"Exaustor Ventisol Servi\u00e7o Pesado 50CM - Cia do Vento\",\"isPartOf\":{\"@id\":\"https:\/\/ciavento.com.br\/2024\/#website\"},\"datePublished\":\"2020-04-16T13:39:33+00:00\",\"dateModified\":\"2024-06-07T19:13:44+00:00\",\"breadcrumb\":{\"@id\":\"https:\/\/ciavento.com.br\/2024\/produto\/exaustores\/exaustores-axiais\/exaustor-ventisol-servico-pesado-50cm\/#breadcrumb\"},\"inLanguage\":\"pt-BR\",\"potentialAction\":[{\"@type\":\"ReadAction\",\"target\":[\"https:\/\/ciavento.com.br\/2024\/produto\/exaustores\/exaustores-axiais\/exaustor-ventisol-servico-pesado-50cm\/\"]}]},{\"@type\":\"BreadcrumbList\",\"@id\":\"https:\/\/ciavento.com.br\/2024\/produto\/exaustores\/exaustores-axiais\/exaustor-ventisol-servico-pesado-50cm\/#breadcrumb\",\"itemListElement\":[{\"@type\":\"ListItem\",\"position\":1,\"name\":\"In\u00edcio\",\"item\":\"https:\/\/ciavento.com.br\/2024\/\"},{\"@type\":\"ListItem\",\"position\":2,\"name\":\"Linha de Produtos\",\"item\":\"https:\/\/ciavento.com.br\/2024\/shop\/\"},{\"@type\":\"ListItem\",\"position\":3,\"name\":\"Exaustor Ventisol Servi\u00e7o Pesado 50CM\"}]},{\"@type\":\"WebSite\",\"@id\":\"https:\/\/ciavento.com.br\/2024\/#website\",\"url\":\"https:\/\/ciavento.com.br\/2024\/\",\"name\":\"Cia do Vento\",\"description\":\"VENTILADORES \u00b7 Ver VENTILADORES \u00b7 Ventiladores de Parede \u00b7 Ventiladores de Coluna \u00b7 Ventiladores de Mesa \u00b7 Ventiladores de Teto \u00b7 Circuladores de Ar.\",\"publisher\":{\"@id\":\"https:\/\/ciavento.com.br\/2024\/#organization\"},\"potentialAction\":[{\"@type\":\"SearchAction\",\"target\":{\"@type\":\"EntryPoint\",\"urlTemplate\":\"https:\/\/ciavento.com.br\/2024\/?s={search_term_string}\"},\"query-input\":\"required name=search_term_string\"}],\"inLanguage\":\"pt-BR\"},{\"@type\":\"Organization\",\"@id\":\"https:\/\/ciavento.com.br\/2024\/#organization\",\"name\":\"Cia do Vento\",\"url\":\"https:\/\/ciavento.com.br\/2024\/\",\"logo\":{\"@type\":\"ImageObject\",\"inLanguage\":\"pt-BR\",\"@id\":\"https:\/\/ciavento.com.br\/2024\/#\/schema\/logo\/image\/\",\"url\":\"https:\/\/ciavento.com.br\/2024\/wp-content\/uploads\/2023\/09\/logo-22.jpg\",\"contentUrl\":\"https:\/\/ciavento.com.br\/2024\/wp-content\/uploads\/2023\/09\/logo-22.jpg\",\"width\":1280,\"height\":617,\"caption\":\"Cia do Vento\"},\"image\":{\"@id\":\"https:\/\/ciavento.com.br\/2024\/#\/schema\/logo\/image\/\"}}]}<\/script>\n<!-- \/ Yoast SEO plugin. -->","yoast_head_json":{"title":"Exaustor Ventisol Servi\u00e7o Pesado 50CM - Cia do Vento","robots":{"index":"index","follow":"follow","max-snippet":"max-snippet:-1","max-image-preview":"max-image-preview:large","max-video-preview":"max-video-preview:-1"},"canonical":"https:\/\/ciavento.com.br\/2024\/produto\/exaustores\/exaustores-axiais\/exaustor-ventisol-servico-pesado-50cm\/","og_locale":"pt_BR","og_type":"article","og_title":"Exaustor Ventisol Servi\u00e7o Pesado 50CM - Cia do Vento","og_description":"Ideal para grandes ambientes: Cozinhas industriais, cabines de pintura, f\u00e1bricas e grande ambientes. Grande vaz\u00e3o: Tira odores do ambiente com alta capacidade de vaz\u00e3o e ventila\u00e7\u00e3o. Op\u00e7\u00f5es na instala\u00e7\u00e3o: Pode ser instalado em paredes e dutos de ventila\u00e7\u00e3o. Motor Blindado super dimensionado: Mais resistente e com alta durabilidade. 6 P\u00e1s em nylon injetado: Com refor\u00e7o de fibra de vidro. Gabinete zincado: Maior resist\u00eancia a corros\u00e3o. Conjunto Aerodin\u00e2mico: Facilita o processo de Vaz\u00e3o ou Exaust\u00e3o. N\u00e3o acompanha chave de controle.  Peso: 10,500 kg Embalagem: 50,5 \u00d7 50,5 \u00d7 27,3 cm  Produto Montado Comprimento: 50.0 cm Largura: 20.0 cm Altura: 50.0 cm  Voltagem:220V Ambiente indicados: Ind\u00fastria, Loja Finalidade de Uso: Exaustor Medidas: 50cm Linha: Servi\u00e7o Pesado","og_url":"https:\/\/ciavento.com.br\/2024\/produto\/exaustores\/exaustores-axiais\/exaustor-ventisol-servico-pesado-50cm\/","og_site_name":"Cia do Vento","article_modified_time":"2024-06-07T19:13:44+00:00","og_image":[{"width":360,"height":360,"url":"https:\/\/ciavento.com.br\/2024\/wp-content\/uploads\/2020\/04\/50cm-servi\u00e7o-pesado.jpg","type":"image\/jpeg"}],"twitter_card":"summary_large_image","schema":{"@context":"https:\/\/schema.org","@graph":[{"@type":"WebPage","@id":"https:\/\/ciavento.com.br\/2024\/produto\/exaustores\/exaustores-axiais\/exaustor-ventisol-servico-pesado-50cm\/","url":"https:\/\/ciavento.com.br\/2024\/produto\/exaustores\/exaustores-axiais\/exaustor-ventisol-servico-pesado-50cm\/","name":"Exaustor Ventisol Servi\u00e7o Pesado 50CM - Cia do Vento","isPartOf":{"@id":"https:\/\/ciavento.com.br\/2024\/#website"},"datePublished":"2020-04-16T13:39:33+00:00","dateModified":"2024-06-07T19:13:44+00:00","breadcrumb":{"@id":"https:\/\/ciavento.com.br\/2024\/produto\/exaustores\/exaustores-axiais\/exaustor-ventisol-servico-pesado-50cm\/#breadcrumb"},"inLanguage":"pt-BR","potentialAction":[{"@type":"ReadAction","target":["https:\/\/ciavento.com.br\/2024\/produto\/exaustores\/exaustores-axiais\/exaustor-ventisol-servico-pesado-50cm\/"]}]},{"@type":"BreadcrumbList","@id":"https:\/\/ciavento.com.br\/2024\/produto\/exaustores\/exaustores-axiais\/exaustor-ventisol-servico-pesado-50cm\/#breadcrumb","itemListElement":[{"@type":"ListItem","position":1,"name":"In\u00edcio","item":"https:\/\/ciavento.com.br\/2024\/"},{"@type":"ListItem","position":2,"name":"Linha de Produtos","item":"https:\/\/ciavento.com.br\/2024\/shop\/"},{"@type":"ListItem","position":3,"name":"Exaustor Ventisol Servi\u00e7o Pesado 50CM"}]},{"@type":"WebSite","@id":"https:\/\/ciavento.com.br\/2024\/#website","url":"https:\/\/ciavento.com.br\/2024\/","name":"Cia do Vento","description":"VENTILADORES \u00b7 Ver VENTILADORES \u00b7 Ventiladores de Parede \u00b7 Ventiladores de Coluna \u00b7 Ventiladores de Mesa \u00b7 Ventiladores de Teto \u00b7 Circuladores de Ar.","publisher":{"@id":"https:\/\/ciavento.com.br\/2024\/#organization"},"potentialAction":[{"@type":"SearchAction","target":{"@type":"EntryPoint","urlTemplate":"https:\/\/ciavento.com.br\/2024\/?s={search_term_string}"},"query-input":"required name=search_term_string"}],"inLanguage":"pt-BR"},{"@type":"Organization","@id":"https:\/\/ciavento.com.br\/2024\/#organization","name":"Cia do Vento","url":"https:\/\/ciavento.com.br\/2024\/","logo":{"@type":"ImageObject","inLanguage":"pt-BR","@id":"https:\/\/ciavento.com.br\/2024\/#\/schema\/logo\/image\/","url":"https:\/\/ciavento.com.br\/2024\/wp-content\/uploads\/2023\/09\/logo-22.jpg","contentUrl":"https:\/\/ciavento.com.br\/2024\/wp-content\/uploads\/2023\/09\/logo-22.jpg","width":1280,"height":617,"caption":"Cia do Vento"},"image":{"@id":"https:\/\/ciavento.com.br\/2024\/#\/schema\/logo\/image\/"}}]}},"_links":{"self":[{"href":"https:\/\/ciavento.com.br\/2024\/wp-json\/wp\/v2\/product\/3185"}],"collection":[{"href":"https:\/\/ciavento.com.br\/2024\/wp-json\/wp\/v2\/product"}],"about":[{"href":"https:\/\/ciavento.com.br\/2024\/wp-json\/wp\/v2\/types\/product"}],"wp:featuredmedia":[{"embeddable":true,"href":"https:\/\/ciavento.com.br\/2024\/wp-json\/wp\/v2\/media\/3186"}],"wp:attachment":[{"href":"https:\/\/ciavento.com.br\/2024\/wp-json\/wp\/v2\/media?parent=3185"}],"curies":[{"name":"wp","href":"https:\/\/api.w.org\/{rel}","templated":true}]}}