{"id":3477,"date":"2022-09-28T15:13:25","date_gmt":"2022-09-28T18:13:25","guid":{"rendered":"https:\/\/ciavento.com.br\/2024\/?post_type=product&#038;p=3477"},"modified":"2022-09-28T15:13:25","modified_gmt":"2022-09-28T18:13:25","slug":"microventilador-linear-ventisilva-line-bivolt","status":"publish","type":"product","link":"https:\/\/ciavento.com.br\/2024\/produto\/microventiladores\/ventisilva-microventiladores\/microventilador-linear-ventisilva-line-bivolt\/","title":{"rendered":"Microventilador Linear Ventisilva Line Bivolt"},"content":{"rendered":"","protected":false},"excerpt":{"rendered":"<p>&#8211; MICRO VENTILADOR LINEAR;<br \/>\n&#8211; DIMENS\u00c3O 90 x 98 x 420 mm;<br \/>\n&#8211; ROTA\u00c7\u00c3O 3060\/2770 RPM;<br \/>\n&#8211; POT\u00caNCIA 65\/60 W;<br \/>\n&#8211; VAZ\u00c3O 112\/99 LITROS\/SEGUNDO;<br \/>\n&#8211; CARCA\u00c7A EM CHAPA DE A\u00c7O;<br \/>\n&#8211; N\u00cdVEL DE RU\u00cdDO 66 DBA;<br \/>\n&#8211; 110\/220 VOLTS;<br \/>\n&#8211; MODELO LINE;<br \/>\n&#8211; MARCA VENTISILVA<\/p>\n","protected":false},"featured_media":3478,"template":"","meta":[],"yoast_head":"<!-- This site is optimized with the Yoast SEO plugin v20.0 - https:\/\/yoast.com\/wordpress\/plugins\/seo\/ -->\n<title>Microventilador Linear Ventisilva Line Bivolt - Cia do Vento<\/title>\n<meta name=\"robots\" content=\"index, follow, max-snippet:-1, max-image-preview:large, max-video-preview:-1\" \/>\n<link rel=\"canonical\" href=\"https:\/\/ciavento.com.br\/2024\/produto\/microventiladores\/ventisilva-microventiladores\/microventilador-linear-ventisilva-line-bivolt\/\" \/>\n<meta property=\"og:locale\" content=\"pt_BR\" \/>\n<meta property=\"og:type\" content=\"article\" \/>\n<meta property=\"og:title\" content=\"Microventilador Linear Ventisilva Line Bivolt - Cia do Vento\" \/>\n<meta property=\"og:description\" content=\"- MICRO VENTILADOR LINEAR; - DIMENS\u00c3O 90 x 98 x 420 mm; - ROTA\u00c7\u00c3O 3060\/2770 RPM; - POT\u00caNCIA 65\/60 W; - VAZ\u00c3O 112\/99 LITROS\/SEGUNDO; - CARCA\u00c7A EM CHAPA DE A\u00c7O; - N\u00cdVEL DE RU\u00cdDO 66 DBA; - 110\/220 VOLTS; - MODELO LINE; - MARCA VENTISILVA\" \/>\n<meta property=\"og:url\" content=\"https:\/\/ciavento.com.br\/2024\/produto\/microventiladores\/ventisilva-microventiladores\/microventilador-linear-ventisilva-line-bivolt\/\" \/>\n<meta property=\"og:site_name\" content=\"Cia do Vento\" \/>\n<meta property=\"og:image\" content=\"https:\/\/ciavento.com.br\/2024\/wp-content\/uploads\/2022\/09\/Microventilador-Linear-Ventisilva-Line-Bivolt.jpg\" \/>\n\t<meta property=\"og:image:width\" content=\"790\" \/>\n\t<meta property=\"og:image:height\" content=\"384\" \/>\n\t<meta property=\"og:image:type\" content=\"image\/jpeg\" \/>\n<meta name=\"twitter:card\" content=\"summary_large_image\" \/>\n<script type=\"application\/ld+json\" class=\"yoast-schema-graph\">{\"@context\":\"https:\/\/schema.org\",\"@graph\":[{\"@type\":\"WebPage\",\"@id\":\"https:\/\/ciavento.com.br\/2024\/produto\/microventiladores\/ventisilva-microventiladores\/microventilador-linear-ventisilva-line-bivolt\/\",\"url\":\"https:\/\/ciavento.com.br\/2024\/produto\/microventiladores\/ventisilva-microventiladores\/microventilador-linear-ventisilva-line-bivolt\/\",\"name\":\"Microventilador Linear Ventisilva Line Bivolt - Cia do Vento\",\"isPartOf\":{\"@id\":\"https:\/\/ciavento.com.br\/2024\/#website\"},\"datePublished\":\"2022-09-28T18:13:25+00:00\",\"dateModified\":\"2022-09-28T18:13:25+00:00\",\"breadcrumb\":{\"@id\":\"https:\/\/ciavento.com.br\/2024\/produto\/microventiladores\/ventisilva-microventiladores\/microventilador-linear-ventisilva-line-bivolt\/#breadcrumb\"},\"inLanguage\":\"pt-BR\",\"potentialAction\":[{\"@type\":\"ReadAction\",\"target\":[\"https:\/\/ciavento.com.br\/2024\/produto\/microventiladores\/ventisilva-microventiladores\/microventilador-linear-ventisilva-line-bivolt\/\"]}]},{\"@type\":\"BreadcrumbList\",\"@id\":\"https:\/\/ciavento.com.br\/2024\/produto\/microventiladores\/ventisilva-microventiladores\/microventilador-linear-ventisilva-line-bivolt\/#breadcrumb\",\"itemListElement\":[{\"@type\":\"ListItem\",\"position\":1,\"name\":\"In\u00edcio\",\"item\":\"https:\/\/ciavento.com.br\/2024\/\"},{\"@type\":\"ListItem\",\"position\":2,\"name\":\"Linha de Produtos\",\"item\":\"https:\/\/ciavento.com.br\/2024\/shop\/\"},{\"@type\":\"ListItem\",\"position\":3,\"name\":\"Microventilador Linear Ventisilva Line Bivolt\"}]},{\"@type\":\"WebSite\",\"@id\":\"https:\/\/ciavento.com.br\/2024\/#website\",\"url\":\"https:\/\/ciavento.com.br\/2024\/\",\"name\":\"Cia do Vento\",\"description\":\"VENTILADORES \u00b7 Ver VENTILADORES \u00b7 Ventiladores de Parede \u00b7 Ventiladores de Coluna \u00b7 Ventiladores de Mesa \u00b7 Ventiladores de Teto \u00b7 Circuladores de Ar.\",\"publisher\":{\"@id\":\"https:\/\/ciavento.com.br\/2024\/#organization\"},\"potentialAction\":[{\"@type\":\"SearchAction\",\"target\":{\"@type\":\"EntryPoint\",\"urlTemplate\":\"https:\/\/ciavento.com.br\/2024\/?s={search_term_string}\"},\"query-input\":\"required name=search_term_string\"}],\"inLanguage\":\"pt-BR\"},{\"@type\":\"Organization\",\"@id\":\"https:\/\/ciavento.com.br\/2024\/#organization\",\"name\":\"Cia do Vento\",\"url\":\"https:\/\/ciavento.com.br\/2024\/\",\"logo\":{\"@type\":\"ImageObject\",\"inLanguage\":\"pt-BR\",\"@id\":\"https:\/\/ciavento.com.br\/2024\/#\/schema\/logo\/image\/\",\"url\":\"https:\/\/ciavento.com.br\/2024\/wp-content\/uploads\/2023\/09\/logo-22.jpg\",\"contentUrl\":\"https:\/\/ciavento.com.br\/2024\/wp-content\/uploads\/2023\/09\/logo-22.jpg\",\"width\":1280,\"height\":617,\"caption\":\"Cia do Vento\"},\"image\":{\"@id\":\"https:\/\/ciavento.com.br\/2024\/#\/schema\/logo\/image\/\"}}]}<\/script>\n<!-- \/ Yoast SEO plugin. -->","yoast_head_json":{"title":"Microventilador Linear Ventisilva Line Bivolt - Cia do Vento","robots":{"index":"index","follow":"follow","max-snippet":"max-snippet:-1","max-image-preview":"max-image-preview:large","max-video-preview":"max-video-preview:-1"},"canonical":"https:\/\/ciavento.com.br\/2024\/produto\/microventiladores\/ventisilva-microventiladores\/microventilador-linear-ventisilva-line-bivolt\/","og_locale":"pt_BR","og_type":"article","og_title":"Microventilador Linear Ventisilva Line Bivolt - Cia do Vento","og_description":"- MICRO VENTILADOR LINEAR; - DIMENS\u00c3O 90 x 98 x 420 mm; - ROTA\u00c7\u00c3O 3060\/2770 RPM; - POT\u00caNCIA 65\/60 W; - VAZ\u00c3O 112\/99 LITROS\/SEGUNDO; - CARCA\u00c7A EM CHAPA DE A\u00c7O; - N\u00cdVEL DE RU\u00cdDO 66 DBA; - 110\/220 VOLTS; - MODELO LINE; - MARCA VENTISILVA","og_url":"https:\/\/ciavento.com.br\/2024\/produto\/microventiladores\/ventisilva-microventiladores\/microventilador-linear-ventisilva-line-bivolt\/","og_site_name":"Cia do Vento","og_image":[{"width":790,"height":384,"url":"https:\/\/ciavento.com.br\/2024\/wp-content\/uploads\/2022\/09\/Microventilador-Linear-Ventisilva-Line-Bivolt.jpg","type":"image\/jpeg"}],"twitter_card":"summary_large_image","schema":{"@context":"https:\/\/schema.org","@graph":[{"@type":"WebPage","@id":"https:\/\/ciavento.com.br\/2024\/produto\/microventiladores\/ventisilva-microventiladores\/microventilador-linear-ventisilva-line-bivolt\/","url":"https:\/\/ciavento.com.br\/2024\/produto\/microventiladores\/ventisilva-microventiladores\/microventilador-linear-ventisilva-line-bivolt\/","name":"Microventilador Linear Ventisilva Line Bivolt - Cia do Vento","isPartOf":{"@id":"https:\/\/ciavento.com.br\/2024\/#website"},"datePublished":"2022-09-28T18:13:25+00:00","dateModified":"2022-09-28T18:13:25+00:00","breadcrumb":{"@id":"https:\/\/ciavento.com.br\/2024\/produto\/microventiladores\/ventisilva-microventiladores\/microventilador-linear-ventisilva-line-bivolt\/#breadcrumb"},"inLanguage":"pt-BR","potentialAction":[{"@type":"ReadAction","target":["https:\/\/ciavento.com.br\/2024\/produto\/microventiladores\/ventisilva-microventiladores\/microventilador-linear-ventisilva-line-bivolt\/"]}]},{"@type":"BreadcrumbList","@id":"https:\/\/ciavento.com.br\/2024\/produto\/microventiladores\/ventisilva-microventiladores\/microventilador-linear-ventisilva-line-bivolt\/#breadcrumb","itemListElement":[{"@type":"ListItem","position":1,"name":"In\u00edcio","item":"https:\/\/ciavento.com.br\/2024\/"},{"@type":"ListItem","position":2,"name":"Linha de Produtos","item":"https:\/\/ciavento.com.br\/2024\/shop\/"},{"@type":"ListItem","position":3,"name":"Microventilador Linear Ventisilva Line Bivolt"}]},{"@type":"WebSite","@id":"https:\/\/ciavento.com.br\/2024\/#website","url":"https:\/\/ciavento.com.br\/2024\/","name":"Cia do Vento","description":"VENTILADORES \u00b7 Ver VENTILADORES \u00b7 Ventiladores de Parede \u00b7 Ventiladores de Coluna \u00b7 Ventiladores de Mesa \u00b7 Ventiladores de Teto \u00b7 Circuladores de Ar.","publisher":{"@id":"https:\/\/ciavento.com.br\/2024\/#organization"},"potentialAction":[{"@type":"SearchAction","target":{"@type":"EntryPoint","urlTemplate":"https:\/\/ciavento.com.br\/2024\/?s={search_term_string}"},"query-input":"required name=search_term_string"}],"inLanguage":"pt-BR"},{"@type":"Organization","@id":"https:\/\/ciavento.com.br\/2024\/#organization","name":"Cia do Vento","url":"https:\/\/ciavento.com.br\/2024\/","logo":{"@type":"ImageObject","inLanguage":"pt-BR","@id":"https:\/\/ciavento.com.br\/2024\/#\/schema\/logo\/image\/","url":"https:\/\/ciavento.com.br\/2024\/wp-content\/uploads\/2023\/09\/logo-22.jpg","contentUrl":"https:\/\/ciavento.com.br\/2024\/wp-content\/uploads\/2023\/09\/logo-22.jpg","width":1280,"height":617,"caption":"Cia do Vento"},"image":{"@id":"https:\/\/ciavento.com.br\/2024\/#\/schema\/logo\/image\/"}}]}},"_links":{"self":[{"href":"https:\/\/ciavento.com.br\/2024\/wp-json\/wp\/v2\/product\/3477"}],"collection":[{"href":"https:\/\/ciavento.com.br\/2024\/wp-json\/wp\/v2\/product"}],"about":[{"href":"https:\/\/ciavento.com.br\/2024\/wp-json\/wp\/v2\/types\/product"}],"wp:featuredmedia":[{"embeddable":true,"href":"https:\/\/ciavento.com.br\/2024\/wp-json\/wp\/v2\/media\/3478"}],"wp:attachment":[{"href":"https:\/\/ciavento.com.br\/2024\/wp-json\/wp\/v2\/media?parent=3477"}],"curies":[{"name":"wp","href":"https:\/\/api.w.org\/{rel}","templated":true}]}}