{"id":3503,"date":"2022-09-28T17:20:04","date_gmt":"2022-09-28T20:20:04","guid":{"rendered":"https:\/\/ciavento.com.br\/2024\/?post_type=product&#038;p=3503"},"modified":"2022-09-28T17:20:04","modified_gmt":"2022-09-28T20:20:04","slug":"microventilador-cooler-qualitas-q-160-a3-bivolt-162-x-162-x-55-mm","status":"publish","type":"product","link":"https:\/\/ciavento.com.br\/2024\/produto\/microventiladores\/qualitas-microventiladores\/microventilador-cooler-qualitas-q-160-a3-bivolt-162-x-162-x-55-mm\/","title":{"rendered":"Microventilador (Cooler) Qualitas Q 160 A3 Bivolt (162 x 162 x 55 mm)"},"content":{"rendered":"","protected":false},"excerpt":{"rendered":"<p>&#8211; MICRO VENTILADOR AXIAL;<br \/>\n&#8211; DIMENS\u00c3O 162 x 162 x 55 mm;<br \/>\n&#8211; BIVOLT;<br \/>\n&#8211; ROTA\u00c7\u00c3O 3440 RPM;<br \/>\n&#8211; POT\u00caNCIA 47 W;<br \/>\n&#8211; VAZ\u00c3O 110 LITROS\/SEGUNDO;<br \/>\n&#8211; CARCA\u00c7A EM NYLON;<br \/>\n&#8211; N\u00cdVEL DE RU\u00cdDO 82 DBA;<br \/>\n&#8211; 110\/220 VOLTS;<br \/>\n&#8211; MODELO Q 160 A3;<br \/>\n&#8211; MARCA QUALITAS<\/p>\n","protected":false},"featured_media":3504,"template":"","meta":[],"yoast_head":"<!-- This site is optimized with the Yoast SEO plugin v20.0 - https:\/\/yoast.com\/wordpress\/plugins\/seo\/ -->\n<title>Microventilador (Cooler) Qualitas Q 160 A3 Bivolt (162 x 162 x 55 mm) - Cia do Vento<\/title>\n<meta name=\"robots\" content=\"index, follow, max-snippet:-1, max-image-preview:large, max-video-preview:-1\" \/>\n<link rel=\"canonical\" href=\"https:\/\/ciavento.com.br\/2024\/produto\/microventiladores\/qualitas-microventiladores\/microventilador-cooler-qualitas-q-160-a3-bivolt-162-x-162-x-55-mm\/\" \/>\n<meta property=\"og:locale\" content=\"pt_BR\" \/>\n<meta property=\"og:type\" content=\"article\" \/>\n<meta property=\"og:title\" content=\"Microventilador (Cooler) Qualitas Q 160 A3 Bivolt (162 x 162 x 55 mm) - Cia do Vento\" \/>\n<meta property=\"og:description\" content=\"- MICRO VENTILADOR AXIAL; - DIMENS\u00c3O 162 x 162 x 55 mm; - BIVOLT; - ROTA\u00c7\u00c3O 3440 RPM; - POT\u00caNCIA 47 W; - VAZ\u00c3O 110 LITROS\/SEGUNDO; - CARCA\u00c7A EM NYLON; - N\u00cdVEL DE RU\u00cdDO 82 DBA; - 110\/220 VOLTS; - MODELO Q 160 A3; - MARCA QUALITAS\" \/>\n<meta property=\"og:url\" content=\"https:\/\/ciavento.com.br\/2024\/produto\/microventiladores\/qualitas-microventiladores\/microventilador-cooler-qualitas-q-160-a3-bivolt-162-x-162-x-55-mm\/\" \/>\n<meta property=\"og:site_name\" content=\"Cia do Vento\" \/>\n<meta property=\"og:image\" content=\"https:\/\/ciavento.com.br\/2024\/wp-content\/uploads\/2022\/09\/Microventilador-Cooler-Qualitas-Q-160-A3-Bivolt-162-x-162-x-55-mm.jpg\" \/>\n\t<meta property=\"og:image:width\" content=\"766\" \/>\n\t<meta property=\"og:image:height\" content=\"778\" \/>\n\t<meta property=\"og:image:type\" content=\"image\/jpeg\" \/>\n<meta name=\"twitter:card\" content=\"summary_large_image\" \/>\n<script type=\"application\/ld+json\" class=\"yoast-schema-graph\">{\"@context\":\"https:\/\/schema.org\",\"@graph\":[{\"@type\":\"WebPage\",\"@id\":\"https:\/\/ciavento.com.br\/2024\/produto\/microventiladores\/qualitas-microventiladores\/microventilador-cooler-qualitas-q-160-a3-bivolt-162-x-162-x-55-mm\/\",\"url\":\"https:\/\/ciavento.com.br\/2024\/produto\/microventiladores\/qualitas-microventiladores\/microventilador-cooler-qualitas-q-160-a3-bivolt-162-x-162-x-55-mm\/\",\"name\":\"Microventilador (Cooler) Qualitas Q 160 A3 Bivolt (162 x 162 x 55 mm) - Cia do Vento\",\"isPartOf\":{\"@id\":\"https:\/\/ciavento.com.br\/2024\/#website\"},\"datePublished\":\"2022-09-28T20:20:04+00:00\",\"dateModified\":\"2022-09-28T20:20:04+00:00\",\"breadcrumb\":{\"@id\":\"https:\/\/ciavento.com.br\/2024\/produto\/microventiladores\/qualitas-microventiladores\/microventilador-cooler-qualitas-q-160-a3-bivolt-162-x-162-x-55-mm\/#breadcrumb\"},\"inLanguage\":\"pt-BR\",\"potentialAction\":[{\"@type\":\"ReadAction\",\"target\":[\"https:\/\/ciavento.com.br\/2024\/produto\/microventiladores\/qualitas-microventiladores\/microventilador-cooler-qualitas-q-160-a3-bivolt-162-x-162-x-55-mm\/\"]}]},{\"@type\":\"BreadcrumbList\",\"@id\":\"https:\/\/ciavento.com.br\/2024\/produto\/microventiladores\/qualitas-microventiladores\/microventilador-cooler-qualitas-q-160-a3-bivolt-162-x-162-x-55-mm\/#breadcrumb\",\"itemListElement\":[{\"@type\":\"ListItem\",\"position\":1,\"name\":\"In\u00edcio\",\"item\":\"https:\/\/ciavento.com.br\/2024\/\"},{\"@type\":\"ListItem\",\"position\":2,\"name\":\"Linha de Produtos\",\"item\":\"https:\/\/ciavento.com.br\/2024\/shop\/\"},{\"@type\":\"ListItem\",\"position\":3,\"name\":\"Microventilador (Cooler) Qualitas Q 160 A3 Bivolt (162 x 162 x 55 mm)\"}]},{\"@type\":\"WebSite\",\"@id\":\"https:\/\/ciavento.com.br\/2024\/#website\",\"url\":\"https:\/\/ciavento.com.br\/2024\/\",\"name\":\"Cia do Vento\",\"description\":\"VENTILADORES \u00b7 Ver VENTILADORES \u00b7 Ventiladores de Parede \u00b7 Ventiladores de Coluna \u00b7 Ventiladores de Mesa \u00b7 Ventiladores de Teto \u00b7 Circuladores de Ar.\",\"publisher\":{\"@id\":\"https:\/\/ciavento.com.br\/2024\/#organization\"},\"potentialAction\":[{\"@type\":\"SearchAction\",\"target\":{\"@type\":\"EntryPoint\",\"urlTemplate\":\"https:\/\/ciavento.com.br\/2024\/?s={search_term_string}\"},\"query-input\":\"required name=search_term_string\"}],\"inLanguage\":\"pt-BR\"},{\"@type\":\"Organization\",\"@id\":\"https:\/\/ciavento.com.br\/2024\/#organization\",\"name\":\"Cia do Vento\",\"url\":\"https:\/\/ciavento.com.br\/2024\/\",\"logo\":{\"@type\":\"ImageObject\",\"inLanguage\":\"pt-BR\",\"@id\":\"https:\/\/ciavento.com.br\/2024\/#\/schema\/logo\/image\/\",\"url\":\"https:\/\/ciavento.com.br\/2024\/wp-content\/uploads\/2023\/09\/logo-22.jpg\",\"contentUrl\":\"https:\/\/ciavento.com.br\/2024\/wp-content\/uploads\/2023\/09\/logo-22.jpg\",\"width\":1280,\"height\":617,\"caption\":\"Cia do Vento\"},\"image\":{\"@id\":\"https:\/\/ciavento.com.br\/2024\/#\/schema\/logo\/image\/\"}}]}<\/script>\n<!-- \/ Yoast SEO plugin. -->","yoast_head_json":{"title":"Microventilador (Cooler) Qualitas Q 160 A3 Bivolt (162 x 162 x 55 mm) - Cia do Vento","robots":{"index":"index","follow":"follow","max-snippet":"max-snippet:-1","max-image-preview":"max-image-preview:large","max-video-preview":"max-video-preview:-1"},"canonical":"https:\/\/ciavento.com.br\/2024\/produto\/microventiladores\/qualitas-microventiladores\/microventilador-cooler-qualitas-q-160-a3-bivolt-162-x-162-x-55-mm\/","og_locale":"pt_BR","og_type":"article","og_title":"Microventilador (Cooler) Qualitas Q 160 A3 Bivolt (162 x 162 x 55 mm) - Cia do Vento","og_description":"- MICRO VENTILADOR AXIAL; - DIMENS\u00c3O 162 x 162 x 55 mm; - BIVOLT; - ROTA\u00c7\u00c3O 3440 RPM; - POT\u00caNCIA 47 W; - VAZ\u00c3O 110 LITROS\/SEGUNDO; - CARCA\u00c7A EM NYLON; - N\u00cdVEL DE RU\u00cdDO 82 DBA; - 110\/220 VOLTS; - MODELO Q 160 A3; - MARCA QUALITAS","og_url":"https:\/\/ciavento.com.br\/2024\/produto\/microventiladores\/qualitas-microventiladores\/microventilador-cooler-qualitas-q-160-a3-bivolt-162-x-162-x-55-mm\/","og_site_name":"Cia do Vento","og_image":[{"width":766,"height":778,"url":"https:\/\/ciavento.com.br\/2024\/wp-content\/uploads\/2022\/09\/Microventilador-Cooler-Qualitas-Q-160-A3-Bivolt-162-x-162-x-55-mm.jpg","type":"image\/jpeg"}],"twitter_card":"summary_large_image","schema":{"@context":"https:\/\/schema.org","@graph":[{"@type":"WebPage","@id":"https:\/\/ciavento.com.br\/2024\/produto\/microventiladores\/qualitas-microventiladores\/microventilador-cooler-qualitas-q-160-a3-bivolt-162-x-162-x-55-mm\/","url":"https:\/\/ciavento.com.br\/2024\/produto\/microventiladores\/qualitas-microventiladores\/microventilador-cooler-qualitas-q-160-a3-bivolt-162-x-162-x-55-mm\/","name":"Microventilador (Cooler) Qualitas Q 160 A3 Bivolt (162 x 162 x 55 mm) - Cia do Vento","isPartOf":{"@id":"https:\/\/ciavento.com.br\/2024\/#website"},"datePublished":"2022-09-28T20:20:04+00:00","dateModified":"2022-09-28T20:20:04+00:00","breadcrumb":{"@id":"https:\/\/ciavento.com.br\/2024\/produto\/microventiladores\/qualitas-microventiladores\/microventilador-cooler-qualitas-q-160-a3-bivolt-162-x-162-x-55-mm\/#breadcrumb"},"inLanguage":"pt-BR","potentialAction":[{"@type":"ReadAction","target":["https:\/\/ciavento.com.br\/2024\/produto\/microventiladores\/qualitas-microventiladores\/microventilador-cooler-qualitas-q-160-a3-bivolt-162-x-162-x-55-mm\/"]}]},{"@type":"BreadcrumbList","@id":"https:\/\/ciavento.com.br\/2024\/produto\/microventiladores\/qualitas-microventiladores\/microventilador-cooler-qualitas-q-160-a3-bivolt-162-x-162-x-55-mm\/#breadcrumb","itemListElement":[{"@type":"ListItem","position":1,"name":"In\u00edcio","item":"https:\/\/ciavento.com.br\/2024\/"},{"@type":"ListItem","position":2,"name":"Linha de Produtos","item":"https:\/\/ciavento.com.br\/2024\/shop\/"},{"@type":"ListItem","position":3,"name":"Microventilador (Cooler) Qualitas Q 160 A3 Bivolt (162 x 162 x 55 mm)"}]},{"@type":"WebSite","@id":"https:\/\/ciavento.com.br\/2024\/#website","url":"https:\/\/ciavento.com.br\/2024\/","name":"Cia do Vento","description":"VENTILADORES \u00b7 Ver VENTILADORES \u00b7 Ventiladores de Parede \u00b7 Ventiladores de Coluna \u00b7 Ventiladores de Mesa \u00b7 Ventiladores de Teto \u00b7 Circuladores de Ar.","publisher":{"@id":"https:\/\/ciavento.com.br\/2024\/#organization"},"potentialAction":[{"@type":"SearchAction","target":{"@type":"EntryPoint","urlTemplate":"https:\/\/ciavento.com.br\/2024\/?s={search_term_string}"},"query-input":"required name=search_term_string"}],"inLanguage":"pt-BR"},{"@type":"Organization","@id":"https:\/\/ciavento.com.br\/2024\/#organization","name":"Cia do Vento","url":"https:\/\/ciavento.com.br\/2024\/","logo":{"@type":"ImageObject","inLanguage":"pt-BR","@id":"https:\/\/ciavento.com.br\/2024\/#\/schema\/logo\/image\/","url":"https:\/\/ciavento.com.br\/2024\/wp-content\/uploads\/2023\/09\/logo-22.jpg","contentUrl":"https:\/\/ciavento.com.br\/2024\/wp-content\/uploads\/2023\/09\/logo-22.jpg","width":1280,"height":617,"caption":"Cia do Vento"},"image":{"@id":"https:\/\/ciavento.com.br\/2024\/#\/schema\/logo\/image\/"}}]}},"_links":{"self":[{"href":"https:\/\/ciavento.com.br\/2024\/wp-json\/wp\/v2\/product\/3503"}],"collection":[{"href":"https:\/\/ciavento.com.br\/2024\/wp-json\/wp\/v2\/product"}],"about":[{"href":"https:\/\/ciavento.com.br\/2024\/wp-json\/wp\/v2\/types\/product"}],"wp:featuredmedia":[{"embeddable":true,"href":"https:\/\/ciavento.com.br\/2024\/wp-json\/wp\/v2\/media\/3504"}],"wp:attachment":[{"href":"https:\/\/ciavento.com.br\/2024\/wp-json\/wp\/v2\/media?parent=3503"}],"curies":[{"name":"wp","href":"https:\/\/api.w.org\/{rel}","templated":true}]}}