{"id":3611,"date":"2022-09-29T15:53:56","date_gmt":"2022-09-29T18:53:56","guid":{"rendered":"https:\/\/ciavento.com.br\/2024\/?post_type=product&#038;p=3611"},"modified":"2022-09-29T15:53:56","modified_gmt":"2022-09-29T18:53:56","slug":"exaustor-centrifugo-jupter-radial","status":"publish","type":"product","link":"https:\/\/ciavento.com.br\/2024\/produto\/exaustores\/exaustores-centrifugos\/exaustor-centrifugo-jupter-radial\/","title":{"rendered":"Exaustor Centrifugo Jupter Radial"},"content":{"rendered":"","protected":false},"excerpt":{"rendered":"<ul>\n<li>Ideal para ventila\u00e7\u00e3o ou exaust\u00e3o<\/li>\n<li>Aplicado em laborat\u00f3rios, lavabos, bal\u00f5es infl\u00e1veis promocionais, bancadas de solda, etc.<\/li>\n<li>Carca\u00e7a em material Pl\u00e1stico Resistente<\/li>\n<li>Rotores de alum\u00ednio fundido Radial ou Siroco<\/li>\n<li>Monof\u00e1sico ou Trif\u00e1sico<\/li>\n<\/ul>\n<p>Dimens\u00e3o 150&#215;100<\/p>\n<p>Potencia 1\/2<\/p>\n<p>Rota\u00e7\u00e3o 3500<\/p>\n<p>Vaz\u00e3o 19,6<\/p>\n<p>Press\u00e3o 75<\/p>\n<p>Ruido 80<\/p>\n","protected":false},"featured_media":3612,"template":"","meta":[],"yoast_head":"<!-- This site is optimized with the Yoast SEO plugin v20.0 - https:\/\/yoast.com\/wordpress\/plugins\/seo\/ -->\n<title>Exaustor Centrifugo Jupter Radial - Cia do Vento<\/title>\n<meta name=\"robots\" content=\"index, follow, max-snippet:-1, max-image-preview:large, max-video-preview:-1\" \/>\n<link rel=\"canonical\" href=\"https:\/\/ciavento.com.br\/2024\/produto\/exaustores\/exaustores-centrifugos\/exaustor-centrifugo-jupter-radial\/\" \/>\n<meta property=\"og:locale\" content=\"pt_BR\" \/>\n<meta property=\"og:type\" content=\"article\" \/>\n<meta property=\"og:title\" content=\"Exaustor Centrifugo Jupter Radial - Cia do Vento\" \/>\n<meta property=\"og:description\" content=\"Ideal para ventila\u00e7\u00e3o ou exaust\u00e3o  Aplicado em laborat\u00f3rios, lavabos, bal\u00f5es infl\u00e1veis promocionais, bancadas de solda, etc.  Carca\u00e7a em material Pl\u00e1stico Resistente  Rotores de alum\u00ednio fundido Radial ou Siroco  Monof\u00e1sico ou Trif\u00e1sico  Dimens\u00e3o 150x100  Potencia 1\/2  Rota\u00e7\u00e3o 3500  Vaz\u00e3o 19,6  Press\u00e3o 75  Ruido 80\" \/>\n<meta property=\"og:url\" content=\"https:\/\/ciavento.com.br\/2024\/produto\/exaustores\/exaustores-centrifugos\/exaustor-centrifugo-jupter-radial\/\" \/>\n<meta property=\"og:site_name\" content=\"Cia do Vento\" \/>\n<meta property=\"og:image\" content=\"https:\/\/ciavento.com.br\/2024\/wp-content\/uploads\/2022\/09\/j\u00fapter.jpg\" \/>\n\t<meta property=\"og:image:width\" content=\"800\" \/>\n\t<meta property=\"og:image:height\" content=\"804\" \/>\n\t<meta property=\"og:image:type\" content=\"image\/jpeg\" \/>\n<meta name=\"twitter:card\" content=\"summary_large_image\" \/>\n<script type=\"application\/ld+json\" class=\"yoast-schema-graph\">{\"@context\":\"https:\/\/schema.org\",\"@graph\":[{\"@type\":\"WebPage\",\"@id\":\"https:\/\/ciavento.com.br\/2024\/produto\/exaustores\/exaustores-centrifugos\/exaustor-centrifugo-jupter-radial\/\",\"url\":\"https:\/\/ciavento.com.br\/2024\/produto\/exaustores\/exaustores-centrifugos\/exaustor-centrifugo-jupter-radial\/\",\"name\":\"Exaustor Centrifugo Jupter Radial - Cia do Vento\",\"isPartOf\":{\"@id\":\"https:\/\/ciavento.com.br\/2024\/#website\"},\"datePublished\":\"2022-09-29T18:53:56+00:00\",\"dateModified\":\"2022-09-29T18:53:56+00:00\",\"breadcrumb\":{\"@id\":\"https:\/\/ciavento.com.br\/2024\/produto\/exaustores\/exaustores-centrifugos\/exaustor-centrifugo-jupter-radial\/#breadcrumb\"},\"inLanguage\":\"pt-BR\",\"potentialAction\":[{\"@type\":\"ReadAction\",\"target\":[\"https:\/\/ciavento.com.br\/2024\/produto\/exaustores\/exaustores-centrifugos\/exaustor-centrifugo-jupter-radial\/\"]}]},{\"@type\":\"BreadcrumbList\",\"@id\":\"https:\/\/ciavento.com.br\/2024\/produto\/exaustores\/exaustores-centrifugos\/exaustor-centrifugo-jupter-radial\/#breadcrumb\",\"itemListElement\":[{\"@type\":\"ListItem\",\"position\":1,\"name\":\"In\u00edcio\",\"item\":\"https:\/\/ciavento.com.br\/2024\/\"},{\"@type\":\"ListItem\",\"position\":2,\"name\":\"Linha de Produtos\",\"item\":\"https:\/\/ciavento.com.br\/2024\/shop\/\"},{\"@type\":\"ListItem\",\"position\":3,\"name\":\"Exaustor Centrifugo Jupter Radial\"}]},{\"@type\":\"WebSite\",\"@id\":\"https:\/\/ciavento.com.br\/2024\/#website\",\"url\":\"https:\/\/ciavento.com.br\/2024\/\",\"name\":\"Cia do Vento\",\"description\":\"VENTILADORES \u00b7 Ver VENTILADORES \u00b7 Ventiladores de Parede \u00b7 Ventiladores de Coluna \u00b7 Ventiladores de Mesa \u00b7 Ventiladores de Teto \u00b7 Circuladores de Ar.\",\"publisher\":{\"@id\":\"https:\/\/ciavento.com.br\/2024\/#organization\"},\"potentialAction\":[{\"@type\":\"SearchAction\",\"target\":{\"@type\":\"EntryPoint\",\"urlTemplate\":\"https:\/\/ciavento.com.br\/2024\/?s={search_term_string}\"},\"query-input\":\"required name=search_term_string\"}],\"inLanguage\":\"pt-BR\"},{\"@type\":\"Organization\",\"@id\":\"https:\/\/ciavento.com.br\/2024\/#organization\",\"name\":\"Cia do Vento\",\"url\":\"https:\/\/ciavento.com.br\/2024\/\",\"logo\":{\"@type\":\"ImageObject\",\"inLanguage\":\"pt-BR\",\"@id\":\"https:\/\/ciavento.com.br\/2024\/#\/schema\/logo\/image\/\",\"url\":\"https:\/\/ciavento.com.br\/2024\/wp-content\/uploads\/2023\/09\/logo-22.jpg\",\"contentUrl\":\"https:\/\/ciavento.com.br\/2024\/wp-content\/uploads\/2023\/09\/logo-22.jpg\",\"width\":1280,\"height\":617,\"caption\":\"Cia do Vento\"},\"image\":{\"@id\":\"https:\/\/ciavento.com.br\/2024\/#\/schema\/logo\/image\/\"}}]}<\/script>\n<!-- \/ Yoast SEO plugin. -->","yoast_head_json":{"title":"Exaustor Centrifugo Jupter Radial - Cia do Vento","robots":{"index":"index","follow":"follow","max-snippet":"max-snippet:-1","max-image-preview":"max-image-preview:large","max-video-preview":"max-video-preview:-1"},"canonical":"https:\/\/ciavento.com.br\/2024\/produto\/exaustores\/exaustores-centrifugos\/exaustor-centrifugo-jupter-radial\/","og_locale":"pt_BR","og_type":"article","og_title":"Exaustor Centrifugo Jupter Radial - Cia do Vento","og_description":"Ideal para ventila\u00e7\u00e3o ou exaust\u00e3o  Aplicado em laborat\u00f3rios, lavabos, bal\u00f5es infl\u00e1veis promocionais, bancadas de solda, etc.  Carca\u00e7a em material Pl\u00e1stico Resistente  Rotores de alum\u00ednio fundido Radial ou Siroco  Monof\u00e1sico ou Trif\u00e1sico  Dimens\u00e3o 150x100  Potencia 1\/2  Rota\u00e7\u00e3o 3500  Vaz\u00e3o 19,6  Press\u00e3o 75  Ruido 80","og_url":"https:\/\/ciavento.com.br\/2024\/produto\/exaustores\/exaustores-centrifugos\/exaustor-centrifugo-jupter-radial\/","og_site_name":"Cia do Vento","og_image":[{"width":800,"height":804,"url":"https:\/\/ciavento.com.br\/2024\/wp-content\/uploads\/2022\/09\/j\u00fapter.jpg","type":"image\/jpeg"}],"twitter_card":"summary_large_image","schema":{"@context":"https:\/\/schema.org","@graph":[{"@type":"WebPage","@id":"https:\/\/ciavento.com.br\/2024\/produto\/exaustores\/exaustores-centrifugos\/exaustor-centrifugo-jupter-radial\/","url":"https:\/\/ciavento.com.br\/2024\/produto\/exaustores\/exaustores-centrifugos\/exaustor-centrifugo-jupter-radial\/","name":"Exaustor Centrifugo Jupter Radial - Cia do Vento","isPartOf":{"@id":"https:\/\/ciavento.com.br\/2024\/#website"},"datePublished":"2022-09-29T18:53:56+00:00","dateModified":"2022-09-29T18:53:56+00:00","breadcrumb":{"@id":"https:\/\/ciavento.com.br\/2024\/produto\/exaustores\/exaustores-centrifugos\/exaustor-centrifugo-jupter-radial\/#breadcrumb"},"inLanguage":"pt-BR","potentialAction":[{"@type":"ReadAction","target":["https:\/\/ciavento.com.br\/2024\/produto\/exaustores\/exaustores-centrifugos\/exaustor-centrifugo-jupter-radial\/"]}]},{"@type":"BreadcrumbList","@id":"https:\/\/ciavento.com.br\/2024\/produto\/exaustores\/exaustores-centrifugos\/exaustor-centrifugo-jupter-radial\/#breadcrumb","itemListElement":[{"@type":"ListItem","position":1,"name":"In\u00edcio","item":"https:\/\/ciavento.com.br\/2024\/"},{"@type":"ListItem","position":2,"name":"Linha de Produtos","item":"https:\/\/ciavento.com.br\/2024\/shop\/"},{"@type":"ListItem","position":3,"name":"Exaustor Centrifugo Jupter Radial"}]},{"@type":"WebSite","@id":"https:\/\/ciavento.com.br\/2024\/#website","url":"https:\/\/ciavento.com.br\/2024\/","name":"Cia do Vento","description":"VENTILADORES \u00b7 Ver VENTILADORES \u00b7 Ventiladores de Parede \u00b7 Ventiladores de Coluna \u00b7 Ventiladores de Mesa \u00b7 Ventiladores de Teto \u00b7 Circuladores de Ar.","publisher":{"@id":"https:\/\/ciavento.com.br\/2024\/#organization"},"potentialAction":[{"@type":"SearchAction","target":{"@type":"EntryPoint","urlTemplate":"https:\/\/ciavento.com.br\/2024\/?s={search_term_string}"},"query-input":"required name=search_term_string"}],"inLanguage":"pt-BR"},{"@type":"Organization","@id":"https:\/\/ciavento.com.br\/2024\/#organization","name":"Cia do Vento","url":"https:\/\/ciavento.com.br\/2024\/","logo":{"@type":"ImageObject","inLanguage":"pt-BR","@id":"https:\/\/ciavento.com.br\/2024\/#\/schema\/logo\/image\/","url":"https:\/\/ciavento.com.br\/2024\/wp-content\/uploads\/2023\/09\/logo-22.jpg","contentUrl":"https:\/\/ciavento.com.br\/2024\/wp-content\/uploads\/2023\/09\/logo-22.jpg","width":1280,"height":617,"caption":"Cia do Vento"},"image":{"@id":"https:\/\/ciavento.com.br\/2024\/#\/schema\/logo\/image\/"}}]}},"_links":{"self":[{"href":"https:\/\/ciavento.com.br\/2024\/wp-json\/wp\/v2\/product\/3611"}],"collection":[{"href":"https:\/\/ciavento.com.br\/2024\/wp-json\/wp\/v2\/product"}],"about":[{"href":"https:\/\/ciavento.com.br\/2024\/wp-json\/wp\/v2\/types\/product"}],"wp:featuredmedia":[{"embeddable":true,"href":"https:\/\/ciavento.com.br\/2024\/wp-json\/wp\/v2\/media\/3612"}],"wp:attachment":[{"href":"https:\/\/ciavento.com.br\/2024\/wp-json\/wp\/v2\/media?parent=3611"}],"curies":[{"name":"wp","href":"https:\/\/api.w.org\/{rel}","templated":true}]}}