{"id":3635,"date":"2022-09-30T10:48:04","date_gmt":"2022-09-30T13:48:04","guid":{"rendered":"https:\/\/ciavento.com.br\/2024\/?post_type=product&#038;p=3635"},"modified":"2022-09-30T10:48:04","modified_gmt":"2022-09-30T13:48:04","slug":"climatizador-60cm-parede-atenas","status":"publish","type":"product","link":"https:\/\/ciavento.com.br\/2024\/produto\/climatizadores\/climatizadores-de-parede\/climatizador-60cm-parede-atenas\/","title":{"rendered":"Climatizador 60cm Parede Atenas"},"content":{"rendered":"","protected":false},"excerpt":{"rendered":"<p>O climatizador Atenas Goar \u00e9 um equipamento desenvolvido para resfriar ambientes abertos, ou com troca de ar, atrav\u00e9s do sistema de aspers\u00e3o de neblina. As micropart\u00edculas de \u00e1gua evaporam, climatizando um ambiente de at\u00e9 80m\u00b2.<\/p>\n<p>Ele vem acoplado ao j\u00e1 consagrado Ventilador 60 cm Goar, ou seja, um produto 2 em 1! Trabalhando tanto como ventilador, quanto climatizador,\u00a0apresentando desempenho de ponta.<\/p>\n<p>Ele est\u00e1 dispon\u00edvel nas vers\u00f5es parede ou coluna, sendo indicado para uso em f\u00e1bricas de pequeno, m\u00e9dio e grande porte, al\u00e9m de ambientes com grande circula\u00e7\u00e3o de pessoas, como escolas, academias, com\u00e9rcios, grandes eventos, etc.<\/p>\n<div>O climatizador Atenas Goar possui chave gradual de regulagem de velocidade e do volume de n\u00e9voa, dando mais comodidade ao seu uso.<\/div>\n<p>O consumo de \u00e1gua, em sua vaz\u00e3o m\u00e1xima \u00e9 de at\u00e9 6 litros por hora.<\/p>\n<p>Mais silencioso.<\/p>\n<p><strong>Produto 100% fabricado no Brasil<\/strong>, garantindo mais efici\u00eancia e qualidade.<\/p>\n","protected":false},"featured_media":3636,"template":"","meta":[],"yoast_head":"<!-- This site is optimized with the Yoast SEO plugin v20.0 - https:\/\/yoast.com\/wordpress\/plugins\/seo\/ -->\n<title>Climatizador 60cm Parede Atenas - Cia do Vento<\/title>\n<meta name=\"robots\" content=\"index, follow, max-snippet:-1, max-image-preview:large, max-video-preview:-1\" \/>\n<link rel=\"canonical\" href=\"https:\/\/ciavento.com.br\/2024\/produto\/climatizadores\/climatizadores-de-parede\/climatizador-60cm-parede-atenas\/\" \/>\n<meta property=\"og:locale\" content=\"pt_BR\" \/>\n<meta property=\"og:type\" content=\"article\" \/>\n<meta property=\"og:title\" content=\"Climatizador 60cm Parede Atenas - Cia do Vento\" \/>\n<meta property=\"og:description\" content=\"O climatizador Atenas Goar \u00e9 um equipamento desenvolvido para resfriar ambientes abertos, ou com troca de ar, atrav\u00e9s do sistema de aspers\u00e3o de neblina. As micropart\u00edculas de \u00e1gua evaporam, climatizando um ambiente de at\u00e9 80m\u00b2.  Ele vem acoplado ao j\u00e1 consagrado Ventilador 60 cm Goar, ou seja, um produto 2 em 1! Trabalhando tanto como ventilador, quanto climatizador,\u00a0apresentando desempenho de ponta.  Ele est\u00e1 dispon\u00edvel nas vers\u00f5es parede ou coluna, sendo indicado para uso em f\u00e1bricas de pequeno, m\u00e9dio e grande porte, al\u00e9m de ambientes com grande circula\u00e7\u00e3o de pessoas, como escolas, academias, com\u00e9rcios, grandes eventos, etc. O climatizador Atenas Goar possui chave gradual de regulagem de velocidade e do volume de n\u00e9voa, dando mais comodidade ao seu uso. O consumo de \u00e1gua, em sua vaz\u00e3o m\u00e1xima \u00e9 de at\u00e9 6 litros por hora.  Mais silencioso.  Produto 100% fabricado no Brasil, garantindo mais efici\u00eancia e qualidade.\" \/>\n<meta property=\"og:url\" content=\"https:\/\/ciavento.com.br\/2024\/produto\/climatizadores\/climatizadores-de-parede\/climatizador-60cm-parede-atenas\/\" \/>\n<meta property=\"og:site_name\" content=\"Cia do Vento\" \/>\n<meta property=\"og:image\" content=\"https:\/\/ciavento.com.br\/2024\/wp-content\/uploads\/2022\/09\/Goar-Atenas.jpg\" \/>\n\t<meta property=\"og:image:width\" content=\"804\" \/>\n\t<meta property=\"og:image:height\" content=\"804\" \/>\n\t<meta property=\"og:image:type\" content=\"image\/jpeg\" \/>\n<meta name=\"twitter:card\" content=\"summary_large_image\" \/>\n<script type=\"application\/ld+json\" class=\"yoast-schema-graph\">{\"@context\":\"https:\/\/schema.org\",\"@graph\":[{\"@type\":\"WebPage\",\"@id\":\"https:\/\/ciavento.com.br\/2024\/produto\/climatizadores\/climatizadores-de-parede\/climatizador-60cm-parede-atenas\/\",\"url\":\"https:\/\/ciavento.com.br\/2024\/produto\/climatizadores\/climatizadores-de-parede\/climatizador-60cm-parede-atenas\/\",\"name\":\"Climatizador 60cm Parede Atenas - Cia do Vento\",\"isPartOf\":{\"@id\":\"https:\/\/ciavento.com.br\/2024\/#website\"},\"datePublished\":\"2022-09-30T13:48:04+00:00\",\"dateModified\":\"2022-09-30T13:48:04+00:00\",\"breadcrumb\":{\"@id\":\"https:\/\/ciavento.com.br\/2024\/produto\/climatizadores\/climatizadores-de-parede\/climatizador-60cm-parede-atenas\/#breadcrumb\"},\"inLanguage\":\"pt-BR\",\"potentialAction\":[{\"@type\":\"ReadAction\",\"target\":[\"https:\/\/ciavento.com.br\/2024\/produto\/climatizadores\/climatizadores-de-parede\/climatizador-60cm-parede-atenas\/\"]}]},{\"@type\":\"BreadcrumbList\",\"@id\":\"https:\/\/ciavento.com.br\/2024\/produto\/climatizadores\/climatizadores-de-parede\/climatizador-60cm-parede-atenas\/#breadcrumb\",\"itemListElement\":[{\"@type\":\"ListItem\",\"position\":1,\"name\":\"In\u00edcio\",\"item\":\"https:\/\/ciavento.com.br\/2024\/\"},{\"@type\":\"ListItem\",\"position\":2,\"name\":\"Linha de Produtos\",\"item\":\"https:\/\/ciavento.com.br\/2024\/shop\/\"},{\"@type\":\"ListItem\",\"position\":3,\"name\":\"Climatizador 60cm Parede Atenas\"}]},{\"@type\":\"WebSite\",\"@id\":\"https:\/\/ciavento.com.br\/2024\/#website\",\"url\":\"https:\/\/ciavento.com.br\/2024\/\",\"name\":\"Cia do Vento\",\"description\":\"VENTILADORES \u00b7 Ver VENTILADORES \u00b7 Ventiladores de Parede \u00b7 Ventiladores de Coluna \u00b7 Ventiladores de Mesa \u00b7 Ventiladores de Teto \u00b7 Circuladores de Ar.\",\"publisher\":{\"@id\":\"https:\/\/ciavento.com.br\/2024\/#organization\"},\"potentialAction\":[{\"@type\":\"SearchAction\",\"target\":{\"@type\":\"EntryPoint\",\"urlTemplate\":\"https:\/\/ciavento.com.br\/2024\/?s={search_term_string}\"},\"query-input\":\"required name=search_term_string\"}],\"inLanguage\":\"pt-BR\"},{\"@type\":\"Organization\",\"@id\":\"https:\/\/ciavento.com.br\/2024\/#organization\",\"name\":\"Cia do Vento\",\"url\":\"https:\/\/ciavento.com.br\/2024\/\",\"logo\":{\"@type\":\"ImageObject\",\"inLanguage\":\"pt-BR\",\"@id\":\"https:\/\/ciavento.com.br\/2024\/#\/schema\/logo\/image\/\",\"url\":\"https:\/\/ciavento.com.br\/2024\/wp-content\/uploads\/2023\/09\/logo-22.jpg\",\"contentUrl\":\"https:\/\/ciavento.com.br\/2024\/wp-content\/uploads\/2023\/09\/logo-22.jpg\",\"width\":1280,\"height\":617,\"caption\":\"Cia do Vento\"},\"image\":{\"@id\":\"https:\/\/ciavento.com.br\/2024\/#\/schema\/logo\/image\/\"}}]}<\/script>\n<!-- \/ Yoast SEO plugin. -->","yoast_head_json":{"title":"Climatizador 60cm Parede Atenas - Cia do Vento","robots":{"index":"index","follow":"follow","max-snippet":"max-snippet:-1","max-image-preview":"max-image-preview:large","max-video-preview":"max-video-preview:-1"},"canonical":"https:\/\/ciavento.com.br\/2024\/produto\/climatizadores\/climatizadores-de-parede\/climatizador-60cm-parede-atenas\/","og_locale":"pt_BR","og_type":"article","og_title":"Climatizador 60cm Parede Atenas - Cia do Vento","og_description":"O climatizador Atenas Goar \u00e9 um equipamento desenvolvido para resfriar ambientes abertos, ou com troca de ar, atrav\u00e9s do sistema de aspers\u00e3o de neblina. As micropart\u00edculas de \u00e1gua evaporam, climatizando um ambiente de at\u00e9 80m\u00b2.  Ele vem acoplado ao j\u00e1 consagrado Ventilador 60 cm Goar, ou seja, um produto 2 em 1! Trabalhando tanto como ventilador, quanto climatizador,\u00a0apresentando desempenho de ponta.  Ele est\u00e1 dispon\u00edvel nas vers\u00f5es parede ou coluna, sendo indicado para uso em f\u00e1bricas de pequeno, m\u00e9dio e grande porte, al\u00e9m de ambientes com grande circula\u00e7\u00e3o de pessoas, como escolas, academias, com\u00e9rcios, grandes eventos, etc. O climatizador Atenas Goar possui chave gradual de regulagem de velocidade e do volume de n\u00e9voa, dando mais comodidade ao seu uso. O consumo de \u00e1gua, em sua vaz\u00e3o m\u00e1xima \u00e9 de at\u00e9 6 litros por hora.  Mais silencioso.  Produto 100% fabricado no Brasil, garantindo mais efici\u00eancia e qualidade.","og_url":"https:\/\/ciavento.com.br\/2024\/produto\/climatizadores\/climatizadores-de-parede\/climatizador-60cm-parede-atenas\/","og_site_name":"Cia do Vento","og_image":[{"width":804,"height":804,"url":"https:\/\/ciavento.com.br\/2024\/wp-content\/uploads\/2022\/09\/Goar-Atenas.jpg","type":"image\/jpeg"}],"twitter_card":"summary_large_image","schema":{"@context":"https:\/\/schema.org","@graph":[{"@type":"WebPage","@id":"https:\/\/ciavento.com.br\/2024\/produto\/climatizadores\/climatizadores-de-parede\/climatizador-60cm-parede-atenas\/","url":"https:\/\/ciavento.com.br\/2024\/produto\/climatizadores\/climatizadores-de-parede\/climatizador-60cm-parede-atenas\/","name":"Climatizador 60cm Parede Atenas - Cia do Vento","isPartOf":{"@id":"https:\/\/ciavento.com.br\/2024\/#website"},"datePublished":"2022-09-30T13:48:04+00:00","dateModified":"2022-09-30T13:48:04+00:00","breadcrumb":{"@id":"https:\/\/ciavento.com.br\/2024\/produto\/climatizadores\/climatizadores-de-parede\/climatizador-60cm-parede-atenas\/#breadcrumb"},"inLanguage":"pt-BR","potentialAction":[{"@type":"ReadAction","target":["https:\/\/ciavento.com.br\/2024\/produto\/climatizadores\/climatizadores-de-parede\/climatizador-60cm-parede-atenas\/"]}]},{"@type":"BreadcrumbList","@id":"https:\/\/ciavento.com.br\/2024\/produto\/climatizadores\/climatizadores-de-parede\/climatizador-60cm-parede-atenas\/#breadcrumb","itemListElement":[{"@type":"ListItem","position":1,"name":"In\u00edcio","item":"https:\/\/ciavento.com.br\/2024\/"},{"@type":"ListItem","position":2,"name":"Linha de Produtos","item":"https:\/\/ciavento.com.br\/2024\/shop\/"},{"@type":"ListItem","position":3,"name":"Climatizador 60cm Parede Atenas"}]},{"@type":"WebSite","@id":"https:\/\/ciavento.com.br\/2024\/#website","url":"https:\/\/ciavento.com.br\/2024\/","name":"Cia do Vento","description":"VENTILADORES \u00b7 Ver VENTILADORES \u00b7 Ventiladores de Parede \u00b7 Ventiladores de Coluna \u00b7 Ventiladores de Mesa \u00b7 Ventiladores de Teto \u00b7 Circuladores de Ar.","publisher":{"@id":"https:\/\/ciavento.com.br\/2024\/#organization"},"potentialAction":[{"@type":"SearchAction","target":{"@type":"EntryPoint","urlTemplate":"https:\/\/ciavento.com.br\/2024\/?s={search_term_string}"},"query-input":"required name=search_term_string"}],"inLanguage":"pt-BR"},{"@type":"Organization","@id":"https:\/\/ciavento.com.br\/2024\/#organization","name":"Cia do Vento","url":"https:\/\/ciavento.com.br\/2024\/","logo":{"@type":"ImageObject","inLanguage":"pt-BR","@id":"https:\/\/ciavento.com.br\/2024\/#\/schema\/logo\/image\/","url":"https:\/\/ciavento.com.br\/2024\/wp-content\/uploads\/2023\/09\/logo-22.jpg","contentUrl":"https:\/\/ciavento.com.br\/2024\/wp-content\/uploads\/2023\/09\/logo-22.jpg","width":1280,"height":617,"caption":"Cia do Vento"},"image":{"@id":"https:\/\/ciavento.com.br\/2024\/#\/schema\/logo\/image\/"}}]}},"_links":{"self":[{"href":"https:\/\/ciavento.com.br\/2024\/wp-json\/wp\/v2\/product\/3635"}],"collection":[{"href":"https:\/\/ciavento.com.br\/2024\/wp-json\/wp\/v2\/product"}],"about":[{"href":"https:\/\/ciavento.com.br\/2024\/wp-json\/wp\/v2\/types\/product"}],"wp:featuredmedia":[{"embeddable":true,"href":"https:\/\/ciavento.com.br\/2024\/wp-json\/wp\/v2\/media\/3636"}],"wp:attachment":[{"href":"https:\/\/ciavento.com.br\/2024\/wp-json\/wp\/v2\/media?parent=3635"}],"curies":[{"name":"wp","href":"https:\/\/api.w.org\/{rel}","templated":true}]}}