{"id":3704,"date":"2022-10-04T15:33:04","date_gmt":"2022-10-04T18:33:04","guid":{"rendered":"https:\/\/ciavento.com.br\/2024\/?post_type=product&#038;p=3704"},"modified":"2022-10-04T15:33:04","modified_gmt":"2022-10-04T18:33:04","slug":"bebedouro-industrial-50l-resist-em-inox-com-2-torneiras","status":"publish","type":"product","link":"https:\/\/ciavento.com.br\/2024\/produto\/purificadores-e-bebedouros\/bebedouros-de-pressao\/bebedouro-industrial-50l-resist-em-inox-com-2-torneiras\/","title":{"rendered":"Bebedouro Industrial 50L RESIST em Inox com 2 Torneiras"},"content":{"rendered":"","protected":false},"excerpt":{"rendered":"<p>Capacidade de 50 Litros no reservat\u00f3rio.<br \/>\nAtende at\u00e9 60 pessoas\/hora.<br \/>\n02 torneiras\u00a0em\u00a0p.p injetado, alta resist\u00eancia e maior vaz\u00e3o.<br \/>\nAparador de \u00e1gua frontal\u00a0p.p injetado, alta resist\u00eancia e suporte com grade para retirada com garrafas.<br \/>\nCom revestimento externo em chapa de a\u00e7o inox.<br \/>\nReservat\u00f3rio de \u00e1gua em P.P ou a\u00e7o inox, alta resist\u00eancia, f\u00e1cil limpeza e material at\u00f4xico.<br \/>\nIsolamento t\u00e9rmico injetado em poliuretano expandido.<br \/>\nSerpentina interna em a\u00e7o inox 304.<br \/>\nG\u00e1s ecol\u00f3gico R 134 A.<br \/>\nMotor herm\u00e9tico.<br \/>\nTens\u00e3o 127v ou 220v.<br \/>\nBaixo consumo de energia.<br \/>\nRegulagem da temperatura da \u00e1gua.<br \/>\nPeso l\u00edquido aproximado do produto: 31.9 kg<\/p>\n<p>A qualidade de todos os componentes do produto \u00e9 atestado em laborat\u00f3rio e certificado\u00a0INMETRO.<\/p>\n","protected":false},"featured_media":3705,"template":"","meta":[],"yoast_head":"<!-- This site is optimized with the Yoast SEO plugin v20.0 - https:\/\/yoast.com\/wordpress\/plugins\/seo\/ -->\n<title>Bebedouro Industrial 50L RESIST em Inox com 2 Torneiras - Cia do Vento<\/title>\n<meta name=\"robots\" content=\"index, follow, max-snippet:-1, max-image-preview:large, max-video-preview:-1\" \/>\n<link rel=\"canonical\" href=\"https:\/\/ciavento.com.br\/2024\/produto\/purificadores-e-bebedouros\/bebedouros-de-pressao\/bebedouro-industrial-50l-resist-em-inox-com-2-torneiras\/\" \/>\n<meta property=\"og:locale\" content=\"pt_BR\" \/>\n<meta property=\"og:type\" content=\"article\" \/>\n<meta property=\"og:title\" content=\"Bebedouro Industrial 50L RESIST em Inox com 2 Torneiras - Cia do Vento\" \/>\n<meta property=\"og:description\" content=\"Capacidade de 50 Litros no reservat\u00f3rio. Atende at\u00e9 60 pessoas\/hora. 02 torneiras\u00a0em\u00a0p.p injetado, alta resist\u00eancia e maior vaz\u00e3o. Aparador de \u00e1gua frontal\u00a0p.p injetado, alta resist\u00eancia e suporte com grade para retirada com garrafas. Com revestimento externo em chapa de a\u00e7o inox. Reservat\u00f3rio de \u00e1gua em P.P ou a\u00e7o inox, alta resist\u00eancia, f\u00e1cil limpeza e material at\u00f4xico. Isolamento t\u00e9rmico injetado em poliuretano expandido. Serpentina interna em a\u00e7o inox 304. G\u00e1s ecol\u00f3gico R 134 A. Motor herm\u00e9tico. Tens\u00e3o 127v ou 220v. Baixo consumo de energia. Regulagem da temperatura da \u00e1gua. Peso l\u00edquido aproximado do produto: 31.9 kg  A qualidade de todos os componentes do produto \u00e9 atestado em laborat\u00f3rio e certificado\u00a0INMETRO.\" \/>\n<meta property=\"og:url\" content=\"https:\/\/ciavento.com.br\/2024\/produto\/purificadores-e-bebedouros\/bebedouros-de-pressao\/bebedouro-industrial-50l-resist-em-inox-com-2-torneiras\/\" \/>\n<meta property=\"og:site_name\" content=\"Cia do Vento\" \/>\n<meta property=\"og:image\" content=\"https:\/\/ciavento.com.br\/2024\/wp-content\/uploads\/2022\/10\/canovas-1.jpg\" \/>\n\t<meta property=\"og:image:width\" content=\"600\" \/>\n\t<meta property=\"og:image:height\" content=\"600\" \/>\n\t<meta property=\"og:image:type\" content=\"image\/jpeg\" \/>\n<meta name=\"twitter:card\" content=\"summary_large_image\" \/>\n<script type=\"application\/ld+json\" class=\"yoast-schema-graph\">{\"@context\":\"https:\/\/schema.org\",\"@graph\":[{\"@type\":\"WebPage\",\"@id\":\"https:\/\/ciavento.com.br\/2024\/produto\/purificadores-e-bebedouros\/bebedouros-de-pressao\/bebedouro-industrial-50l-resist-em-inox-com-2-torneiras\/\",\"url\":\"https:\/\/ciavento.com.br\/2024\/produto\/purificadores-e-bebedouros\/bebedouros-de-pressao\/bebedouro-industrial-50l-resist-em-inox-com-2-torneiras\/\",\"name\":\"Bebedouro Industrial 50L RESIST em Inox com 2 Torneiras - Cia do Vento\",\"isPartOf\":{\"@id\":\"https:\/\/ciavento.com.br\/2024\/#website\"},\"datePublished\":\"2022-10-04T18:33:04+00:00\",\"dateModified\":\"2022-10-04T18:33:04+00:00\",\"breadcrumb\":{\"@id\":\"https:\/\/ciavento.com.br\/2024\/produto\/purificadores-e-bebedouros\/bebedouros-de-pressao\/bebedouro-industrial-50l-resist-em-inox-com-2-torneiras\/#breadcrumb\"},\"inLanguage\":\"pt-BR\",\"potentialAction\":[{\"@type\":\"ReadAction\",\"target\":[\"https:\/\/ciavento.com.br\/2024\/produto\/purificadores-e-bebedouros\/bebedouros-de-pressao\/bebedouro-industrial-50l-resist-em-inox-com-2-torneiras\/\"]}]},{\"@type\":\"BreadcrumbList\",\"@id\":\"https:\/\/ciavento.com.br\/2024\/produto\/purificadores-e-bebedouros\/bebedouros-de-pressao\/bebedouro-industrial-50l-resist-em-inox-com-2-torneiras\/#breadcrumb\",\"itemListElement\":[{\"@type\":\"ListItem\",\"position\":1,\"name\":\"In\u00edcio\",\"item\":\"https:\/\/ciavento.com.br\/2024\/\"},{\"@type\":\"ListItem\",\"position\":2,\"name\":\"Linha de Produtos\",\"item\":\"https:\/\/ciavento.com.br\/2024\/shop\/\"},{\"@type\":\"ListItem\",\"position\":3,\"name\":\"Bebedouro Industrial 50L RESIST em Inox com 2 Torneiras\"}]},{\"@type\":\"WebSite\",\"@id\":\"https:\/\/ciavento.com.br\/2024\/#website\",\"url\":\"https:\/\/ciavento.com.br\/2024\/\",\"name\":\"Cia do Vento\",\"description\":\"VENTILADORES \u00b7 Ver VENTILADORES \u00b7 Ventiladores de Parede \u00b7 Ventiladores de Coluna \u00b7 Ventiladores de Mesa \u00b7 Ventiladores de Teto \u00b7 Circuladores de Ar.\",\"publisher\":{\"@id\":\"https:\/\/ciavento.com.br\/2024\/#organization\"},\"potentialAction\":[{\"@type\":\"SearchAction\",\"target\":{\"@type\":\"EntryPoint\",\"urlTemplate\":\"https:\/\/ciavento.com.br\/2024\/?s={search_term_string}\"},\"query-input\":\"required name=search_term_string\"}],\"inLanguage\":\"pt-BR\"},{\"@type\":\"Organization\",\"@id\":\"https:\/\/ciavento.com.br\/2024\/#organization\",\"name\":\"Cia do Vento\",\"url\":\"https:\/\/ciavento.com.br\/2024\/\",\"logo\":{\"@type\":\"ImageObject\",\"inLanguage\":\"pt-BR\",\"@id\":\"https:\/\/ciavento.com.br\/2024\/#\/schema\/logo\/image\/\",\"url\":\"https:\/\/ciavento.com.br\/2024\/wp-content\/uploads\/2023\/09\/logo-22.jpg\",\"contentUrl\":\"https:\/\/ciavento.com.br\/2024\/wp-content\/uploads\/2023\/09\/logo-22.jpg\",\"width\":1280,\"height\":617,\"caption\":\"Cia do Vento\"},\"image\":{\"@id\":\"https:\/\/ciavento.com.br\/2024\/#\/schema\/logo\/image\/\"}}]}<\/script>\n<!-- \/ Yoast SEO plugin. -->","yoast_head_json":{"title":"Bebedouro Industrial 50L RESIST em Inox com 2 Torneiras - Cia do Vento","robots":{"index":"index","follow":"follow","max-snippet":"max-snippet:-1","max-image-preview":"max-image-preview:large","max-video-preview":"max-video-preview:-1"},"canonical":"https:\/\/ciavento.com.br\/2024\/produto\/purificadores-e-bebedouros\/bebedouros-de-pressao\/bebedouro-industrial-50l-resist-em-inox-com-2-torneiras\/","og_locale":"pt_BR","og_type":"article","og_title":"Bebedouro Industrial 50L RESIST em Inox com 2 Torneiras - Cia do Vento","og_description":"Capacidade de 50 Litros no reservat\u00f3rio. Atende at\u00e9 60 pessoas\/hora. 02 torneiras\u00a0em\u00a0p.p injetado, alta resist\u00eancia e maior vaz\u00e3o. Aparador de \u00e1gua frontal\u00a0p.p injetado, alta resist\u00eancia e suporte com grade para retirada com garrafas. Com revestimento externo em chapa de a\u00e7o inox. Reservat\u00f3rio de \u00e1gua em P.P ou a\u00e7o inox, alta resist\u00eancia, f\u00e1cil limpeza e material at\u00f4xico. Isolamento t\u00e9rmico injetado em poliuretano expandido. Serpentina interna em a\u00e7o inox 304. G\u00e1s ecol\u00f3gico R 134 A. Motor herm\u00e9tico. Tens\u00e3o 127v ou 220v. Baixo consumo de energia. Regulagem da temperatura da \u00e1gua. Peso l\u00edquido aproximado do produto: 31.9 kg  A qualidade de todos os componentes do produto \u00e9 atestado em laborat\u00f3rio e certificado\u00a0INMETRO.","og_url":"https:\/\/ciavento.com.br\/2024\/produto\/purificadores-e-bebedouros\/bebedouros-de-pressao\/bebedouro-industrial-50l-resist-em-inox-com-2-torneiras\/","og_site_name":"Cia do Vento","og_image":[{"width":600,"height":600,"url":"https:\/\/ciavento.com.br\/2024\/wp-content\/uploads\/2022\/10\/canovas-1.jpg","type":"image\/jpeg"}],"twitter_card":"summary_large_image","schema":{"@context":"https:\/\/schema.org","@graph":[{"@type":"WebPage","@id":"https:\/\/ciavento.com.br\/2024\/produto\/purificadores-e-bebedouros\/bebedouros-de-pressao\/bebedouro-industrial-50l-resist-em-inox-com-2-torneiras\/","url":"https:\/\/ciavento.com.br\/2024\/produto\/purificadores-e-bebedouros\/bebedouros-de-pressao\/bebedouro-industrial-50l-resist-em-inox-com-2-torneiras\/","name":"Bebedouro Industrial 50L RESIST em Inox com 2 Torneiras - Cia do Vento","isPartOf":{"@id":"https:\/\/ciavento.com.br\/2024\/#website"},"datePublished":"2022-10-04T18:33:04+00:00","dateModified":"2022-10-04T18:33:04+00:00","breadcrumb":{"@id":"https:\/\/ciavento.com.br\/2024\/produto\/purificadores-e-bebedouros\/bebedouros-de-pressao\/bebedouro-industrial-50l-resist-em-inox-com-2-torneiras\/#breadcrumb"},"inLanguage":"pt-BR","potentialAction":[{"@type":"ReadAction","target":["https:\/\/ciavento.com.br\/2024\/produto\/purificadores-e-bebedouros\/bebedouros-de-pressao\/bebedouro-industrial-50l-resist-em-inox-com-2-torneiras\/"]}]},{"@type":"BreadcrumbList","@id":"https:\/\/ciavento.com.br\/2024\/produto\/purificadores-e-bebedouros\/bebedouros-de-pressao\/bebedouro-industrial-50l-resist-em-inox-com-2-torneiras\/#breadcrumb","itemListElement":[{"@type":"ListItem","position":1,"name":"In\u00edcio","item":"https:\/\/ciavento.com.br\/2024\/"},{"@type":"ListItem","position":2,"name":"Linha de Produtos","item":"https:\/\/ciavento.com.br\/2024\/shop\/"},{"@type":"ListItem","position":3,"name":"Bebedouro Industrial 50L RESIST em Inox com 2 Torneiras"}]},{"@type":"WebSite","@id":"https:\/\/ciavento.com.br\/2024\/#website","url":"https:\/\/ciavento.com.br\/2024\/","name":"Cia do Vento","description":"VENTILADORES \u00b7 Ver VENTILADORES \u00b7 Ventiladores de Parede \u00b7 Ventiladores de Coluna \u00b7 Ventiladores de Mesa \u00b7 Ventiladores de Teto \u00b7 Circuladores de Ar.","publisher":{"@id":"https:\/\/ciavento.com.br\/2024\/#organization"},"potentialAction":[{"@type":"SearchAction","target":{"@type":"EntryPoint","urlTemplate":"https:\/\/ciavento.com.br\/2024\/?s={search_term_string}"},"query-input":"required name=search_term_string"}],"inLanguage":"pt-BR"},{"@type":"Organization","@id":"https:\/\/ciavento.com.br\/2024\/#organization","name":"Cia do Vento","url":"https:\/\/ciavento.com.br\/2024\/","logo":{"@type":"ImageObject","inLanguage":"pt-BR","@id":"https:\/\/ciavento.com.br\/2024\/#\/schema\/logo\/image\/","url":"https:\/\/ciavento.com.br\/2024\/wp-content\/uploads\/2023\/09\/logo-22.jpg","contentUrl":"https:\/\/ciavento.com.br\/2024\/wp-content\/uploads\/2023\/09\/logo-22.jpg","width":1280,"height":617,"caption":"Cia do Vento"},"image":{"@id":"https:\/\/ciavento.com.br\/2024\/#\/schema\/logo\/image\/"}}]}},"_links":{"self":[{"href":"https:\/\/ciavento.com.br\/2024\/wp-json\/wp\/v2\/product\/3704"}],"collection":[{"href":"https:\/\/ciavento.com.br\/2024\/wp-json\/wp\/v2\/product"}],"about":[{"href":"https:\/\/ciavento.com.br\/2024\/wp-json\/wp\/v2\/types\/product"}],"wp:featuredmedia":[{"embeddable":true,"href":"https:\/\/ciavento.com.br\/2024\/wp-json\/wp\/v2\/media\/3705"}],"wp:attachment":[{"href":"https:\/\/ciavento.com.br\/2024\/wp-json\/wp\/v2\/media?parent=3704"}],"curies":[{"name":"wp","href":"https:\/\/api.w.org\/{rel}","templated":true}]}}