{"id":3720,"date":"2022-10-04T16:35:20","date_gmt":"2022-10-04T19:35:20","guid":{"rendered":"https:\/\/ciavento.com.br\/2024\/?post_type=product&#038;p=3720"},"modified":"2022-10-04T16:35:20","modified_gmt":"2022-10-04T19:35:20","slug":"karina-modelo-k30","status":"publish","type":"product","link":"https:\/\/ciavento.com.br\/2024\/produto\/purificadores-e-bebedouros\/bebedouros-de-pressao\/karina-modelo-k30\/","title":{"rendered":"Karina Modelo K30"},"content":{"rendered":"","protected":false},"excerpt":{"rendered":"<p>Fornece \u00e1gua Gelada e Natural;<br \/>\nControle manual de temperatura;<br \/>\nCFC Free &#8211; G\u00e1s R 134A;<br \/>\nReservat\u00f3rio em material polietileno at\u00f3xico<br \/>\nSerpentina externa, n\u00e3o fica em contato com a \u00e1gua;<br \/>\nN\u00e3o enferruja;<br \/>\nAl\u00e7a de trasporte para facilitar o manuseio.<br \/>\nCapacidade de Armazenamento 3 Litros<\/p>\n","protected":false},"featured_media":3715,"template":"","meta":[],"yoast_head":"<!-- This site is optimized with the Yoast SEO plugin v20.0 - https:\/\/yoast.com\/wordpress\/plugins\/seo\/ -->\n<title>Karina Modelo K30 - Cia do Vento<\/title>\n<meta name=\"robots\" content=\"index, follow, max-snippet:-1, max-image-preview:large, max-video-preview:-1\" \/>\n<link rel=\"canonical\" href=\"https:\/\/ciavento.com.br\/2024\/produto\/purificadores-e-bebedouros\/bebedouros-de-pressao\/karina-modelo-k30\/\" \/>\n<meta property=\"og:locale\" content=\"pt_BR\" \/>\n<meta property=\"og:type\" content=\"article\" \/>\n<meta property=\"og:title\" content=\"Karina Modelo K30 - Cia do Vento\" \/>\n<meta property=\"og:description\" content=\"Fornece \u00e1gua Gelada e Natural; Controle manual de temperatura; CFC Free - G\u00e1s R 134A; Reservat\u00f3rio em material polietileno at\u00f3xico Serpentina externa, n\u00e3o fica em contato com a \u00e1gua; N\u00e3o enferruja; Al\u00e7a de trasporte para facilitar o manuseio. Capacidade de Armazenamento 3 Litros\" \/>\n<meta property=\"og:url\" content=\"https:\/\/ciavento.com.br\/2024\/produto\/purificadores-e-bebedouros\/bebedouros-de-pressao\/karina-modelo-k30\/\" \/>\n<meta property=\"og:site_name\" content=\"Cia do Vento\" \/>\n<meta property=\"og:image\" content=\"https:\/\/ciavento.com.br\/2024\/wp-content\/uploads\/2022\/10\/k30.jpg\" \/>\n\t<meta property=\"og:image:width\" content=\"600\" \/>\n\t<meta property=\"og:image:height\" content=\"600\" \/>\n\t<meta property=\"og:image:type\" content=\"image\/jpeg\" \/>\n<meta name=\"twitter:card\" content=\"summary_large_image\" \/>\n<script type=\"application\/ld+json\" class=\"yoast-schema-graph\">{\"@context\":\"https:\/\/schema.org\",\"@graph\":[{\"@type\":\"WebPage\",\"@id\":\"https:\/\/ciavento.com.br\/2024\/produto\/purificadores-e-bebedouros\/bebedouros-de-pressao\/karina-modelo-k30\/\",\"url\":\"https:\/\/ciavento.com.br\/2024\/produto\/purificadores-e-bebedouros\/bebedouros-de-pressao\/karina-modelo-k30\/\",\"name\":\"Karina Modelo K30 - Cia do Vento\",\"isPartOf\":{\"@id\":\"https:\/\/ciavento.com.br\/2024\/#website\"},\"datePublished\":\"2022-10-04T19:35:20+00:00\",\"dateModified\":\"2022-10-04T19:35:20+00:00\",\"breadcrumb\":{\"@id\":\"https:\/\/ciavento.com.br\/2024\/produto\/purificadores-e-bebedouros\/bebedouros-de-pressao\/karina-modelo-k30\/#breadcrumb\"},\"inLanguage\":\"pt-BR\",\"potentialAction\":[{\"@type\":\"ReadAction\",\"target\":[\"https:\/\/ciavento.com.br\/2024\/produto\/purificadores-e-bebedouros\/bebedouros-de-pressao\/karina-modelo-k30\/\"]}]},{\"@type\":\"BreadcrumbList\",\"@id\":\"https:\/\/ciavento.com.br\/2024\/produto\/purificadores-e-bebedouros\/bebedouros-de-pressao\/karina-modelo-k30\/#breadcrumb\",\"itemListElement\":[{\"@type\":\"ListItem\",\"position\":1,\"name\":\"In\u00edcio\",\"item\":\"https:\/\/ciavento.com.br\/2024\/\"},{\"@type\":\"ListItem\",\"position\":2,\"name\":\"Linha de Produtos\",\"item\":\"https:\/\/ciavento.com.br\/2024\/shop\/\"},{\"@type\":\"ListItem\",\"position\":3,\"name\":\"Karina Modelo K30\"}]},{\"@type\":\"WebSite\",\"@id\":\"https:\/\/ciavento.com.br\/2024\/#website\",\"url\":\"https:\/\/ciavento.com.br\/2024\/\",\"name\":\"Cia do Vento\",\"description\":\"VENTILADORES \u00b7 Ver VENTILADORES \u00b7 Ventiladores de Parede \u00b7 Ventiladores de Coluna \u00b7 Ventiladores de Mesa \u00b7 Ventiladores de Teto \u00b7 Circuladores de Ar.\",\"publisher\":{\"@id\":\"https:\/\/ciavento.com.br\/2024\/#organization\"},\"potentialAction\":[{\"@type\":\"SearchAction\",\"target\":{\"@type\":\"EntryPoint\",\"urlTemplate\":\"https:\/\/ciavento.com.br\/2024\/?s={search_term_string}\"},\"query-input\":\"required name=search_term_string\"}],\"inLanguage\":\"pt-BR\"},{\"@type\":\"Organization\",\"@id\":\"https:\/\/ciavento.com.br\/2024\/#organization\",\"name\":\"Cia do Vento\",\"url\":\"https:\/\/ciavento.com.br\/2024\/\",\"logo\":{\"@type\":\"ImageObject\",\"inLanguage\":\"pt-BR\",\"@id\":\"https:\/\/ciavento.com.br\/2024\/#\/schema\/logo\/image\/\",\"url\":\"https:\/\/ciavento.com.br\/2024\/wp-content\/uploads\/2023\/09\/logo-22.jpg\",\"contentUrl\":\"https:\/\/ciavento.com.br\/2024\/wp-content\/uploads\/2023\/09\/logo-22.jpg\",\"width\":1280,\"height\":617,\"caption\":\"Cia do Vento\"},\"image\":{\"@id\":\"https:\/\/ciavento.com.br\/2024\/#\/schema\/logo\/image\/\"}}]}<\/script>\n<!-- \/ Yoast SEO plugin. -->","yoast_head_json":{"title":"Karina Modelo K30 - Cia do Vento","robots":{"index":"index","follow":"follow","max-snippet":"max-snippet:-1","max-image-preview":"max-image-preview:large","max-video-preview":"max-video-preview:-1"},"canonical":"https:\/\/ciavento.com.br\/2024\/produto\/purificadores-e-bebedouros\/bebedouros-de-pressao\/karina-modelo-k30\/","og_locale":"pt_BR","og_type":"article","og_title":"Karina Modelo K30 - Cia do Vento","og_description":"Fornece \u00e1gua Gelada e Natural; Controle manual de temperatura; CFC Free - G\u00e1s R 134A; Reservat\u00f3rio em material polietileno at\u00f3xico Serpentina externa, n\u00e3o fica em contato com a \u00e1gua; N\u00e3o enferruja; Al\u00e7a de trasporte para facilitar o manuseio. Capacidade de Armazenamento 3 Litros","og_url":"https:\/\/ciavento.com.br\/2024\/produto\/purificadores-e-bebedouros\/bebedouros-de-pressao\/karina-modelo-k30\/","og_site_name":"Cia do Vento","og_image":[{"width":600,"height":600,"url":"https:\/\/ciavento.com.br\/2024\/wp-content\/uploads\/2022\/10\/k30.jpg","type":"image\/jpeg"}],"twitter_card":"summary_large_image","schema":{"@context":"https:\/\/schema.org","@graph":[{"@type":"WebPage","@id":"https:\/\/ciavento.com.br\/2024\/produto\/purificadores-e-bebedouros\/bebedouros-de-pressao\/karina-modelo-k30\/","url":"https:\/\/ciavento.com.br\/2024\/produto\/purificadores-e-bebedouros\/bebedouros-de-pressao\/karina-modelo-k30\/","name":"Karina Modelo K30 - Cia do Vento","isPartOf":{"@id":"https:\/\/ciavento.com.br\/2024\/#website"},"datePublished":"2022-10-04T19:35:20+00:00","dateModified":"2022-10-04T19:35:20+00:00","breadcrumb":{"@id":"https:\/\/ciavento.com.br\/2024\/produto\/purificadores-e-bebedouros\/bebedouros-de-pressao\/karina-modelo-k30\/#breadcrumb"},"inLanguage":"pt-BR","potentialAction":[{"@type":"ReadAction","target":["https:\/\/ciavento.com.br\/2024\/produto\/purificadores-e-bebedouros\/bebedouros-de-pressao\/karina-modelo-k30\/"]}]},{"@type":"BreadcrumbList","@id":"https:\/\/ciavento.com.br\/2024\/produto\/purificadores-e-bebedouros\/bebedouros-de-pressao\/karina-modelo-k30\/#breadcrumb","itemListElement":[{"@type":"ListItem","position":1,"name":"In\u00edcio","item":"https:\/\/ciavento.com.br\/2024\/"},{"@type":"ListItem","position":2,"name":"Linha de Produtos","item":"https:\/\/ciavento.com.br\/2024\/shop\/"},{"@type":"ListItem","position":3,"name":"Karina Modelo K30"}]},{"@type":"WebSite","@id":"https:\/\/ciavento.com.br\/2024\/#website","url":"https:\/\/ciavento.com.br\/2024\/","name":"Cia do Vento","description":"VENTILADORES \u00b7 Ver VENTILADORES \u00b7 Ventiladores de Parede \u00b7 Ventiladores de Coluna \u00b7 Ventiladores de Mesa \u00b7 Ventiladores de Teto \u00b7 Circuladores de Ar.","publisher":{"@id":"https:\/\/ciavento.com.br\/2024\/#organization"},"potentialAction":[{"@type":"SearchAction","target":{"@type":"EntryPoint","urlTemplate":"https:\/\/ciavento.com.br\/2024\/?s={search_term_string}"},"query-input":"required name=search_term_string"}],"inLanguage":"pt-BR"},{"@type":"Organization","@id":"https:\/\/ciavento.com.br\/2024\/#organization","name":"Cia do Vento","url":"https:\/\/ciavento.com.br\/2024\/","logo":{"@type":"ImageObject","inLanguage":"pt-BR","@id":"https:\/\/ciavento.com.br\/2024\/#\/schema\/logo\/image\/","url":"https:\/\/ciavento.com.br\/2024\/wp-content\/uploads\/2023\/09\/logo-22.jpg","contentUrl":"https:\/\/ciavento.com.br\/2024\/wp-content\/uploads\/2023\/09\/logo-22.jpg","width":1280,"height":617,"caption":"Cia do Vento"},"image":{"@id":"https:\/\/ciavento.com.br\/2024\/#\/schema\/logo\/image\/"}}]}},"_links":{"self":[{"href":"https:\/\/ciavento.com.br\/2024\/wp-json\/wp\/v2\/product\/3720"}],"collection":[{"href":"https:\/\/ciavento.com.br\/2024\/wp-json\/wp\/v2\/product"}],"about":[{"href":"https:\/\/ciavento.com.br\/2024\/wp-json\/wp\/v2\/types\/product"}],"wp:featuredmedia":[{"embeddable":true,"href":"https:\/\/ciavento.com.br\/2024\/wp-json\/wp\/v2\/media\/3715"}],"wp:attachment":[{"href":"https:\/\/ciavento.com.br\/2024\/wp-json\/wp\/v2\/media?parent=3720"}],"curies":[{"name":"wp","href":"https:\/\/api.w.org\/{rel}","templated":true}]}}