{"id":3728,"date":"2022-10-06T10:02:51","date_gmt":"2022-10-06T13:02:51","guid":{"rendered":"https:\/\/ciavento.com.br\/2024\/?post_type=product&#038;p=3728"},"modified":"2022-10-06T10:02:51","modified_gmt":"2022-10-06T13:02:51","slug":"climatizador-de-ar-nobille-20-litros-branco-residencial-65w-ventisol","status":"publish","type":"product","link":"https:\/\/ciavento.com.br\/2024\/produto\/climatizadores\/climatizadores-portateis\/climatizador-de-ar-nobille-20-litros-branco-residencial-65w-ventisol\/","title":{"rendered":"Climatizador de Ar Nobille 20 litros Branco Residencial 65W Ventisol"},"content":{"rendered":"","protected":false},"excerpt":{"rendered":"<p><strong>\u2022 Ideal para resid\u00eancias:<\/strong><br \/>\nClimatiza\u00e7\u00e3o ideal para o conforto da fam\u00edlia.<br \/>\n<strong>\u2022 Econ\u00f4mico:<\/strong><br \/>\n\u00c9 at\u00e9 9x mais econ\u00f4mico que um ar condicionado.<br \/>\n<strong>\u2022 Acompanha Gel refrigerante:<\/strong><br \/>\nBasta congelar as duas garrafas de gel refrigerante e coloc\u00e1-las no reservat\u00f3rio para ter um ar mais gelado<br \/>\n<strong>\u2022 Fun\u00e7\u00e3o Refrigera\u00e7\u00e3o:<\/strong><br \/>\nCom o uso do Gel refrigerante<br \/>\n<strong>\u2022 3 op\u00e7\u00f5es de ventila\u00e7\u00e3o:<\/strong><br \/>\nCom os tr\u00eas n\u00edveis de ventila\u00e7\u00e3o voc\u00ea poder\u00e1 escolher a melhor op\u00e7\u00e3o de climatiza\u00e7\u00e3o.<br \/>\n<strong>\u2022 Oscila\u00e7\u00e3o:<\/strong><br \/>\nOscila\u00e7\u00e3o Horizontal\u00a0autom\u00e1tica e vertical com regulagem manual.<br \/>\n<strong>\u2022 Reservat\u00f3rio para 20L de \u00e1gua:<\/strong><br \/>\nCom fun\u00e7\u00e3o timer, programa o tempo de funcionamento do climatizador, entre 30min e 7h30min<br \/>\n<strong>\u2022 F\u00e1cil Transporte:<\/strong><br \/>\nQuatro rodas e duas al\u00e7as embutidas na lateral.<\/p>\n","protected":false},"featured_media":3729,"template":"","meta":[],"yoast_head":"<!-- This site is optimized with the Yoast SEO plugin v20.0 - https:\/\/yoast.com\/wordpress\/plugins\/seo\/ -->\n<title>Climatizador de Ar Nobille 20 litros Branco Residencial 65W Ventisol - Cia do Vento<\/title>\n<meta name=\"robots\" content=\"index, follow, max-snippet:-1, max-image-preview:large, max-video-preview:-1\" \/>\n<link rel=\"canonical\" href=\"https:\/\/ciavento.com.br\/2024\/produto\/climatizadores\/climatizadores-portateis\/climatizador-de-ar-nobille-20-litros-branco-residencial-65w-ventisol\/\" \/>\n<meta property=\"og:locale\" content=\"pt_BR\" \/>\n<meta property=\"og:type\" content=\"article\" \/>\n<meta property=\"og:title\" content=\"Climatizador de Ar Nobille 20 litros Branco Residencial 65W Ventisol - Cia do Vento\" \/>\n<meta property=\"og:description\" content=\"\u2022 Ideal para resid\u00eancias: Climatiza\u00e7\u00e3o ideal para o conforto da fam\u00edlia. \u2022 Econ\u00f4mico: \u00c9 at\u00e9 9x mais econ\u00f4mico que um ar condicionado. \u2022 Acompanha Gel refrigerante: Basta congelar as duas garrafas de gel refrigerante e coloc\u00e1-las no reservat\u00f3rio para ter um ar mais gelado \u2022 Fun\u00e7\u00e3o Refrigera\u00e7\u00e3o: Com o uso do Gel refrigerante \u2022 3 op\u00e7\u00f5es de ventila\u00e7\u00e3o: Com os tr\u00eas n\u00edveis de ventila\u00e7\u00e3o voc\u00ea poder\u00e1 escolher a melhor op\u00e7\u00e3o de climatiza\u00e7\u00e3o. \u2022 Oscila\u00e7\u00e3o: Oscila\u00e7\u00e3o Horizontal\u00a0autom\u00e1tica e vertical com regulagem manual. \u2022 Reservat\u00f3rio para 20L de \u00e1gua: Com fun\u00e7\u00e3o timer, programa o tempo de funcionamento do climatizador, entre 30min e 7h30min \u2022 F\u00e1cil Transporte: Quatro rodas e duas al\u00e7as embutidas na lateral.\" \/>\n<meta property=\"og:url\" content=\"https:\/\/ciavento.com.br\/2024\/produto\/climatizadores\/climatizadores-portateis\/climatizador-de-ar-nobille-20-litros-branco-residencial-65w-ventisol\/\" \/>\n<meta property=\"og:site_name\" content=\"Cia do Vento\" \/>\n<meta property=\"og:image\" content=\"https:\/\/ciavento.com.br\/2024\/wp-content\/uploads\/2022\/10\/Ventisol-20.jpg\" \/>\n\t<meta property=\"og:image:width\" content=\"804\" \/>\n\t<meta property=\"og:image:height\" content=\"804\" \/>\n\t<meta property=\"og:image:type\" content=\"image\/jpeg\" \/>\n<meta name=\"twitter:card\" content=\"summary_large_image\" \/>\n<script type=\"application\/ld+json\" class=\"yoast-schema-graph\">{\"@context\":\"https:\/\/schema.org\",\"@graph\":[{\"@type\":\"WebPage\",\"@id\":\"https:\/\/ciavento.com.br\/2024\/produto\/climatizadores\/climatizadores-portateis\/climatizador-de-ar-nobille-20-litros-branco-residencial-65w-ventisol\/\",\"url\":\"https:\/\/ciavento.com.br\/2024\/produto\/climatizadores\/climatizadores-portateis\/climatizador-de-ar-nobille-20-litros-branco-residencial-65w-ventisol\/\",\"name\":\"Climatizador de Ar Nobille 20 litros Branco Residencial 65W Ventisol - Cia do Vento\",\"isPartOf\":{\"@id\":\"https:\/\/ciavento.com.br\/2024\/#website\"},\"datePublished\":\"2022-10-06T13:02:51+00:00\",\"dateModified\":\"2022-10-06T13:02:51+00:00\",\"breadcrumb\":{\"@id\":\"https:\/\/ciavento.com.br\/2024\/produto\/climatizadores\/climatizadores-portateis\/climatizador-de-ar-nobille-20-litros-branco-residencial-65w-ventisol\/#breadcrumb\"},\"inLanguage\":\"pt-BR\",\"potentialAction\":[{\"@type\":\"ReadAction\",\"target\":[\"https:\/\/ciavento.com.br\/2024\/produto\/climatizadores\/climatizadores-portateis\/climatizador-de-ar-nobille-20-litros-branco-residencial-65w-ventisol\/\"]}]},{\"@type\":\"BreadcrumbList\",\"@id\":\"https:\/\/ciavento.com.br\/2024\/produto\/climatizadores\/climatizadores-portateis\/climatizador-de-ar-nobille-20-litros-branco-residencial-65w-ventisol\/#breadcrumb\",\"itemListElement\":[{\"@type\":\"ListItem\",\"position\":1,\"name\":\"In\u00edcio\",\"item\":\"https:\/\/ciavento.com.br\/2024\/\"},{\"@type\":\"ListItem\",\"position\":2,\"name\":\"Linha de Produtos\",\"item\":\"https:\/\/ciavento.com.br\/2024\/shop\/\"},{\"@type\":\"ListItem\",\"position\":3,\"name\":\"Climatizador de Ar Nobille 20 litros Branco Residencial 65W Ventisol\"}]},{\"@type\":\"WebSite\",\"@id\":\"https:\/\/ciavento.com.br\/2024\/#website\",\"url\":\"https:\/\/ciavento.com.br\/2024\/\",\"name\":\"Cia do Vento\",\"description\":\"VENTILADORES \u00b7 Ver VENTILADORES \u00b7 Ventiladores de Parede \u00b7 Ventiladores de Coluna \u00b7 Ventiladores de Mesa \u00b7 Ventiladores de Teto \u00b7 Circuladores de Ar.\",\"publisher\":{\"@id\":\"https:\/\/ciavento.com.br\/2024\/#organization\"},\"potentialAction\":[{\"@type\":\"SearchAction\",\"target\":{\"@type\":\"EntryPoint\",\"urlTemplate\":\"https:\/\/ciavento.com.br\/2024\/?s={search_term_string}\"},\"query-input\":\"required name=search_term_string\"}],\"inLanguage\":\"pt-BR\"},{\"@type\":\"Organization\",\"@id\":\"https:\/\/ciavento.com.br\/2024\/#organization\",\"name\":\"Cia do Vento\",\"url\":\"https:\/\/ciavento.com.br\/2024\/\",\"logo\":{\"@type\":\"ImageObject\",\"inLanguage\":\"pt-BR\",\"@id\":\"https:\/\/ciavento.com.br\/2024\/#\/schema\/logo\/image\/\",\"url\":\"https:\/\/ciavento.com.br\/2024\/wp-content\/uploads\/2023\/09\/logo-22.jpg\",\"contentUrl\":\"https:\/\/ciavento.com.br\/2024\/wp-content\/uploads\/2023\/09\/logo-22.jpg\",\"width\":1280,\"height\":617,\"caption\":\"Cia do Vento\"},\"image\":{\"@id\":\"https:\/\/ciavento.com.br\/2024\/#\/schema\/logo\/image\/\"}}]}<\/script>\n<!-- \/ Yoast SEO plugin. -->","yoast_head_json":{"title":"Climatizador de Ar Nobille 20 litros Branco Residencial 65W Ventisol - Cia do Vento","robots":{"index":"index","follow":"follow","max-snippet":"max-snippet:-1","max-image-preview":"max-image-preview:large","max-video-preview":"max-video-preview:-1"},"canonical":"https:\/\/ciavento.com.br\/2024\/produto\/climatizadores\/climatizadores-portateis\/climatizador-de-ar-nobille-20-litros-branco-residencial-65w-ventisol\/","og_locale":"pt_BR","og_type":"article","og_title":"Climatizador de Ar Nobille 20 litros Branco Residencial 65W Ventisol - Cia do Vento","og_description":"\u2022 Ideal para resid\u00eancias: Climatiza\u00e7\u00e3o ideal para o conforto da fam\u00edlia. \u2022 Econ\u00f4mico: \u00c9 at\u00e9 9x mais econ\u00f4mico que um ar condicionado. \u2022 Acompanha Gel refrigerante: Basta congelar as duas garrafas de gel refrigerante e coloc\u00e1-las no reservat\u00f3rio para ter um ar mais gelado \u2022 Fun\u00e7\u00e3o Refrigera\u00e7\u00e3o: Com o uso do Gel refrigerante \u2022 3 op\u00e7\u00f5es de ventila\u00e7\u00e3o: Com os tr\u00eas n\u00edveis de ventila\u00e7\u00e3o voc\u00ea poder\u00e1 escolher a melhor op\u00e7\u00e3o de climatiza\u00e7\u00e3o. \u2022 Oscila\u00e7\u00e3o: Oscila\u00e7\u00e3o Horizontal\u00a0autom\u00e1tica e vertical com regulagem manual. \u2022 Reservat\u00f3rio para 20L de \u00e1gua: Com fun\u00e7\u00e3o timer, programa o tempo de funcionamento do climatizador, entre 30min e 7h30min \u2022 F\u00e1cil Transporte: Quatro rodas e duas al\u00e7as embutidas na lateral.","og_url":"https:\/\/ciavento.com.br\/2024\/produto\/climatizadores\/climatizadores-portateis\/climatizador-de-ar-nobille-20-litros-branco-residencial-65w-ventisol\/","og_site_name":"Cia do Vento","og_image":[{"width":804,"height":804,"url":"https:\/\/ciavento.com.br\/2024\/wp-content\/uploads\/2022\/10\/Ventisol-20.jpg","type":"image\/jpeg"}],"twitter_card":"summary_large_image","schema":{"@context":"https:\/\/schema.org","@graph":[{"@type":"WebPage","@id":"https:\/\/ciavento.com.br\/2024\/produto\/climatizadores\/climatizadores-portateis\/climatizador-de-ar-nobille-20-litros-branco-residencial-65w-ventisol\/","url":"https:\/\/ciavento.com.br\/2024\/produto\/climatizadores\/climatizadores-portateis\/climatizador-de-ar-nobille-20-litros-branco-residencial-65w-ventisol\/","name":"Climatizador de Ar Nobille 20 litros Branco Residencial 65W Ventisol - Cia do Vento","isPartOf":{"@id":"https:\/\/ciavento.com.br\/2024\/#website"},"datePublished":"2022-10-06T13:02:51+00:00","dateModified":"2022-10-06T13:02:51+00:00","breadcrumb":{"@id":"https:\/\/ciavento.com.br\/2024\/produto\/climatizadores\/climatizadores-portateis\/climatizador-de-ar-nobille-20-litros-branco-residencial-65w-ventisol\/#breadcrumb"},"inLanguage":"pt-BR","potentialAction":[{"@type":"ReadAction","target":["https:\/\/ciavento.com.br\/2024\/produto\/climatizadores\/climatizadores-portateis\/climatizador-de-ar-nobille-20-litros-branco-residencial-65w-ventisol\/"]}]},{"@type":"BreadcrumbList","@id":"https:\/\/ciavento.com.br\/2024\/produto\/climatizadores\/climatizadores-portateis\/climatizador-de-ar-nobille-20-litros-branco-residencial-65w-ventisol\/#breadcrumb","itemListElement":[{"@type":"ListItem","position":1,"name":"In\u00edcio","item":"https:\/\/ciavento.com.br\/2024\/"},{"@type":"ListItem","position":2,"name":"Linha de Produtos","item":"https:\/\/ciavento.com.br\/2024\/shop\/"},{"@type":"ListItem","position":3,"name":"Climatizador de Ar Nobille 20 litros Branco Residencial 65W Ventisol"}]},{"@type":"WebSite","@id":"https:\/\/ciavento.com.br\/2024\/#website","url":"https:\/\/ciavento.com.br\/2024\/","name":"Cia do Vento","description":"VENTILADORES \u00b7 Ver VENTILADORES \u00b7 Ventiladores de Parede \u00b7 Ventiladores de Coluna \u00b7 Ventiladores de Mesa \u00b7 Ventiladores de Teto \u00b7 Circuladores de Ar.","publisher":{"@id":"https:\/\/ciavento.com.br\/2024\/#organization"},"potentialAction":[{"@type":"SearchAction","target":{"@type":"EntryPoint","urlTemplate":"https:\/\/ciavento.com.br\/2024\/?s={search_term_string}"},"query-input":"required name=search_term_string"}],"inLanguage":"pt-BR"},{"@type":"Organization","@id":"https:\/\/ciavento.com.br\/2024\/#organization","name":"Cia do Vento","url":"https:\/\/ciavento.com.br\/2024\/","logo":{"@type":"ImageObject","inLanguage":"pt-BR","@id":"https:\/\/ciavento.com.br\/2024\/#\/schema\/logo\/image\/","url":"https:\/\/ciavento.com.br\/2024\/wp-content\/uploads\/2023\/09\/logo-22.jpg","contentUrl":"https:\/\/ciavento.com.br\/2024\/wp-content\/uploads\/2023\/09\/logo-22.jpg","width":1280,"height":617,"caption":"Cia do Vento"},"image":{"@id":"https:\/\/ciavento.com.br\/2024\/#\/schema\/logo\/image\/"}}]}},"_links":{"self":[{"href":"https:\/\/ciavento.com.br\/2024\/wp-json\/wp\/v2\/product\/3728"}],"collection":[{"href":"https:\/\/ciavento.com.br\/2024\/wp-json\/wp\/v2\/product"}],"about":[{"href":"https:\/\/ciavento.com.br\/2024\/wp-json\/wp\/v2\/types\/product"}],"wp:featuredmedia":[{"embeddable":true,"href":"https:\/\/ciavento.com.br\/2024\/wp-json\/wp\/v2\/media\/3729"}],"wp:attachment":[{"href":"https:\/\/ciavento.com.br\/2024\/wp-json\/wp\/v2\/media?parent=3728"}],"curies":[{"name":"wp","href":"https:\/\/api.w.org\/{rel}","templated":true}]}}