{"id":5221,"date":"2024-05-02T12:06:37","date_gmt":"2024-05-02T15:06:37","guid":{"rendered":"https:\/\/ciavento.com.br\/2024\/?post_type=product&#038;p=5221"},"modified":"2024-05-02T14:22:19","modified_gmt":"2024-05-02T17:22:19","slug":"climatizador-ventisol-branco-com-preto-60-litros-150w-220v-ventisol","status":"publish","type":"product","link":"https:\/\/ciavento.com.br\/2024\/produto\/climatizadores\/climatizadores-portateis\/climatizador-ventisol-branco-com-preto-60-litros-150w-220v-ventisol\/","title":{"rendered":"Climatizador Ventisol Branco com Preto 60 litros 150W 220V Ventisol"},"content":{"rendered":"","protected":false},"excerpt":{"rendered":"<p><strong>\u2022 Produto Nacional e certificado no INMETRO<\/strong><\/p>\n<p><strong>\u2022 Econ\u00f4mico:<\/strong><br \/>\nPossui um consumo de apenas 150W<br \/>\n<strong>\u2022 Oscila\u00e7\u00e3o vertical e horizontal:<\/strong><br \/>\nOscila\u00e7\u00e3o vertical autom\u00e1tica, oscila\u00e7\u00e3o horizontal\u00a0manual.<br \/>\n<strong>\u2022 F\u00e1cil transporte:<\/strong><br \/>\nQuatro rodas que facilitam a locomo\u00e7\u00e3o de um ambiente para o outro.<br \/>\n<strong>\u2022 Sistema evaporativo tipo Colmeia:<\/strong><br \/>\nO Sistema evaporativo com trocador de calor torna o ambiente mais fresco.<br \/>\n<strong>\u2022 Controle de Velocidade:<\/strong><br \/>\n3 velocidades de ventila\u00e7\u00e3o.<br \/>\n<strong>\u2022 Prote\u00e7\u00e3o para bomba:<\/strong><br \/>\nDesliga automaticamente a bomba de \u00e1gua em caos de falta de \u00e1gua no reservat\u00f3rio<\/p>\n","protected":false},"featured_media":5217,"template":"","meta":[],"yoast_head":"<!-- This site is optimized with the Yoast SEO plugin v20.0 - https:\/\/yoast.com\/wordpress\/plugins\/seo\/ -->\n<title>Climatizador Ventisol Branco com Preto 60 litros 150W 220V Ventisol - Cia do Vento<\/title>\n<meta name=\"robots\" content=\"index, follow, max-snippet:-1, max-image-preview:large, max-video-preview:-1\" \/>\n<link rel=\"canonical\" href=\"https:\/\/ciavento.com.br\/2024\/produto\/climatizadores\/climatizadores-portateis\/climatizador-ventisol-branco-com-preto-60-litros-150w-220v-ventisol\/\" \/>\n<meta property=\"og:locale\" content=\"pt_BR\" \/>\n<meta property=\"og:type\" content=\"article\" \/>\n<meta property=\"og:title\" content=\"Climatizador Ventisol Branco com Preto 60 litros 150W 220V Ventisol - Cia do Vento\" \/>\n<meta property=\"og:description\" content=\"\u2022 Produto Nacional e certificado no INMETRO  \u2022 Econ\u00f4mico: Possui um consumo de apenas 150W \u2022 Oscila\u00e7\u00e3o vertical e horizontal: Oscila\u00e7\u00e3o vertical autom\u00e1tica, oscila\u00e7\u00e3o horizontal\u00a0manual. \u2022 F\u00e1cil transporte: Quatro rodas que facilitam a locomo\u00e7\u00e3o de um ambiente para o outro. \u2022 Sistema evaporativo tipo Colmeia: O Sistema evaporativo com trocador de calor torna o ambiente mais fresco. \u2022 Controle de Velocidade: 3 velocidades de ventila\u00e7\u00e3o. \u2022 Prote\u00e7\u00e3o para bomba: Desliga automaticamente a bomba de \u00e1gua em caos de falta de \u00e1gua no reservat\u00f3rio\" \/>\n<meta property=\"og:url\" content=\"https:\/\/ciavento.com.br\/2024\/produto\/climatizadores\/climatizadores-portateis\/climatizador-ventisol-branco-com-preto-60-litros-150w-220v-ventisol\/\" \/>\n<meta property=\"og:site_name\" content=\"Cia do Vento\" \/>\n<meta property=\"article:modified_time\" content=\"2024-05-02T17:22:19+00:00\" \/>\n<meta property=\"og:image\" content=\"https:\/\/ciavento.com.br\/2024\/wp-content\/uploads\/2024\/05\/climatizador-ventisol-branco.jpg\" \/>\n\t<meta property=\"og:image:width\" content=\"600\" \/>\n\t<meta property=\"og:image:height\" content=\"686\" \/>\n\t<meta property=\"og:image:type\" content=\"image\/jpeg\" \/>\n<meta name=\"twitter:card\" content=\"summary_large_image\" \/>\n<script type=\"application\/ld+json\" class=\"yoast-schema-graph\">{\"@context\":\"https:\/\/schema.org\",\"@graph\":[{\"@type\":\"WebPage\",\"@id\":\"https:\/\/ciavento.com.br\/2024\/produto\/climatizadores\/climatizadores-portateis\/climatizador-ventisol-branco-com-preto-60-litros-150w-220v-ventisol\/\",\"url\":\"https:\/\/ciavento.com.br\/2024\/produto\/climatizadores\/climatizadores-portateis\/climatizador-ventisol-branco-com-preto-60-litros-150w-220v-ventisol\/\",\"name\":\"Climatizador Ventisol Branco com Preto 60 litros 150W 220V Ventisol - Cia do Vento\",\"isPartOf\":{\"@id\":\"https:\/\/ciavento.com.br\/2024\/#website\"},\"datePublished\":\"2024-05-02T15:06:37+00:00\",\"dateModified\":\"2024-05-02T17:22:19+00:00\",\"breadcrumb\":{\"@id\":\"https:\/\/ciavento.com.br\/2024\/produto\/climatizadores\/climatizadores-portateis\/climatizador-ventisol-branco-com-preto-60-litros-150w-220v-ventisol\/#breadcrumb\"},\"inLanguage\":\"pt-BR\",\"potentialAction\":[{\"@type\":\"ReadAction\",\"target\":[\"https:\/\/ciavento.com.br\/2024\/produto\/climatizadores\/climatizadores-portateis\/climatizador-ventisol-branco-com-preto-60-litros-150w-220v-ventisol\/\"]}]},{\"@type\":\"BreadcrumbList\",\"@id\":\"https:\/\/ciavento.com.br\/2024\/produto\/climatizadores\/climatizadores-portateis\/climatizador-ventisol-branco-com-preto-60-litros-150w-220v-ventisol\/#breadcrumb\",\"itemListElement\":[{\"@type\":\"ListItem\",\"position\":1,\"name\":\"In\u00edcio\",\"item\":\"https:\/\/ciavento.com.br\/2024\/\"},{\"@type\":\"ListItem\",\"position\":2,\"name\":\"Linha de Produtos\",\"item\":\"https:\/\/ciavento.com.br\/2024\/shop\/\"},{\"@type\":\"ListItem\",\"position\":3,\"name\":\"Climatizador Ventisol Branco com Preto 60 litros 150W 220V Ventisol\"}]},{\"@type\":\"WebSite\",\"@id\":\"https:\/\/ciavento.com.br\/2024\/#website\",\"url\":\"https:\/\/ciavento.com.br\/2024\/\",\"name\":\"Cia do Vento\",\"description\":\"VENTILADORES \u00b7 Ver VENTILADORES \u00b7 Ventiladores de Parede \u00b7 Ventiladores de Coluna \u00b7 Ventiladores de Mesa \u00b7 Ventiladores de Teto \u00b7 Circuladores de Ar.\",\"publisher\":{\"@id\":\"https:\/\/ciavento.com.br\/2024\/#organization\"},\"potentialAction\":[{\"@type\":\"SearchAction\",\"target\":{\"@type\":\"EntryPoint\",\"urlTemplate\":\"https:\/\/ciavento.com.br\/2024\/?s={search_term_string}\"},\"query-input\":\"required name=search_term_string\"}],\"inLanguage\":\"pt-BR\"},{\"@type\":\"Organization\",\"@id\":\"https:\/\/ciavento.com.br\/2024\/#organization\",\"name\":\"Cia do Vento\",\"url\":\"https:\/\/ciavento.com.br\/2024\/\",\"logo\":{\"@type\":\"ImageObject\",\"inLanguage\":\"pt-BR\",\"@id\":\"https:\/\/ciavento.com.br\/2024\/#\/schema\/logo\/image\/\",\"url\":\"https:\/\/ciavento.com.br\/2024\/wp-content\/uploads\/2023\/09\/logo-22.jpg\",\"contentUrl\":\"https:\/\/ciavento.com.br\/2024\/wp-content\/uploads\/2023\/09\/logo-22.jpg\",\"width\":1280,\"height\":617,\"caption\":\"Cia do Vento\"},\"image\":{\"@id\":\"https:\/\/ciavento.com.br\/2024\/#\/schema\/logo\/image\/\"}}]}<\/script>\n<!-- \/ Yoast SEO plugin. -->","yoast_head_json":{"title":"Climatizador Ventisol Branco com Preto 60 litros 150W 220V Ventisol - Cia do Vento","robots":{"index":"index","follow":"follow","max-snippet":"max-snippet:-1","max-image-preview":"max-image-preview:large","max-video-preview":"max-video-preview:-1"},"canonical":"https:\/\/ciavento.com.br\/2024\/produto\/climatizadores\/climatizadores-portateis\/climatizador-ventisol-branco-com-preto-60-litros-150w-220v-ventisol\/","og_locale":"pt_BR","og_type":"article","og_title":"Climatizador Ventisol Branco com Preto 60 litros 150W 220V Ventisol - Cia do Vento","og_description":"\u2022 Produto Nacional e certificado no INMETRO  \u2022 Econ\u00f4mico: Possui um consumo de apenas 150W \u2022 Oscila\u00e7\u00e3o vertical e horizontal: Oscila\u00e7\u00e3o vertical autom\u00e1tica, oscila\u00e7\u00e3o horizontal\u00a0manual. \u2022 F\u00e1cil transporte: Quatro rodas que facilitam a locomo\u00e7\u00e3o de um ambiente para o outro. \u2022 Sistema evaporativo tipo Colmeia: O Sistema evaporativo com trocador de calor torna o ambiente mais fresco. \u2022 Controle de Velocidade: 3 velocidades de ventila\u00e7\u00e3o. \u2022 Prote\u00e7\u00e3o para bomba: Desliga automaticamente a bomba de \u00e1gua em caos de falta de \u00e1gua no reservat\u00f3rio","og_url":"https:\/\/ciavento.com.br\/2024\/produto\/climatizadores\/climatizadores-portateis\/climatizador-ventisol-branco-com-preto-60-litros-150w-220v-ventisol\/","og_site_name":"Cia do Vento","article_modified_time":"2024-05-02T17:22:19+00:00","og_image":[{"width":600,"height":686,"url":"https:\/\/ciavento.com.br\/2024\/wp-content\/uploads\/2024\/05\/climatizador-ventisol-branco.jpg","type":"image\/jpeg"}],"twitter_card":"summary_large_image","schema":{"@context":"https:\/\/schema.org","@graph":[{"@type":"WebPage","@id":"https:\/\/ciavento.com.br\/2024\/produto\/climatizadores\/climatizadores-portateis\/climatizador-ventisol-branco-com-preto-60-litros-150w-220v-ventisol\/","url":"https:\/\/ciavento.com.br\/2024\/produto\/climatizadores\/climatizadores-portateis\/climatizador-ventisol-branco-com-preto-60-litros-150w-220v-ventisol\/","name":"Climatizador Ventisol Branco com Preto 60 litros 150W 220V Ventisol - Cia do Vento","isPartOf":{"@id":"https:\/\/ciavento.com.br\/2024\/#website"},"datePublished":"2024-05-02T15:06:37+00:00","dateModified":"2024-05-02T17:22:19+00:00","breadcrumb":{"@id":"https:\/\/ciavento.com.br\/2024\/produto\/climatizadores\/climatizadores-portateis\/climatizador-ventisol-branco-com-preto-60-litros-150w-220v-ventisol\/#breadcrumb"},"inLanguage":"pt-BR","potentialAction":[{"@type":"ReadAction","target":["https:\/\/ciavento.com.br\/2024\/produto\/climatizadores\/climatizadores-portateis\/climatizador-ventisol-branco-com-preto-60-litros-150w-220v-ventisol\/"]}]},{"@type":"BreadcrumbList","@id":"https:\/\/ciavento.com.br\/2024\/produto\/climatizadores\/climatizadores-portateis\/climatizador-ventisol-branco-com-preto-60-litros-150w-220v-ventisol\/#breadcrumb","itemListElement":[{"@type":"ListItem","position":1,"name":"In\u00edcio","item":"https:\/\/ciavento.com.br\/2024\/"},{"@type":"ListItem","position":2,"name":"Linha de Produtos","item":"https:\/\/ciavento.com.br\/2024\/shop\/"},{"@type":"ListItem","position":3,"name":"Climatizador Ventisol Branco com Preto 60 litros 150W 220V Ventisol"}]},{"@type":"WebSite","@id":"https:\/\/ciavento.com.br\/2024\/#website","url":"https:\/\/ciavento.com.br\/2024\/","name":"Cia do Vento","description":"VENTILADORES \u00b7 Ver VENTILADORES \u00b7 Ventiladores de Parede \u00b7 Ventiladores de Coluna \u00b7 Ventiladores de Mesa \u00b7 Ventiladores de Teto \u00b7 Circuladores de Ar.","publisher":{"@id":"https:\/\/ciavento.com.br\/2024\/#organization"},"potentialAction":[{"@type":"SearchAction","target":{"@type":"EntryPoint","urlTemplate":"https:\/\/ciavento.com.br\/2024\/?s={search_term_string}"},"query-input":"required name=search_term_string"}],"inLanguage":"pt-BR"},{"@type":"Organization","@id":"https:\/\/ciavento.com.br\/2024\/#organization","name":"Cia do Vento","url":"https:\/\/ciavento.com.br\/2024\/","logo":{"@type":"ImageObject","inLanguage":"pt-BR","@id":"https:\/\/ciavento.com.br\/2024\/#\/schema\/logo\/image\/","url":"https:\/\/ciavento.com.br\/2024\/wp-content\/uploads\/2023\/09\/logo-22.jpg","contentUrl":"https:\/\/ciavento.com.br\/2024\/wp-content\/uploads\/2023\/09\/logo-22.jpg","width":1280,"height":617,"caption":"Cia do Vento"},"image":{"@id":"https:\/\/ciavento.com.br\/2024\/#\/schema\/logo\/image\/"}}]}},"_links":{"self":[{"href":"https:\/\/ciavento.com.br\/2024\/wp-json\/wp\/v2\/product\/5221"}],"collection":[{"href":"https:\/\/ciavento.com.br\/2024\/wp-json\/wp\/v2\/product"}],"about":[{"href":"https:\/\/ciavento.com.br\/2024\/wp-json\/wp\/v2\/types\/product"}],"wp:featuredmedia":[{"embeddable":true,"href":"https:\/\/ciavento.com.br\/2024\/wp-json\/wp\/v2\/media\/5217"}],"wp:attachment":[{"href":"https:\/\/ciavento.com.br\/2024\/wp-json\/wp\/v2\/media?parent=5221"}],"curies":[{"name":"wp","href":"https:\/\/api.w.org\/{rel}","templated":true}]}}