{"id":5225,"date":"2024-05-02T14:24:13","date_gmt":"2024-05-02T17:24:13","guid":{"rendered":"https:\/\/ciavento.com.br\/2024\/?post_type=product&#038;p=5225"},"modified":"2024-05-02T15:12:27","modified_gmt":"2024-05-02T18:12:27","slug":"aquafresh-intense-200","status":"publish","type":"product","link":"https:\/\/ciavento.com.br\/2024\/produto\/purificadores-e-bebedouros\/aquafresh-intense-200\/","title":{"rendered":"REFIL AQUAFLOW 200"},"content":{"rendered":"","protected":false},"excerpt":{"rendered":"<p>COMPATIBILIDADE<br \/>\nCompat\u00edvel com os filtros da linha AquaFresh, AP 200 Cuno e aparelhos de rosca.<\/p>\n<p>O refil Aquaflow 200 proporciona 3 est\u00e1gios de filtragem:<\/p>\n<p>PLD INICIAL \u2013 para filtragem f\u00edsica, como part\u00edculas s\u00f3lidas, barro, ferrugem, limo e redu\u00e7\u00e3o de acidez da \u00e1gua por conter dolomita em sua composi\u00e7\u00e3o, e sua cadeia de pol\u00edmeros aglomerados proporciona maior filtra\u00e7\u00e3o e clarifica\u00e7\u00e3o da \u00e1gua.<br \/>\nCARV\u00c3O ATIVADO \u2013 elimina cloro, cloraminas, fen\u00f3is, algas, inseticidas, pesticidas, gosto, odor e reduz mat\u00e9ria org\u00e2nica, inibindo a prolifera\u00e7\u00e3o de bact\u00e9rias no interior do filtro, por estar impregnado com prata coloidal. Possui granulometria adequada que proporciona excelente filtra\u00e7\u00e3o de contaminantes qu\u00edmicos da \u00e1gua.<br \/>\nPLD POLIDOR \u2013 polimento, clarifica\u00e7\u00e3o final da \u00e1gua, regula o pH atrav\u00e9s da dolomita em sua composi\u00e7\u00e3o. \u00daltimo est\u00e1gio por onde passa a \u00e1gua, deixando-a mais leve e cristalina, pronta para beber e proporcionar mais sa\u00fade.<\/p>\n<p>RECOMENDA\u00c7\u00d5ES<br \/>\n\u00c9 recomend\u00e1vel trocar o refil a cada 6 meses ou 3.000 litros de \u00e1gua, desde que a mesma atenda a portaria MS 2914\/2011.<br \/>\nCapacidade e vida \u00fatil: 3.000 litros de \u00e1gua.<br \/>\nProduto de acordo com a norma ABNT NBR 16098:2012.<\/p>\n<p>SISTEMA DE QUALIDADE<br \/>\nExclusiva tecnologia PLD Purity Max de reten\u00e7\u00e3o de part\u00edculas (Pol\u00edmero + Dolomita).<br \/>\nCont\u00e9m: 1 Refil original AquaFlow 200 com carv\u00e3o ativado.<\/p>\n","protected":false},"featured_media":5237,"template":"","meta":[],"yoast_head":"<!-- This site is optimized with the Yoast SEO plugin v20.0 - https:\/\/yoast.com\/wordpress\/plugins\/seo\/ -->\n<title>REFIL AQUAFLOW 200 - Cia do Vento<\/title>\n<meta name=\"robots\" content=\"index, follow, max-snippet:-1, max-image-preview:large, max-video-preview:-1\" \/>\n<link rel=\"canonical\" href=\"https:\/\/ciavento.com.br\/2024\/produto\/purificadores-e-bebedouros\/aquafresh-intense-200\/\" \/>\n<meta property=\"og:locale\" content=\"pt_BR\" \/>\n<meta property=\"og:type\" content=\"article\" \/>\n<meta property=\"og:title\" content=\"REFIL AQUAFLOW 200 - Cia do Vento\" \/>\n<meta property=\"og:description\" content=\"COMPATIBILIDADE Compat\u00edvel com os filtros da linha AquaFresh, AP 200 Cuno e aparelhos de rosca.  O refil Aquaflow 200 proporciona 3 est\u00e1gios de filtragem:  PLD INICIAL \u2013 para filtragem f\u00edsica, como part\u00edculas s\u00f3lidas, barro, ferrugem, limo e redu\u00e7\u00e3o de acidez da \u00e1gua por conter dolomita em sua composi\u00e7\u00e3o, e sua cadeia de pol\u00edmeros aglomerados proporciona maior filtra\u00e7\u00e3o e clarifica\u00e7\u00e3o da \u00e1gua. CARV\u00c3O ATIVADO \u2013 elimina cloro, cloraminas, fen\u00f3is, algas, inseticidas, pesticidas, gosto, odor e reduz mat\u00e9ria org\u00e2nica, inibindo a prolifera\u00e7\u00e3o de bact\u00e9rias no interior do filtro, por estar impregnado com prata coloidal. Possui granulometria adequada que proporciona excelente filtra\u00e7\u00e3o de contaminantes qu\u00edmicos da \u00e1gua. PLD POLIDOR \u2013 polimento, clarifica\u00e7\u00e3o final da \u00e1gua, regula o pH atrav\u00e9s da dolomita em sua composi\u00e7\u00e3o. \u00daltimo est\u00e1gio por onde passa a \u00e1gua, deixando-a mais leve e cristalina, pronta para beber e proporcionar mais sa\u00fade.  RECOMENDA\u00c7\u00d5ES \u00c9 recomend\u00e1vel trocar o refil a cada 6 meses ou 3.000 litros de \u00e1gua, desde que a mesma atenda a portaria MS 2914\/2011. Capacidade e vida \u00fatil: 3.000 litros de \u00e1gua. Produto de acordo com a norma ABNT NBR 16098:2012.  SISTEMA DE QUALIDADE Exclusiva tecnologia PLD Purity Max de reten\u00e7\u00e3o de part\u00edculas (Pol\u00edmero + Dolomita). Cont\u00e9m: 1 Refil original AquaFlow 200 com carv\u00e3o ativado.\" \/>\n<meta property=\"og:url\" content=\"https:\/\/ciavento.com.br\/2024\/produto\/purificadores-e-bebedouros\/aquafresh-intense-200\/\" \/>\n<meta property=\"og:site_name\" content=\"Cia do Vento\" \/>\n<meta property=\"article:modified_time\" content=\"2024-05-02T18:12:27+00:00\" \/>\n<meta property=\"og:image\" content=\"https:\/\/ciavento.com.br\/2024\/wp-content\/uploads\/2024\/05\/aquafresh-intense200-2.jpg\" \/>\n\t<meta property=\"og:image:width\" content=\"600\" \/>\n\t<meta property=\"og:image:height\" content=\"686\" \/>\n\t<meta property=\"og:image:type\" content=\"image\/jpeg\" \/>\n<meta name=\"twitter:card\" content=\"summary_large_image\" \/>\n<script type=\"application\/ld+json\" class=\"yoast-schema-graph\">{\"@context\":\"https:\/\/schema.org\",\"@graph\":[{\"@type\":\"WebPage\",\"@id\":\"https:\/\/ciavento.com.br\/2024\/produto\/purificadores-e-bebedouros\/aquafresh-intense-200\/\",\"url\":\"https:\/\/ciavento.com.br\/2024\/produto\/purificadores-e-bebedouros\/aquafresh-intense-200\/\",\"name\":\"REFIL AQUAFLOW 200 - Cia do Vento\",\"isPartOf\":{\"@id\":\"https:\/\/ciavento.com.br\/2024\/#website\"},\"datePublished\":\"2024-05-02T17:24:13+00:00\",\"dateModified\":\"2024-05-02T18:12:27+00:00\",\"breadcrumb\":{\"@id\":\"https:\/\/ciavento.com.br\/2024\/produto\/purificadores-e-bebedouros\/aquafresh-intense-200\/#breadcrumb\"},\"inLanguage\":\"pt-BR\",\"potentialAction\":[{\"@type\":\"ReadAction\",\"target\":[\"https:\/\/ciavento.com.br\/2024\/produto\/purificadores-e-bebedouros\/aquafresh-intense-200\/\"]}]},{\"@type\":\"BreadcrumbList\",\"@id\":\"https:\/\/ciavento.com.br\/2024\/produto\/purificadores-e-bebedouros\/aquafresh-intense-200\/#breadcrumb\",\"itemListElement\":[{\"@type\":\"ListItem\",\"position\":1,\"name\":\"In\u00edcio\",\"item\":\"https:\/\/ciavento.com.br\/2024\/\"},{\"@type\":\"ListItem\",\"position\":2,\"name\":\"Linha de Produtos\",\"item\":\"https:\/\/ciavento.com.br\/2024\/shop\/\"},{\"@type\":\"ListItem\",\"position\":3,\"name\":\"REFIL AQUAFLOW 200\"}]},{\"@type\":\"WebSite\",\"@id\":\"https:\/\/ciavento.com.br\/2024\/#website\",\"url\":\"https:\/\/ciavento.com.br\/2024\/\",\"name\":\"Cia do Vento\",\"description\":\"VENTILADORES \u00b7 Ver VENTILADORES \u00b7 Ventiladores de Parede \u00b7 Ventiladores de Coluna \u00b7 Ventiladores de Mesa \u00b7 Ventiladores de Teto \u00b7 Circuladores de Ar.\",\"publisher\":{\"@id\":\"https:\/\/ciavento.com.br\/2024\/#organization\"},\"potentialAction\":[{\"@type\":\"SearchAction\",\"target\":{\"@type\":\"EntryPoint\",\"urlTemplate\":\"https:\/\/ciavento.com.br\/2024\/?s={search_term_string}\"},\"query-input\":\"required name=search_term_string\"}],\"inLanguage\":\"pt-BR\"},{\"@type\":\"Organization\",\"@id\":\"https:\/\/ciavento.com.br\/2024\/#organization\",\"name\":\"Cia do Vento\",\"url\":\"https:\/\/ciavento.com.br\/2024\/\",\"logo\":{\"@type\":\"ImageObject\",\"inLanguage\":\"pt-BR\",\"@id\":\"https:\/\/ciavento.com.br\/2024\/#\/schema\/logo\/image\/\",\"url\":\"https:\/\/ciavento.com.br\/2024\/wp-content\/uploads\/2023\/09\/logo-22.jpg\",\"contentUrl\":\"https:\/\/ciavento.com.br\/2024\/wp-content\/uploads\/2023\/09\/logo-22.jpg\",\"width\":1280,\"height\":617,\"caption\":\"Cia do Vento\"},\"image\":{\"@id\":\"https:\/\/ciavento.com.br\/2024\/#\/schema\/logo\/image\/\"}}]}<\/script>\n<!-- \/ Yoast SEO plugin. -->","yoast_head_json":{"title":"REFIL AQUAFLOW 200 - Cia do Vento","robots":{"index":"index","follow":"follow","max-snippet":"max-snippet:-1","max-image-preview":"max-image-preview:large","max-video-preview":"max-video-preview:-1"},"canonical":"https:\/\/ciavento.com.br\/2024\/produto\/purificadores-e-bebedouros\/aquafresh-intense-200\/","og_locale":"pt_BR","og_type":"article","og_title":"REFIL AQUAFLOW 200 - Cia do Vento","og_description":"COMPATIBILIDADE Compat\u00edvel com os filtros da linha AquaFresh, AP 200 Cuno e aparelhos de rosca.  O refil Aquaflow 200 proporciona 3 est\u00e1gios de filtragem:  PLD INICIAL \u2013 para filtragem f\u00edsica, como part\u00edculas s\u00f3lidas, barro, ferrugem, limo e redu\u00e7\u00e3o de acidez da \u00e1gua por conter dolomita em sua composi\u00e7\u00e3o, e sua cadeia de pol\u00edmeros aglomerados proporciona maior filtra\u00e7\u00e3o e clarifica\u00e7\u00e3o da \u00e1gua. CARV\u00c3O ATIVADO \u2013 elimina cloro, cloraminas, fen\u00f3is, algas, inseticidas, pesticidas, gosto, odor e reduz mat\u00e9ria org\u00e2nica, inibindo a prolifera\u00e7\u00e3o de bact\u00e9rias no interior do filtro, por estar impregnado com prata coloidal. Possui granulometria adequada que proporciona excelente filtra\u00e7\u00e3o de contaminantes qu\u00edmicos da \u00e1gua. PLD POLIDOR \u2013 polimento, clarifica\u00e7\u00e3o final da \u00e1gua, regula o pH atrav\u00e9s da dolomita em sua composi\u00e7\u00e3o. \u00daltimo est\u00e1gio por onde passa a \u00e1gua, deixando-a mais leve e cristalina, pronta para beber e proporcionar mais sa\u00fade.  RECOMENDA\u00c7\u00d5ES \u00c9 recomend\u00e1vel trocar o refil a cada 6 meses ou 3.000 litros de \u00e1gua, desde que a mesma atenda a portaria MS 2914\/2011. Capacidade e vida \u00fatil: 3.000 litros de \u00e1gua. Produto de acordo com a norma ABNT NBR 16098:2012.  SISTEMA DE QUALIDADE Exclusiva tecnologia PLD Purity Max de reten\u00e7\u00e3o de part\u00edculas (Pol\u00edmero + Dolomita). Cont\u00e9m: 1 Refil original AquaFlow 200 com carv\u00e3o ativado.","og_url":"https:\/\/ciavento.com.br\/2024\/produto\/purificadores-e-bebedouros\/aquafresh-intense-200\/","og_site_name":"Cia do Vento","article_modified_time":"2024-05-02T18:12:27+00:00","og_image":[{"width":600,"height":686,"url":"https:\/\/ciavento.com.br\/2024\/wp-content\/uploads\/2024\/05\/aquafresh-intense200-2.jpg","type":"image\/jpeg"}],"twitter_card":"summary_large_image","schema":{"@context":"https:\/\/schema.org","@graph":[{"@type":"WebPage","@id":"https:\/\/ciavento.com.br\/2024\/produto\/purificadores-e-bebedouros\/aquafresh-intense-200\/","url":"https:\/\/ciavento.com.br\/2024\/produto\/purificadores-e-bebedouros\/aquafresh-intense-200\/","name":"REFIL AQUAFLOW 200 - Cia do Vento","isPartOf":{"@id":"https:\/\/ciavento.com.br\/2024\/#website"},"datePublished":"2024-05-02T17:24:13+00:00","dateModified":"2024-05-02T18:12:27+00:00","breadcrumb":{"@id":"https:\/\/ciavento.com.br\/2024\/produto\/purificadores-e-bebedouros\/aquafresh-intense-200\/#breadcrumb"},"inLanguage":"pt-BR","potentialAction":[{"@type":"ReadAction","target":["https:\/\/ciavento.com.br\/2024\/produto\/purificadores-e-bebedouros\/aquafresh-intense-200\/"]}]},{"@type":"BreadcrumbList","@id":"https:\/\/ciavento.com.br\/2024\/produto\/purificadores-e-bebedouros\/aquafresh-intense-200\/#breadcrumb","itemListElement":[{"@type":"ListItem","position":1,"name":"In\u00edcio","item":"https:\/\/ciavento.com.br\/2024\/"},{"@type":"ListItem","position":2,"name":"Linha de Produtos","item":"https:\/\/ciavento.com.br\/2024\/shop\/"},{"@type":"ListItem","position":3,"name":"REFIL AQUAFLOW 200"}]},{"@type":"WebSite","@id":"https:\/\/ciavento.com.br\/2024\/#website","url":"https:\/\/ciavento.com.br\/2024\/","name":"Cia do Vento","description":"VENTILADORES \u00b7 Ver VENTILADORES \u00b7 Ventiladores de Parede \u00b7 Ventiladores de Coluna \u00b7 Ventiladores de Mesa \u00b7 Ventiladores de Teto \u00b7 Circuladores de Ar.","publisher":{"@id":"https:\/\/ciavento.com.br\/2024\/#organization"},"potentialAction":[{"@type":"SearchAction","target":{"@type":"EntryPoint","urlTemplate":"https:\/\/ciavento.com.br\/2024\/?s={search_term_string}"},"query-input":"required name=search_term_string"}],"inLanguage":"pt-BR"},{"@type":"Organization","@id":"https:\/\/ciavento.com.br\/2024\/#organization","name":"Cia do Vento","url":"https:\/\/ciavento.com.br\/2024\/","logo":{"@type":"ImageObject","inLanguage":"pt-BR","@id":"https:\/\/ciavento.com.br\/2024\/#\/schema\/logo\/image\/","url":"https:\/\/ciavento.com.br\/2024\/wp-content\/uploads\/2023\/09\/logo-22.jpg","contentUrl":"https:\/\/ciavento.com.br\/2024\/wp-content\/uploads\/2023\/09\/logo-22.jpg","width":1280,"height":617,"caption":"Cia do Vento"},"image":{"@id":"https:\/\/ciavento.com.br\/2024\/#\/schema\/logo\/image\/"}}]}},"_links":{"self":[{"href":"https:\/\/ciavento.com.br\/2024\/wp-json\/wp\/v2\/product\/5225"}],"collection":[{"href":"https:\/\/ciavento.com.br\/2024\/wp-json\/wp\/v2\/product"}],"about":[{"href":"https:\/\/ciavento.com.br\/2024\/wp-json\/wp\/v2\/types\/product"}],"wp:featuredmedia":[{"embeddable":true,"href":"https:\/\/ciavento.com.br\/2024\/wp-json\/wp\/v2\/media\/5237"}],"wp:attachment":[{"href":"https:\/\/ciavento.com.br\/2024\/wp-json\/wp\/v2\/media?parent=5225"}],"curies":[{"name":"wp","href":"https:\/\/api.w.org\/{rel}","templated":true}]}}