{"id":5246,"date":"2024-05-02T15:36:40","date_gmt":"2024-05-02T18:36:40","guid":{"rendered":"https:\/\/ciavento.com.br\/2024\/?post_type=product&#038;p=5246"},"modified":"2024-05-02T15:42:53","modified_gmt":"2024-05-02T18:42:53","slug":"filtro-ap-2300-9-3-4","status":"publish","type":"product","link":"https:\/\/ciavento.com.br\/2024\/produto\/purificadores-e-bebedouros\/filtro-ap-2300-9-3-4\/","title":{"rendered":"Filtro Ap 2300 9. 3\/4"},"content":{"rendered":"","protected":false},"excerpt":{"rendered":"<p>Este filtro \u00e9 fornecido com elemento filtrante de carv\u00e3o ativado tipo carbon block com acabamento de encaixe.<br \/>\nEste filtro \u00e9 certificado pelo INMETRO e confere toda a seguran\u00e7a e confiabilidade para melhoria das condi\u00e7\u00f5es de \u00e1gua.<\/p>\n<p>Caracter\u00edsticas:<br \/>\n&#8211; Carv\u00e3o ativado com prata coloidal.<br \/>\n&#8211; Redu\u00e7\u00e3o do cloro, cheiro e gosto desagrad\u00e1vel da \u00e1gua.<br \/>\n&#8211; Redu\u00e7\u00e3o do barro, areia e limo.<br \/>\n&#8211; Efici\u00eancia m\u00e1xima em declora\u00e7\u00e3o da \u00e1gua.<br \/>\n&#8211; Compat\u00edvel com diversas aplica\u00e7\u00f5es.<br \/>\n&#8211; Vaz\u00e3o: 180 litros\/hora.<br \/>\n&#8211; Cor: branca.<\/p>\n<p>O excesso de impurezas na sua rede hidr\u00e1ulica pode reduzir a vida \u00fatil dos filtros.<\/p>\n","protected":false},"featured_media":5249,"template":"","meta":[],"yoast_head":"<!-- This site is optimized with the Yoast SEO plugin v20.0 - https:\/\/yoast.com\/wordpress\/plugins\/seo\/ -->\n<title>Filtro Ap 2300 9. 3\/4 - Cia do Vento<\/title>\n<meta name=\"robots\" content=\"index, follow, max-snippet:-1, max-image-preview:large, max-video-preview:-1\" \/>\n<link rel=\"canonical\" href=\"https:\/\/ciavento.com.br\/2024\/produto\/purificadores-e-bebedouros\/filtro-ap-2300-9-3-4\/\" \/>\n<meta property=\"og:locale\" content=\"pt_BR\" \/>\n<meta property=\"og:type\" content=\"article\" \/>\n<meta property=\"og:title\" content=\"Filtro Ap 2300 9. 3\/4 - Cia do Vento\" \/>\n<meta property=\"og:description\" content=\"Este filtro \u00e9 fornecido com elemento filtrante de carv\u00e3o ativado tipo carbon block com acabamento de encaixe. Este filtro \u00e9 certificado pelo INMETRO e confere toda a seguran\u00e7a e confiabilidade para melhoria das condi\u00e7\u00f5es de \u00e1gua.  Caracter\u00edsticas: - Carv\u00e3o ativado com prata coloidal. - Redu\u00e7\u00e3o do cloro, cheiro e gosto desagrad\u00e1vel da \u00e1gua. - Redu\u00e7\u00e3o do barro, areia e limo. - Efici\u00eancia m\u00e1xima em declora\u00e7\u00e3o da \u00e1gua. - Compat\u00edvel com diversas aplica\u00e7\u00f5es. - Vaz\u00e3o: 180 litros\/hora. - Cor: branca.  O excesso de impurezas na sua rede hidr\u00e1ulica pode reduzir a vida \u00fatil dos filtros.\" \/>\n<meta property=\"og:url\" content=\"https:\/\/ciavento.com.br\/2024\/produto\/purificadores-e-bebedouros\/filtro-ap-2300-9-3-4\/\" \/>\n<meta property=\"og:site_name\" content=\"Cia do Vento\" \/>\n<meta property=\"article:modified_time\" content=\"2024-05-02T18:42:53+00:00\" \/>\n<meta property=\"og:image\" content=\"https:\/\/ciavento.com.br\/2024\/wp-content\/uploads\/2024\/05\/filtro-Ap-2300.jpg\" \/>\n\t<meta property=\"og:image:width\" content=\"600\" \/>\n\t<meta property=\"og:image:height\" content=\"686\" \/>\n\t<meta property=\"og:image:type\" content=\"image\/jpeg\" \/>\n<meta name=\"twitter:card\" content=\"summary_large_image\" \/>\n<script type=\"application\/ld+json\" class=\"yoast-schema-graph\">{\"@context\":\"https:\/\/schema.org\",\"@graph\":[{\"@type\":\"WebPage\",\"@id\":\"https:\/\/ciavento.com.br\/2024\/produto\/purificadores-e-bebedouros\/filtro-ap-2300-9-3-4\/\",\"url\":\"https:\/\/ciavento.com.br\/2024\/produto\/purificadores-e-bebedouros\/filtro-ap-2300-9-3-4\/\",\"name\":\"Filtro Ap 2300 9. 3\/4 - Cia do Vento\",\"isPartOf\":{\"@id\":\"https:\/\/ciavento.com.br\/2024\/#website\"},\"datePublished\":\"2024-05-02T18:36:40+00:00\",\"dateModified\":\"2024-05-02T18:42:53+00:00\",\"breadcrumb\":{\"@id\":\"https:\/\/ciavento.com.br\/2024\/produto\/purificadores-e-bebedouros\/filtro-ap-2300-9-3-4\/#breadcrumb\"},\"inLanguage\":\"pt-BR\",\"potentialAction\":[{\"@type\":\"ReadAction\",\"target\":[\"https:\/\/ciavento.com.br\/2024\/produto\/purificadores-e-bebedouros\/filtro-ap-2300-9-3-4\/\"]}]},{\"@type\":\"BreadcrumbList\",\"@id\":\"https:\/\/ciavento.com.br\/2024\/produto\/purificadores-e-bebedouros\/filtro-ap-2300-9-3-4\/#breadcrumb\",\"itemListElement\":[{\"@type\":\"ListItem\",\"position\":1,\"name\":\"In\u00edcio\",\"item\":\"https:\/\/ciavento.com.br\/2024\/\"},{\"@type\":\"ListItem\",\"position\":2,\"name\":\"Linha de Produtos\",\"item\":\"https:\/\/ciavento.com.br\/2024\/shop\/\"},{\"@type\":\"ListItem\",\"position\":3,\"name\":\"Filtro Ap 2300 9. 3\/4\"}]},{\"@type\":\"WebSite\",\"@id\":\"https:\/\/ciavento.com.br\/2024\/#website\",\"url\":\"https:\/\/ciavento.com.br\/2024\/\",\"name\":\"Cia do Vento\",\"description\":\"VENTILADORES \u00b7 Ver VENTILADORES \u00b7 Ventiladores de Parede \u00b7 Ventiladores de Coluna \u00b7 Ventiladores de Mesa \u00b7 Ventiladores de Teto \u00b7 Circuladores de Ar.\",\"publisher\":{\"@id\":\"https:\/\/ciavento.com.br\/2024\/#organization\"},\"potentialAction\":[{\"@type\":\"SearchAction\",\"target\":{\"@type\":\"EntryPoint\",\"urlTemplate\":\"https:\/\/ciavento.com.br\/2024\/?s={search_term_string}\"},\"query-input\":\"required name=search_term_string\"}],\"inLanguage\":\"pt-BR\"},{\"@type\":\"Organization\",\"@id\":\"https:\/\/ciavento.com.br\/2024\/#organization\",\"name\":\"Cia do Vento\",\"url\":\"https:\/\/ciavento.com.br\/2024\/\",\"logo\":{\"@type\":\"ImageObject\",\"inLanguage\":\"pt-BR\",\"@id\":\"https:\/\/ciavento.com.br\/2024\/#\/schema\/logo\/image\/\",\"url\":\"https:\/\/ciavento.com.br\/2024\/wp-content\/uploads\/2023\/09\/logo-22.jpg\",\"contentUrl\":\"https:\/\/ciavento.com.br\/2024\/wp-content\/uploads\/2023\/09\/logo-22.jpg\",\"width\":1280,\"height\":617,\"caption\":\"Cia do Vento\"},\"image\":{\"@id\":\"https:\/\/ciavento.com.br\/2024\/#\/schema\/logo\/image\/\"}}]}<\/script>\n<!-- \/ Yoast SEO plugin. -->","yoast_head_json":{"title":"Filtro Ap 2300 9. 3\/4 - Cia do Vento","robots":{"index":"index","follow":"follow","max-snippet":"max-snippet:-1","max-image-preview":"max-image-preview:large","max-video-preview":"max-video-preview:-1"},"canonical":"https:\/\/ciavento.com.br\/2024\/produto\/purificadores-e-bebedouros\/filtro-ap-2300-9-3-4\/","og_locale":"pt_BR","og_type":"article","og_title":"Filtro Ap 2300 9. 3\/4 - Cia do Vento","og_description":"Este filtro \u00e9 fornecido com elemento filtrante de carv\u00e3o ativado tipo carbon block com acabamento de encaixe. Este filtro \u00e9 certificado pelo INMETRO e confere toda a seguran\u00e7a e confiabilidade para melhoria das condi\u00e7\u00f5es de \u00e1gua.  Caracter\u00edsticas: - Carv\u00e3o ativado com prata coloidal. - Redu\u00e7\u00e3o do cloro, cheiro e gosto desagrad\u00e1vel da \u00e1gua. - Redu\u00e7\u00e3o do barro, areia e limo. - Efici\u00eancia m\u00e1xima em declora\u00e7\u00e3o da \u00e1gua. - Compat\u00edvel com diversas aplica\u00e7\u00f5es. - Vaz\u00e3o: 180 litros\/hora. - Cor: branca.  O excesso de impurezas na sua rede hidr\u00e1ulica pode reduzir a vida \u00fatil dos filtros.","og_url":"https:\/\/ciavento.com.br\/2024\/produto\/purificadores-e-bebedouros\/filtro-ap-2300-9-3-4\/","og_site_name":"Cia do Vento","article_modified_time":"2024-05-02T18:42:53+00:00","og_image":[{"width":600,"height":686,"url":"https:\/\/ciavento.com.br\/2024\/wp-content\/uploads\/2024\/05\/filtro-Ap-2300.jpg","type":"image\/jpeg"}],"twitter_card":"summary_large_image","schema":{"@context":"https:\/\/schema.org","@graph":[{"@type":"WebPage","@id":"https:\/\/ciavento.com.br\/2024\/produto\/purificadores-e-bebedouros\/filtro-ap-2300-9-3-4\/","url":"https:\/\/ciavento.com.br\/2024\/produto\/purificadores-e-bebedouros\/filtro-ap-2300-9-3-4\/","name":"Filtro Ap 2300 9. 3\/4 - Cia do Vento","isPartOf":{"@id":"https:\/\/ciavento.com.br\/2024\/#website"},"datePublished":"2024-05-02T18:36:40+00:00","dateModified":"2024-05-02T18:42:53+00:00","breadcrumb":{"@id":"https:\/\/ciavento.com.br\/2024\/produto\/purificadores-e-bebedouros\/filtro-ap-2300-9-3-4\/#breadcrumb"},"inLanguage":"pt-BR","potentialAction":[{"@type":"ReadAction","target":["https:\/\/ciavento.com.br\/2024\/produto\/purificadores-e-bebedouros\/filtro-ap-2300-9-3-4\/"]}]},{"@type":"BreadcrumbList","@id":"https:\/\/ciavento.com.br\/2024\/produto\/purificadores-e-bebedouros\/filtro-ap-2300-9-3-4\/#breadcrumb","itemListElement":[{"@type":"ListItem","position":1,"name":"In\u00edcio","item":"https:\/\/ciavento.com.br\/2024\/"},{"@type":"ListItem","position":2,"name":"Linha de Produtos","item":"https:\/\/ciavento.com.br\/2024\/shop\/"},{"@type":"ListItem","position":3,"name":"Filtro Ap 2300 9. 3\/4"}]},{"@type":"WebSite","@id":"https:\/\/ciavento.com.br\/2024\/#website","url":"https:\/\/ciavento.com.br\/2024\/","name":"Cia do Vento","description":"VENTILADORES \u00b7 Ver VENTILADORES \u00b7 Ventiladores de Parede \u00b7 Ventiladores de Coluna \u00b7 Ventiladores de Mesa \u00b7 Ventiladores de Teto \u00b7 Circuladores de Ar.","publisher":{"@id":"https:\/\/ciavento.com.br\/2024\/#organization"},"potentialAction":[{"@type":"SearchAction","target":{"@type":"EntryPoint","urlTemplate":"https:\/\/ciavento.com.br\/2024\/?s={search_term_string}"},"query-input":"required name=search_term_string"}],"inLanguage":"pt-BR"},{"@type":"Organization","@id":"https:\/\/ciavento.com.br\/2024\/#organization","name":"Cia do Vento","url":"https:\/\/ciavento.com.br\/2024\/","logo":{"@type":"ImageObject","inLanguage":"pt-BR","@id":"https:\/\/ciavento.com.br\/2024\/#\/schema\/logo\/image\/","url":"https:\/\/ciavento.com.br\/2024\/wp-content\/uploads\/2023\/09\/logo-22.jpg","contentUrl":"https:\/\/ciavento.com.br\/2024\/wp-content\/uploads\/2023\/09\/logo-22.jpg","width":1280,"height":617,"caption":"Cia do Vento"},"image":{"@id":"https:\/\/ciavento.com.br\/2024\/#\/schema\/logo\/image\/"}}]}},"_links":{"self":[{"href":"https:\/\/ciavento.com.br\/2024\/wp-json\/wp\/v2\/product\/5246"}],"collection":[{"href":"https:\/\/ciavento.com.br\/2024\/wp-json\/wp\/v2\/product"}],"about":[{"href":"https:\/\/ciavento.com.br\/2024\/wp-json\/wp\/v2\/types\/product"}],"wp:featuredmedia":[{"embeddable":true,"href":"https:\/\/ciavento.com.br\/2024\/wp-json\/wp\/v2\/media\/5249"}],"wp:attachment":[{"href":"https:\/\/ciavento.com.br\/2024\/wp-json\/wp\/v2\/media?parent=5246"}],"curies":[{"name":"wp","href":"https:\/\/api.w.org\/{rel}","templated":true}]}}