{"id":5655,"date":"2024-06-11T14:51:33","date_gmt":"2024-06-11T17:51:33","guid":{"rendered":"https:\/\/ciavento.com.br\/2024\/?post_type=product&#038;p=5655"},"modified":"2024-06-11T15:18:00","modified_gmt":"2024-06-11T18:18:00","slug":"exaustor-axial-em-linha-turbo-exl-150mm-branco-65w-ventisol","status":"publish","type":"product","link":"https:\/\/ciavento.com.br\/2024\/produto\/exaustores\/exaustores-axiais\/exaustor-axial-em-linha-turbo-exl-150mm-branco-65w-ventisol\/","title":{"rendered":"Exaustor Axial em Linha Turbo EXL 150mm Branco 65W Ventisol"},"content":{"rendered":"","protected":false},"excerpt":{"rendered":"<div class=\"woocommerce-product-details__short-description\">\n<ul>\n<li>Renova o Ar do ambiente<\/li>\n<li>Aumenta a vaz\u00e3o e a press\u00e3o de dutos de ventila\u00e7\u00e3o<\/li>\n<li>2 velocidades<\/li>\n<li>Compacto e Resistente<\/li>\n<li>Produto de alta durabilidade feito em ABS<\/li>\n<li>Tr\u00eas modelo de montagem: Padr\u00e3o; Em s\u00e9rie ou Paralelo<\/li>\n<li>F\u00e1cil Instala\u00e7\u00e3o<\/li>\n<li>Opera\u00e7\u00e3o silenciosa<\/li>\n<li>Balan\u00e7o autom\u00e1tico de Ar esquerdo e direito<\/li>\n<li>1 Ano de garantia<\/li>\n<li>Certificado pelo Inmetro<\/li>\n<li>Pode ser utilizado como insuflador<\/li>\n<\/ul>\n<p><strong>Podem ser utilizados<br \/>\n<\/strong><\/p>\n<ul>\n<li>Ambientes amplos<\/li>\n<li>Tomada de Ar externa<\/li>\n<li>Refor\u00e7o para coifas que possuem filtro<\/li>\n<li>Lugares fechados com baixa circula\u00e7\u00e3o de ar<\/li>\n<\/ul>\n<h3>Especifica\u00e7\u00f5es:<\/h3>\n<\/div>\n<p>Peso 3,000 kg<br \/>\nProduto Montado<br \/>\nComprimento: 30.4 cm<br \/>\nLargura: 24.8 cm<br \/>\nAltura: 20.4 cm<br \/>\nVoltagem: 127V, 220V<br \/>\nCor: Branco<br \/>\nAmbiente:\u00a0 Banheiro, Cozinha, Ind\u00fastria, Loja, Quarto, Sala<br \/>\nClimatiza\u00e7\u00e3o, Exaust\u00e3o, Ventila\u00e7\u00e3o<br \/>\nFinalidade de Uso: Exaustor<br \/>\nLinha: Exaustor In-line<br \/>\nMedidas: 150mm<\/p>\n","protected":false},"featured_media":5658,"template":"","meta":[],"yoast_head":"<!-- This site is optimized with the Yoast SEO plugin v20.0 - https:\/\/yoast.com\/wordpress\/plugins\/seo\/ -->\n<title>Exaustor Axial em Linha Turbo EXL 150mm Branco 65W Ventisol - Cia do Vento<\/title>\n<meta name=\"robots\" content=\"index, follow, max-snippet:-1, max-image-preview:large, max-video-preview:-1\" \/>\n<link rel=\"canonical\" href=\"https:\/\/ciavento.com.br\/2024\/produto\/exaustores\/exaustores-axiais\/exaustor-axial-em-linha-turbo-exl-150mm-branco-65w-ventisol\/\" \/>\n<meta property=\"og:locale\" content=\"pt_BR\" \/>\n<meta property=\"og:type\" content=\"article\" \/>\n<meta property=\"og:title\" content=\"Exaustor Axial em Linha Turbo EXL 150mm Branco 65W Ventisol - Cia do Vento\" \/>\n<meta property=\"og:description\" content=\"Renova o Ar do ambiente  Aumenta a vaz\u00e3o e a press\u00e3o de dutos de ventila\u00e7\u00e3o  2 velocidades  Compacto e Resistente  Produto de alta durabilidade feito em ABS  Tr\u00eas modelo de montagem: Padr\u00e3o; Em s\u00e9rie ou Paralelo  F\u00e1cil Instala\u00e7\u00e3o  Opera\u00e7\u00e3o silenciosa  Balan\u00e7o autom\u00e1tico de Ar esquerdo e direito  1 Ano de garantia  Certificado pelo Inmetro  Pode ser utilizado como insuflador  Podem ser utilizados    Ambientes amplos  Tomada de Ar externa  Refor\u00e7o para coifas que possuem filtro  Lugares fechados com baixa circula\u00e7\u00e3o de ar  Especifica\u00e7\u00f5es:  Peso 3,000 kg Produto Montado Comprimento: 30.4 cm Largura: 24.8 cm Altura: 20.4 cm Voltagem: 127V, 220V Cor: Branco Ambiente:\u00a0 Banheiro, Cozinha, Ind\u00fastria, Loja, Quarto, Sala Climatiza\u00e7\u00e3o, Exaust\u00e3o, Ventila\u00e7\u00e3o Finalidade de Uso: Exaustor Linha: Exaustor In-line Medidas: 150mm\" \/>\n<meta property=\"og:url\" content=\"https:\/\/ciavento.com.br\/2024\/produto\/exaustores\/exaustores-axiais\/exaustor-axial-em-linha-turbo-exl-150mm-branco-65w-ventisol\/\" \/>\n<meta property=\"og:site_name\" content=\"Cia do Vento\" \/>\n<meta property=\"article:modified_time\" content=\"2024-06-11T18:18:00+00:00\" \/>\n<meta property=\"og:image\" content=\"https:\/\/ciavento.com.br\/2024\/wp-content\/uploads\/2024\/06\/exaustor-axial-linha-turbo3.jpg\" \/>\n\t<meta property=\"og:image:width\" content=\"600\" \/>\n\t<meta property=\"og:image:height\" content=\"686\" \/>\n\t<meta property=\"og:image:type\" content=\"image\/jpeg\" \/>\n<meta name=\"twitter:card\" content=\"summary_large_image\" \/>\n<script type=\"application\/ld+json\" class=\"yoast-schema-graph\">{\"@context\":\"https:\/\/schema.org\",\"@graph\":[{\"@type\":\"WebPage\",\"@id\":\"https:\/\/ciavento.com.br\/2024\/produto\/exaustores\/exaustores-axiais\/exaustor-axial-em-linha-turbo-exl-150mm-branco-65w-ventisol\/\",\"url\":\"https:\/\/ciavento.com.br\/2024\/produto\/exaustores\/exaustores-axiais\/exaustor-axial-em-linha-turbo-exl-150mm-branco-65w-ventisol\/\",\"name\":\"Exaustor Axial em Linha Turbo EXL 150mm Branco 65W Ventisol - Cia do Vento\",\"isPartOf\":{\"@id\":\"https:\/\/ciavento.com.br\/2024\/#website\"},\"datePublished\":\"2024-06-11T17:51:33+00:00\",\"dateModified\":\"2024-06-11T18:18:00+00:00\",\"breadcrumb\":{\"@id\":\"https:\/\/ciavento.com.br\/2024\/produto\/exaustores\/exaustores-axiais\/exaustor-axial-em-linha-turbo-exl-150mm-branco-65w-ventisol\/#breadcrumb\"},\"inLanguage\":\"pt-BR\",\"potentialAction\":[{\"@type\":\"ReadAction\",\"target\":[\"https:\/\/ciavento.com.br\/2024\/produto\/exaustores\/exaustores-axiais\/exaustor-axial-em-linha-turbo-exl-150mm-branco-65w-ventisol\/\"]}]},{\"@type\":\"BreadcrumbList\",\"@id\":\"https:\/\/ciavento.com.br\/2024\/produto\/exaustores\/exaustores-axiais\/exaustor-axial-em-linha-turbo-exl-150mm-branco-65w-ventisol\/#breadcrumb\",\"itemListElement\":[{\"@type\":\"ListItem\",\"position\":1,\"name\":\"In\u00edcio\",\"item\":\"https:\/\/ciavento.com.br\/2024\/\"},{\"@type\":\"ListItem\",\"position\":2,\"name\":\"Linha de Produtos\",\"item\":\"https:\/\/ciavento.com.br\/2024\/shop\/\"},{\"@type\":\"ListItem\",\"position\":3,\"name\":\"Exaustor Axial em Linha Turbo EXL 150mm Branco 65W Ventisol\"}]},{\"@type\":\"WebSite\",\"@id\":\"https:\/\/ciavento.com.br\/2024\/#website\",\"url\":\"https:\/\/ciavento.com.br\/2024\/\",\"name\":\"Cia do Vento\",\"description\":\"VENTILADORES \u00b7 Ver VENTILADORES \u00b7 Ventiladores de Parede \u00b7 Ventiladores de Coluna \u00b7 Ventiladores de Mesa \u00b7 Ventiladores de Teto \u00b7 Circuladores de Ar.\",\"publisher\":{\"@id\":\"https:\/\/ciavento.com.br\/2024\/#organization\"},\"potentialAction\":[{\"@type\":\"SearchAction\",\"target\":{\"@type\":\"EntryPoint\",\"urlTemplate\":\"https:\/\/ciavento.com.br\/2024\/?s={search_term_string}\"},\"query-input\":\"required name=search_term_string\"}],\"inLanguage\":\"pt-BR\"},{\"@type\":\"Organization\",\"@id\":\"https:\/\/ciavento.com.br\/2024\/#organization\",\"name\":\"Cia do Vento\",\"url\":\"https:\/\/ciavento.com.br\/2024\/\",\"logo\":{\"@type\":\"ImageObject\",\"inLanguage\":\"pt-BR\",\"@id\":\"https:\/\/ciavento.com.br\/2024\/#\/schema\/logo\/image\/\",\"url\":\"https:\/\/ciavento.com.br\/2024\/wp-content\/uploads\/2023\/09\/logo-22.jpg\",\"contentUrl\":\"https:\/\/ciavento.com.br\/2024\/wp-content\/uploads\/2023\/09\/logo-22.jpg\",\"width\":1280,\"height\":617,\"caption\":\"Cia do Vento\"},\"image\":{\"@id\":\"https:\/\/ciavento.com.br\/2024\/#\/schema\/logo\/image\/\"}}]}<\/script>\n<!-- \/ Yoast SEO plugin. -->","yoast_head_json":{"title":"Exaustor Axial em Linha Turbo EXL 150mm Branco 65W Ventisol - Cia do Vento","robots":{"index":"index","follow":"follow","max-snippet":"max-snippet:-1","max-image-preview":"max-image-preview:large","max-video-preview":"max-video-preview:-1"},"canonical":"https:\/\/ciavento.com.br\/2024\/produto\/exaustores\/exaustores-axiais\/exaustor-axial-em-linha-turbo-exl-150mm-branco-65w-ventisol\/","og_locale":"pt_BR","og_type":"article","og_title":"Exaustor Axial em Linha Turbo EXL 150mm Branco 65W Ventisol - Cia do Vento","og_description":"Renova o Ar do ambiente  Aumenta a vaz\u00e3o e a press\u00e3o de dutos de ventila\u00e7\u00e3o  2 velocidades  Compacto e Resistente  Produto de alta durabilidade feito em ABS  Tr\u00eas modelo de montagem: Padr\u00e3o; Em s\u00e9rie ou Paralelo  F\u00e1cil Instala\u00e7\u00e3o  Opera\u00e7\u00e3o silenciosa  Balan\u00e7o autom\u00e1tico de Ar esquerdo e direito  1 Ano de garantia  Certificado pelo Inmetro  Pode ser utilizado como insuflador  Podem ser utilizados    Ambientes amplos  Tomada de Ar externa  Refor\u00e7o para coifas que possuem filtro  Lugares fechados com baixa circula\u00e7\u00e3o de ar  Especifica\u00e7\u00f5es:  Peso 3,000 kg Produto Montado Comprimento: 30.4 cm Largura: 24.8 cm Altura: 20.4 cm Voltagem: 127V, 220V Cor: Branco Ambiente:\u00a0 Banheiro, Cozinha, Ind\u00fastria, Loja, Quarto, Sala Climatiza\u00e7\u00e3o, Exaust\u00e3o, Ventila\u00e7\u00e3o Finalidade de Uso: Exaustor Linha: Exaustor In-line Medidas: 150mm","og_url":"https:\/\/ciavento.com.br\/2024\/produto\/exaustores\/exaustores-axiais\/exaustor-axial-em-linha-turbo-exl-150mm-branco-65w-ventisol\/","og_site_name":"Cia do Vento","article_modified_time":"2024-06-11T18:18:00+00:00","og_image":[{"width":600,"height":686,"url":"https:\/\/ciavento.com.br\/2024\/wp-content\/uploads\/2024\/06\/exaustor-axial-linha-turbo3.jpg","type":"image\/jpeg"}],"twitter_card":"summary_large_image","schema":{"@context":"https:\/\/schema.org","@graph":[{"@type":"WebPage","@id":"https:\/\/ciavento.com.br\/2024\/produto\/exaustores\/exaustores-axiais\/exaustor-axial-em-linha-turbo-exl-150mm-branco-65w-ventisol\/","url":"https:\/\/ciavento.com.br\/2024\/produto\/exaustores\/exaustores-axiais\/exaustor-axial-em-linha-turbo-exl-150mm-branco-65w-ventisol\/","name":"Exaustor Axial em Linha Turbo EXL 150mm Branco 65W Ventisol - Cia do Vento","isPartOf":{"@id":"https:\/\/ciavento.com.br\/2024\/#website"},"datePublished":"2024-06-11T17:51:33+00:00","dateModified":"2024-06-11T18:18:00+00:00","breadcrumb":{"@id":"https:\/\/ciavento.com.br\/2024\/produto\/exaustores\/exaustores-axiais\/exaustor-axial-em-linha-turbo-exl-150mm-branco-65w-ventisol\/#breadcrumb"},"inLanguage":"pt-BR","potentialAction":[{"@type":"ReadAction","target":["https:\/\/ciavento.com.br\/2024\/produto\/exaustores\/exaustores-axiais\/exaustor-axial-em-linha-turbo-exl-150mm-branco-65w-ventisol\/"]}]},{"@type":"BreadcrumbList","@id":"https:\/\/ciavento.com.br\/2024\/produto\/exaustores\/exaustores-axiais\/exaustor-axial-em-linha-turbo-exl-150mm-branco-65w-ventisol\/#breadcrumb","itemListElement":[{"@type":"ListItem","position":1,"name":"In\u00edcio","item":"https:\/\/ciavento.com.br\/2024\/"},{"@type":"ListItem","position":2,"name":"Linha de Produtos","item":"https:\/\/ciavento.com.br\/2024\/shop\/"},{"@type":"ListItem","position":3,"name":"Exaustor Axial em Linha Turbo EXL 150mm Branco 65W Ventisol"}]},{"@type":"WebSite","@id":"https:\/\/ciavento.com.br\/2024\/#website","url":"https:\/\/ciavento.com.br\/2024\/","name":"Cia do Vento","description":"VENTILADORES \u00b7 Ver VENTILADORES \u00b7 Ventiladores de Parede \u00b7 Ventiladores de Coluna \u00b7 Ventiladores de Mesa \u00b7 Ventiladores de Teto \u00b7 Circuladores de Ar.","publisher":{"@id":"https:\/\/ciavento.com.br\/2024\/#organization"},"potentialAction":[{"@type":"SearchAction","target":{"@type":"EntryPoint","urlTemplate":"https:\/\/ciavento.com.br\/2024\/?s={search_term_string}"},"query-input":"required name=search_term_string"}],"inLanguage":"pt-BR"},{"@type":"Organization","@id":"https:\/\/ciavento.com.br\/2024\/#organization","name":"Cia do Vento","url":"https:\/\/ciavento.com.br\/2024\/","logo":{"@type":"ImageObject","inLanguage":"pt-BR","@id":"https:\/\/ciavento.com.br\/2024\/#\/schema\/logo\/image\/","url":"https:\/\/ciavento.com.br\/2024\/wp-content\/uploads\/2023\/09\/logo-22.jpg","contentUrl":"https:\/\/ciavento.com.br\/2024\/wp-content\/uploads\/2023\/09\/logo-22.jpg","width":1280,"height":617,"caption":"Cia do Vento"},"image":{"@id":"https:\/\/ciavento.com.br\/2024\/#\/schema\/logo\/image\/"}}]}},"_links":{"self":[{"href":"https:\/\/ciavento.com.br\/2024\/wp-json\/wp\/v2\/product\/5655"}],"collection":[{"href":"https:\/\/ciavento.com.br\/2024\/wp-json\/wp\/v2\/product"}],"about":[{"href":"https:\/\/ciavento.com.br\/2024\/wp-json\/wp\/v2\/types\/product"}],"wp:featuredmedia":[{"embeddable":true,"href":"https:\/\/ciavento.com.br\/2024\/wp-json\/wp\/v2\/media\/5658"}],"wp:attachment":[{"href":"https:\/\/ciavento.com.br\/2024\/wp-json\/wp\/v2\/media?parent=5655"}],"curies":[{"name":"wp","href":"https:\/\/api.w.org\/{rel}","templated":true}]}}