{"id":5677,"date":"2024-06-11T16:16:24","date_gmt":"2024-06-11T19:16:24","guid":{"rendered":"https:\/\/ciavento.com.br\/2024\/?post_type=product&#038;p=5677"},"modified":"2024-06-11T16:20:12","modified_gmt":"2024-06-11T19:20:12","slug":"exaustores-fan-cooler-cia-do-vento-ecv-50-fc-m4","status":"publish","type":"product","link":"https:\/\/ciavento.com.br\/2024\/produto\/exaustores\/exaustores-fan-cooler\/exaustores-fan-cooler-cia-do-vento-ecv-50-fc-m4\/","title":{"rendered":"Exaustores Fan Cooler Cia do Vento ECV 50 FC M4"},"content":{"rendered":"","protected":false},"excerpt":{"rendered":"<p>Exaustores Fan cooler s\u00e3o utilizados em sistemas de exaust\u00e3o e insuflamento de ar, \u00e9 indicado para ventila\u00e7\u00e3o e exaust\u00e3o localizada.<\/p>\n<h3 class=\"title35 azule Mb30\">Caracter\u00edsticas:<\/h3>\n<ul class=\"caracteristicas\">\n<li>50cm de di\u00e2metro<\/li>\n<li>Motor 1\/3 HP<\/li>\n<li>Rota\u00e7\u00e3o 1750 rpm<\/li>\n<li>Vaz\u00e3o 120 m3\/min<\/li>\n<li>Monof\u00e1sico 110 \/220v<\/li>\n<li>Press\u00e3o est\u00e1tica 15 (mmca)<\/li>\n<li>Ru\u00eddo 84 dba<\/li>\n<li>Peso 32kg<\/li>\n<li>3 p\u00e1s de nylon<\/li>\n<li>Modelo ECV 500 fc M4<\/li>\n<\/ul>\n","protected":false},"featured_media":5672,"template":"","meta":[],"yoast_head":"<!-- This site is optimized with the Yoast SEO plugin v20.0 - https:\/\/yoast.com\/wordpress\/plugins\/seo\/ -->\n<title>Exaustores Fan Cooler Cia do Vento ECV 50 FC M4 - Cia do Vento<\/title>\n<meta name=\"robots\" content=\"index, follow, max-snippet:-1, max-image-preview:large, max-video-preview:-1\" \/>\n<link rel=\"canonical\" href=\"https:\/\/ciavento.com.br\/2024\/produto\/exaustores\/exaustores-fan-cooler\/exaustores-fan-cooler-cia-do-vento-ecv-50-fc-m4\/\" \/>\n<meta property=\"og:locale\" content=\"pt_BR\" \/>\n<meta property=\"og:type\" content=\"article\" \/>\n<meta property=\"og:title\" content=\"Exaustores Fan Cooler Cia do Vento ECV 50 FC M4 - Cia do Vento\" \/>\n<meta property=\"og:description\" content=\"Exaustores Fan cooler s\u00e3o utilizados em sistemas de exaust\u00e3o e insuflamento de ar, \u00e9 indicado para ventila\u00e7\u00e3o e exaust\u00e3o localizada. Caracter\u00edsticas:   50cm de di\u00e2metro  Motor 1\/3 HP  Rota\u00e7\u00e3o 1750 rpm  Vaz\u00e3o 120 m3\/min  Monof\u00e1sico 110 \/220v  Press\u00e3o est\u00e1tica 15 (mmca)  Ru\u00eddo 84 dba  Peso 32kg  3 p\u00e1s de nylon  Modelo ECV 500 fc M4\" \/>\n<meta property=\"og:url\" content=\"https:\/\/ciavento.com.br\/2024\/produto\/exaustores\/exaustores-fan-cooler\/exaustores-fan-cooler-cia-do-vento-ecv-50-fc-m4\/\" \/>\n<meta property=\"og:site_name\" content=\"Cia do Vento\" \/>\n<meta property=\"article:modified_time\" content=\"2024-06-11T19:20:12+00:00\" \/>\n<meta property=\"og:image\" content=\"https:\/\/ciavento.com.br\/2024\/wp-content\/uploads\/2024\/06\/exaustor-fan-cooler.jpg\" \/>\n\t<meta property=\"og:image:width\" content=\"600\" \/>\n\t<meta property=\"og:image:height\" content=\"686\" \/>\n\t<meta property=\"og:image:type\" content=\"image\/jpeg\" \/>\n<meta name=\"twitter:card\" content=\"summary_large_image\" \/>\n<script type=\"application\/ld+json\" class=\"yoast-schema-graph\">{\"@context\":\"https:\/\/schema.org\",\"@graph\":[{\"@type\":\"WebPage\",\"@id\":\"https:\/\/ciavento.com.br\/2024\/produto\/exaustores\/exaustores-fan-cooler\/exaustores-fan-cooler-cia-do-vento-ecv-50-fc-m4\/\",\"url\":\"https:\/\/ciavento.com.br\/2024\/produto\/exaustores\/exaustores-fan-cooler\/exaustores-fan-cooler-cia-do-vento-ecv-50-fc-m4\/\",\"name\":\"Exaustores Fan Cooler Cia do Vento ECV 50 FC M4 - Cia do Vento\",\"isPartOf\":{\"@id\":\"https:\/\/ciavento.com.br\/2024\/#website\"},\"datePublished\":\"2024-06-11T19:16:24+00:00\",\"dateModified\":\"2024-06-11T19:20:12+00:00\",\"breadcrumb\":{\"@id\":\"https:\/\/ciavento.com.br\/2024\/produto\/exaustores\/exaustores-fan-cooler\/exaustores-fan-cooler-cia-do-vento-ecv-50-fc-m4\/#breadcrumb\"},\"inLanguage\":\"pt-BR\",\"potentialAction\":[{\"@type\":\"ReadAction\",\"target\":[\"https:\/\/ciavento.com.br\/2024\/produto\/exaustores\/exaustores-fan-cooler\/exaustores-fan-cooler-cia-do-vento-ecv-50-fc-m4\/\"]}]},{\"@type\":\"BreadcrumbList\",\"@id\":\"https:\/\/ciavento.com.br\/2024\/produto\/exaustores\/exaustores-fan-cooler\/exaustores-fan-cooler-cia-do-vento-ecv-50-fc-m4\/#breadcrumb\",\"itemListElement\":[{\"@type\":\"ListItem\",\"position\":1,\"name\":\"In\u00edcio\",\"item\":\"https:\/\/ciavento.com.br\/2024\/\"},{\"@type\":\"ListItem\",\"position\":2,\"name\":\"Linha de Produtos\",\"item\":\"https:\/\/ciavento.com.br\/2024\/shop\/\"},{\"@type\":\"ListItem\",\"position\":3,\"name\":\"Exaustores Fan Cooler Cia do Vento ECV 50 FC M4\"}]},{\"@type\":\"WebSite\",\"@id\":\"https:\/\/ciavento.com.br\/2024\/#website\",\"url\":\"https:\/\/ciavento.com.br\/2024\/\",\"name\":\"Cia do Vento\",\"description\":\"VENTILADORES \u00b7 Ver VENTILADORES \u00b7 Ventiladores de Parede \u00b7 Ventiladores de Coluna \u00b7 Ventiladores de Mesa \u00b7 Ventiladores de Teto \u00b7 Circuladores de Ar.\",\"publisher\":{\"@id\":\"https:\/\/ciavento.com.br\/2024\/#organization\"},\"potentialAction\":[{\"@type\":\"SearchAction\",\"target\":{\"@type\":\"EntryPoint\",\"urlTemplate\":\"https:\/\/ciavento.com.br\/2024\/?s={search_term_string}\"},\"query-input\":\"required name=search_term_string\"}],\"inLanguage\":\"pt-BR\"},{\"@type\":\"Organization\",\"@id\":\"https:\/\/ciavento.com.br\/2024\/#organization\",\"name\":\"Cia do Vento\",\"url\":\"https:\/\/ciavento.com.br\/2024\/\",\"logo\":{\"@type\":\"ImageObject\",\"inLanguage\":\"pt-BR\",\"@id\":\"https:\/\/ciavento.com.br\/2024\/#\/schema\/logo\/image\/\",\"url\":\"https:\/\/ciavento.com.br\/2024\/wp-content\/uploads\/2023\/09\/logo-22.jpg\",\"contentUrl\":\"https:\/\/ciavento.com.br\/2024\/wp-content\/uploads\/2023\/09\/logo-22.jpg\",\"width\":1280,\"height\":617,\"caption\":\"Cia do Vento\"},\"image\":{\"@id\":\"https:\/\/ciavento.com.br\/2024\/#\/schema\/logo\/image\/\"}}]}<\/script>\n<!-- \/ Yoast SEO plugin. -->","yoast_head_json":{"title":"Exaustores Fan Cooler Cia do Vento ECV 50 FC M4 - Cia do Vento","robots":{"index":"index","follow":"follow","max-snippet":"max-snippet:-1","max-image-preview":"max-image-preview:large","max-video-preview":"max-video-preview:-1"},"canonical":"https:\/\/ciavento.com.br\/2024\/produto\/exaustores\/exaustores-fan-cooler\/exaustores-fan-cooler-cia-do-vento-ecv-50-fc-m4\/","og_locale":"pt_BR","og_type":"article","og_title":"Exaustores Fan Cooler Cia do Vento ECV 50 FC M4 - Cia do Vento","og_description":"Exaustores Fan cooler s\u00e3o utilizados em sistemas de exaust\u00e3o e insuflamento de ar, \u00e9 indicado para ventila\u00e7\u00e3o e exaust\u00e3o localizada. Caracter\u00edsticas:   50cm de di\u00e2metro  Motor 1\/3 HP  Rota\u00e7\u00e3o 1750 rpm  Vaz\u00e3o 120 m3\/min  Monof\u00e1sico 110 \/220v  Press\u00e3o est\u00e1tica 15 (mmca)  Ru\u00eddo 84 dba  Peso 32kg  3 p\u00e1s de nylon  Modelo ECV 500 fc M4","og_url":"https:\/\/ciavento.com.br\/2024\/produto\/exaustores\/exaustores-fan-cooler\/exaustores-fan-cooler-cia-do-vento-ecv-50-fc-m4\/","og_site_name":"Cia do Vento","article_modified_time":"2024-06-11T19:20:12+00:00","og_image":[{"width":600,"height":686,"url":"https:\/\/ciavento.com.br\/2024\/wp-content\/uploads\/2024\/06\/exaustor-fan-cooler.jpg","type":"image\/jpeg"}],"twitter_card":"summary_large_image","schema":{"@context":"https:\/\/schema.org","@graph":[{"@type":"WebPage","@id":"https:\/\/ciavento.com.br\/2024\/produto\/exaustores\/exaustores-fan-cooler\/exaustores-fan-cooler-cia-do-vento-ecv-50-fc-m4\/","url":"https:\/\/ciavento.com.br\/2024\/produto\/exaustores\/exaustores-fan-cooler\/exaustores-fan-cooler-cia-do-vento-ecv-50-fc-m4\/","name":"Exaustores Fan Cooler Cia do Vento ECV 50 FC M4 - Cia do Vento","isPartOf":{"@id":"https:\/\/ciavento.com.br\/2024\/#website"},"datePublished":"2024-06-11T19:16:24+00:00","dateModified":"2024-06-11T19:20:12+00:00","breadcrumb":{"@id":"https:\/\/ciavento.com.br\/2024\/produto\/exaustores\/exaustores-fan-cooler\/exaustores-fan-cooler-cia-do-vento-ecv-50-fc-m4\/#breadcrumb"},"inLanguage":"pt-BR","potentialAction":[{"@type":"ReadAction","target":["https:\/\/ciavento.com.br\/2024\/produto\/exaustores\/exaustores-fan-cooler\/exaustores-fan-cooler-cia-do-vento-ecv-50-fc-m4\/"]}]},{"@type":"BreadcrumbList","@id":"https:\/\/ciavento.com.br\/2024\/produto\/exaustores\/exaustores-fan-cooler\/exaustores-fan-cooler-cia-do-vento-ecv-50-fc-m4\/#breadcrumb","itemListElement":[{"@type":"ListItem","position":1,"name":"In\u00edcio","item":"https:\/\/ciavento.com.br\/2024\/"},{"@type":"ListItem","position":2,"name":"Linha de Produtos","item":"https:\/\/ciavento.com.br\/2024\/shop\/"},{"@type":"ListItem","position":3,"name":"Exaustores Fan Cooler Cia do Vento ECV 50 FC M4"}]},{"@type":"WebSite","@id":"https:\/\/ciavento.com.br\/2024\/#website","url":"https:\/\/ciavento.com.br\/2024\/","name":"Cia do Vento","description":"VENTILADORES \u00b7 Ver VENTILADORES \u00b7 Ventiladores de Parede \u00b7 Ventiladores de Coluna \u00b7 Ventiladores de Mesa \u00b7 Ventiladores de Teto \u00b7 Circuladores de Ar.","publisher":{"@id":"https:\/\/ciavento.com.br\/2024\/#organization"},"potentialAction":[{"@type":"SearchAction","target":{"@type":"EntryPoint","urlTemplate":"https:\/\/ciavento.com.br\/2024\/?s={search_term_string}"},"query-input":"required name=search_term_string"}],"inLanguage":"pt-BR"},{"@type":"Organization","@id":"https:\/\/ciavento.com.br\/2024\/#organization","name":"Cia do Vento","url":"https:\/\/ciavento.com.br\/2024\/","logo":{"@type":"ImageObject","inLanguage":"pt-BR","@id":"https:\/\/ciavento.com.br\/2024\/#\/schema\/logo\/image\/","url":"https:\/\/ciavento.com.br\/2024\/wp-content\/uploads\/2023\/09\/logo-22.jpg","contentUrl":"https:\/\/ciavento.com.br\/2024\/wp-content\/uploads\/2023\/09\/logo-22.jpg","width":1280,"height":617,"caption":"Cia do Vento"},"image":{"@id":"https:\/\/ciavento.com.br\/2024\/#\/schema\/logo\/image\/"}}]}},"_links":{"self":[{"href":"https:\/\/ciavento.com.br\/2024\/wp-json\/wp\/v2\/product\/5677"}],"collection":[{"href":"https:\/\/ciavento.com.br\/2024\/wp-json\/wp\/v2\/product"}],"about":[{"href":"https:\/\/ciavento.com.br\/2024\/wp-json\/wp\/v2\/types\/product"}],"wp:featuredmedia":[{"embeddable":true,"href":"https:\/\/ciavento.com.br\/2024\/wp-json\/wp\/v2\/media\/5672"}],"wp:attachment":[{"href":"https:\/\/ciavento.com.br\/2024\/wp-json\/wp\/v2\/media?parent=5677"}],"curies":[{"name":"wp","href":"https:\/\/api.w.org\/{rel}","templated":true}]}}