{"id":5698,"date":"2024-06-11T16:58:22","date_gmt":"2024-06-11T19:58:22","guid":{"rendered":"https:\/\/ciavento.com.br\/2024\/?post_type=product&#038;p=5698"},"modified":"2024-06-11T17:00:34","modified_gmt":"2024-06-11T20:00:34","slug":"caixa-de-ventilacao-com-acionamento-indireto","status":"publish","type":"product","link":"https:\/\/ciavento.com.br\/2024\/produto\/caixa-de-ventilacao\/caixa-de-ventilacao-com-acionamento-indireto\/","title":{"rendered":"Caixa de Ventila\u00e7\u00e3o com Acionamento Indireto"},"content":{"rendered":"","protected":false},"excerpt":{"rendered":"<p>A Caixa de Ventila\u00e7\u00e3o com Acionamento Indireto \u00e9 ideal para exaust\u00e3o e ventila\u00e7\u00e3o de variados ambientes com alta incid\u00eancia de contaminantes. S\u00e3o equipamentos que contam com rotor de dupla suc\u00e7\u00e3o e acionamento atrav\u00e9s de correia e polias. Se voc\u00ea est\u00e1 buscando uma equipamento de qualidade e efici\u00eancia, conte com a Caixa de Ventila\u00e7\u00e3o com Acionamento Indireto.<\/p>\n<h3 class=\"title35 azule Mb30\">Caracter\u00edsticas:<\/h3>\n<ul class=\"caracteristicas\">\n<li>MODELO: CVA-63 ROTOR: SIROCO VAZ\u00c3O (M\u00b3\/ MIN): 1000 PRESS\u00c3O (MMCA): 20 POT\u00caNCIA (CV): 0,25 RU\u00cdDO (DBA): 68 PESO (KG): 40 FILTRO (50MM): 400X270 BOCA SA\u00cdDA (MM): 190X190 ROTA\u00c7\u00c3O (RPM): 1340 TENS\u00c3O (V): 220\/380<\/li>\n<li>MODELO: CVA-71 ROTOR: SIROCO VAZ\u00c3O (M\u00b3\/ MIN): 2000 PRESS\u00c3O (MMCA): 24 POT\u00caNCIA (CV): 0,5 RU\u00cdDO (DBA): 71 PESO (KG): 47 FILTRO (50MM): 500X300 BOCA SA\u00cdDA (MM): 220X220 ROTA\u00c7\u00c3O (RPM): 1515 TENS\u00c3O (V): 220\/380<\/li>\n<li>MODELO: CVA-75 ROTOR: SIROCO VAZ\u00c3O (M\u00b3\/ MIN): 2500 PRESS\u00c3O (MMCA): 25 POT\u00caNCIA (CV): 0,5 RU\u00cdDO (DBA): 75 PESO (KG): 40 FILTRO (50MM): 505X395 BOCA SA\u00cdDA (MM): 250X310 ROTA\u00c7\u00c3O (RPM): 1140 TENS\u00c3O (V):220\/380<\/li>\n<li>MODELO: CVA-80 ROTOR: SIROCO VAZ\u00c3O (M\u00b3\/ MIN): 3000 PRESS\u00c3O (MMCA): 28 POT\u00caNCIA (CV): 1 RU\u00cdDO (DBA): 76 PESO (KG): 58 FILTRO (50MM): 500X320 BOCA SA\u00cdDA (MM): 250X250 ROTA\u00c7\u00c3O (RPM): 1297 TENS\u00c3O (V): 220\/380<\/li>\n<li>MODELO: CVA-90S ROTOR: SIROCO VAZ\u00c3O (M\u00b3\/ MIN): 5500 PRESS\u00c3O (MMCA): 30 POT\u00caNCIA (CV): 2 RU\u00cdDO (DBA): 78 PESO (KG): 69 FILTRO (50MM): 640X580 BOCA SA\u00cdDA (MM): 360X360 ROTA\u00c7\u00c3O (RPM): 1400 TENS\u00c3O (V): 220\/380<\/li>\n<li>MODELO: CVA-90L ROTOR: SIROCO VAZ\u00c3O (M\u00b3\/ MIN): 7000 PRESS\u00c3O (MMCA): 30 POT\u00caNCIA (CV): 3 RU\u00cdDO (DBA): 81 PESO (KG): 75 FILTRO (50MM): 640X580 BOCA SA\u00cdDA (MM): 360X360 ROTA\u00c7\u00c3O (RPM): 1400 TENS\u00c3O (V): 220\/380<\/li>\n<li>MODELO: CVA-100 ROTOR: SIROCO VAZ\u00c3O (M\u00b3\/ MIN): 12000 PRESS\u00c3O (MMCA): 32 POT\u00caNCIA (CV): 4 RU\u00cdDO (DBA): 78 PESO (KG): 100 FILTRO (50MM): 700X670 BOCA SA\u00cdDA (MM): 400X400 ROTA\u00c7\u00c3O (RPM): 1297 TENS\u00c3O (V): 220\/380<\/li>\n<li>MODELO: CVA-100L ROTOR: SIROCO VAZ\u00c3O (M\u00b3\/ MIN): 13500 PRESS\u00c3O (MMCA): 32 POT\u00caNCIA (CV): 5 RU\u00cdDO (DBA): 83 PESO (KG): 100 FILTRO (50MM): 700X670 BOCA SA\u00cdDA (MM): 500X500 ROTA\u00c7\u00c3O (RPM): 1297 TENS\u00c3O (V): 220\/380<\/li>\n<li>MODELO: EXALATEK ROTOR: SIROCO VAZ\u00c3O (M\u00b3\/ MIN): 600 PRESS\u00c3O (MMCA): 10 POT\u00caNCIA (WATTS): 70 RU\u00cdDO (DBA): 76 PESO (KG): 6,3 FILTRO (50MM): 170 BOCA SA\u00cdDA (MM): 75X110 ROTA\u00c7\u00c3O (RPM): 3020 TENS\u00c3O (V): 127\/220<\/li>\n<\/ul>\n","protected":false},"featured_media":5699,"template":"","meta":[],"yoast_head":"<!-- This site is optimized with the Yoast SEO plugin v20.0 - https:\/\/yoast.com\/wordpress\/plugins\/seo\/ -->\n<title>Caixa de Ventila\u00e7\u00e3o com Acionamento Indireto - Cia do Vento<\/title>\n<meta name=\"robots\" content=\"index, follow, max-snippet:-1, max-image-preview:large, max-video-preview:-1\" \/>\n<link rel=\"canonical\" href=\"https:\/\/ciavento.com.br\/2024\/produto\/caixa-de-ventilacao\/caixa-de-ventilacao-com-acionamento-indireto\/\" \/>\n<meta property=\"og:locale\" content=\"pt_BR\" \/>\n<meta property=\"og:type\" content=\"article\" \/>\n<meta property=\"og:title\" content=\"Caixa de Ventila\u00e7\u00e3o com Acionamento Indireto - Cia do Vento\" \/>\n<meta property=\"og:description\" content=\"A Caixa de Ventila\u00e7\u00e3o com Acionamento Indireto \u00e9 ideal para exaust\u00e3o e ventila\u00e7\u00e3o de variados ambientes com alta incid\u00eancia de contaminantes. S\u00e3o equipamentos que contam com rotor de dupla suc\u00e7\u00e3o e acionamento atrav\u00e9s de correia e polias. Se voc\u00ea est\u00e1 buscando uma equipamento de qualidade e efici\u00eancia, conte com a Caixa de Ventila\u00e7\u00e3o com Acionamento Indireto. Caracter\u00edsticas:   MODELO: CVA-63 ROTOR: SIROCO VAZ\u00c3O (M\u00b3\/ MIN): 1000 PRESS\u00c3O (MMCA): 20 POT\u00caNCIA (CV): 0,25 RU\u00cdDO (DBA): 68 PESO (KG): 40 FILTRO (50MM): 400X270 BOCA SA\u00cdDA (MM): 190X190 ROTA\u00c7\u00c3O (RPM): 1340 TENS\u00c3O (V): 220\/380  MODELO: CVA-71 ROTOR: SIROCO VAZ\u00c3O (M\u00b3\/ MIN): 2000 PRESS\u00c3O (MMCA): 24 POT\u00caNCIA (CV): 0,5 RU\u00cdDO (DBA): 71 PESO (KG): 47 FILTRO (50MM): 500X300 BOCA SA\u00cdDA (MM): 220X220 ROTA\u00c7\u00c3O (RPM): 1515 TENS\u00c3O (V): 220\/380  MODELO: CVA-75 ROTOR: SIROCO VAZ\u00c3O (M\u00b3\/ MIN): 2500 PRESS\u00c3O (MMCA): 25 POT\u00caNCIA (CV): 0,5 RU\u00cdDO (DBA): 75 PESO (KG): 40 FILTRO (50MM): 505X395 BOCA SA\u00cdDA (MM): 250X310 ROTA\u00c7\u00c3O (RPM): 1140 TENS\u00c3O (V):220\/380  MODELO: CVA-80 ROTOR: SIROCO VAZ\u00c3O (M\u00b3\/ MIN): 3000 PRESS\u00c3O (MMCA): 28 POT\u00caNCIA (CV): 1 RU\u00cdDO (DBA): 76 PESO (KG): 58 FILTRO (50MM): 500X320 BOCA SA\u00cdDA (MM): 250X250 ROTA\u00c7\u00c3O (RPM): 1297 TENS\u00c3O (V): 220\/380  MODELO: CVA-90S ROTOR: SIROCO VAZ\u00c3O (M\u00b3\/ MIN): 5500 PRESS\u00c3O (MMCA): 30 POT\u00caNCIA (CV): 2 RU\u00cdDO (DBA): 78 PESO (KG): 69 FILTRO (50MM): 640X580 BOCA SA\u00cdDA (MM): 360X360 ROTA\u00c7\u00c3O (RPM): 1400 TENS\u00c3O (V): 220\/380  MODELO: CVA-90L ROTOR: SIROCO VAZ\u00c3O (M\u00b3\/ MIN): 7000 PRESS\u00c3O (MMCA): 30 POT\u00caNCIA (CV): 3 RU\u00cdDO (DBA): 81 PESO (KG): 75 FILTRO (50MM): 640X580 BOCA SA\u00cdDA (MM): 360X360 ROTA\u00c7\u00c3O (RPM): 1400 TENS\u00c3O (V): 220\/380  MODELO: CVA-100 ROTOR: SIROCO VAZ\u00c3O (M\u00b3\/ MIN): 12000 PRESS\u00c3O (MMCA): 32 POT\u00caNCIA (CV): 4 RU\u00cdDO (DBA): 78 PESO (KG): 100 FILTRO (50MM): 700X670 BOCA SA\u00cdDA (MM): 400X400 ROTA\u00c7\u00c3O (RPM): 1297 TENS\u00c3O (V): 220\/380  MODELO: CVA-100L ROTOR: SIROCO VAZ\u00c3O (M\u00b3\/ MIN): 13500 PRESS\u00c3O (MMCA): 32 POT\u00caNCIA (CV): 5 RU\u00cdDO (DBA): 83 PESO (KG): 100 FILTRO (50MM): 700X670 BOCA SA\u00cdDA (MM): 500X500 ROTA\u00c7\u00c3O (RPM): 1297 TENS\u00c3O (V): 220\/380  MODELO: EXALATEK ROTOR: SIROCO VAZ\u00c3O (M\u00b3\/ MIN): 600 PRESS\u00c3O (MMCA): 10 POT\u00caNCIA (WATTS): 70 RU\u00cdDO (DBA): 76 PESO (KG): 6,3 FILTRO (50MM): 170 BOCA SA\u00cdDA (MM): 75X110 ROTA\u00c7\u00c3O (RPM): 3020 TENS\u00c3O (V): 127\/220\" \/>\n<meta property=\"og:url\" content=\"https:\/\/ciavento.com.br\/2024\/produto\/caixa-de-ventilacao\/caixa-de-ventilacao-com-acionamento-indireto\/\" \/>\n<meta property=\"og:site_name\" content=\"Cia do Vento\" \/>\n<meta property=\"article:modified_time\" content=\"2024-06-11T20:00:34+00:00\" \/>\n<meta property=\"og:image\" content=\"https:\/\/ciavento.com.br\/2024\/wp-content\/uploads\/2024\/06\/caixa-de-ventilacao1.jpg\" \/>\n\t<meta property=\"og:image:width\" content=\"600\" \/>\n\t<meta property=\"og:image:height\" content=\"686\" \/>\n\t<meta property=\"og:image:type\" content=\"image\/jpeg\" \/>\n<meta name=\"twitter:card\" content=\"summary_large_image\" \/>\n<script type=\"application\/ld+json\" class=\"yoast-schema-graph\">{\"@context\":\"https:\/\/schema.org\",\"@graph\":[{\"@type\":\"WebPage\",\"@id\":\"https:\/\/ciavento.com.br\/2024\/produto\/caixa-de-ventilacao\/caixa-de-ventilacao-com-acionamento-indireto\/\",\"url\":\"https:\/\/ciavento.com.br\/2024\/produto\/caixa-de-ventilacao\/caixa-de-ventilacao-com-acionamento-indireto\/\",\"name\":\"Caixa de Ventila\u00e7\u00e3o com Acionamento Indireto - Cia do Vento\",\"isPartOf\":{\"@id\":\"https:\/\/ciavento.com.br\/2024\/#website\"},\"datePublished\":\"2024-06-11T19:58:22+00:00\",\"dateModified\":\"2024-06-11T20:00:34+00:00\",\"breadcrumb\":{\"@id\":\"https:\/\/ciavento.com.br\/2024\/produto\/caixa-de-ventilacao\/caixa-de-ventilacao-com-acionamento-indireto\/#breadcrumb\"},\"inLanguage\":\"pt-BR\",\"potentialAction\":[{\"@type\":\"ReadAction\",\"target\":[\"https:\/\/ciavento.com.br\/2024\/produto\/caixa-de-ventilacao\/caixa-de-ventilacao-com-acionamento-indireto\/\"]}]},{\"@type\":\"BreadcrumbList\",\"@id\":\"https:\/\/ciavento.com.br\/2024\/produto\/caixa-de-ventilacao\/caixa-de-ventilacao-com-acionamento-indireto\/#breadcrumb\",\"itemListElement\":[{\"@type\":\"ListItem\",\"position\":1,\"name\":\"In\u00edcio\",\"item\":\"https:\/\/ciavento.com.br\/2024\/\"},{\"@type\":\"ListItem\",\"position\":2,\"name\":\"Linha de Produtos\",\"item\":\"https:\/\/ciavento.com.br\/2024\/shop\/\"},{\"@type\":\"ListItem\",\"position\":3,\"name\":\"Caixa de Ventila\u00e7\u00e3o com Acionamento Indireto\"}]},{\"@type\":\"WebSite\",\"@id\":\"https:\/\/ciavento.com.br\/2024\/#website\",\"url\":\"https:\/\/ciavento.com.br\/2024\/\",\"name\":\"Cia do Vento\",\"description\":\"VENTILADORES \u00b7 Ver VENTILADORES \u00b7 Ventiladores de Parede \u00b7 Ventiladores de Coluna \u00b7 Ventiladores de Mesa \u00b7 Ventiladores de Teto \u00b7 Circuladores de Ar.\",\"publisher\":{\"@id\":\"https:\/\/ciavento.com.br\/2024\/#organization\"},\"potentialAction\":[{\"@type\":\"SearchAction\",\"target\":{\"@type\":\"EntryPoint\",\"urlTemplate\":\"https:\/\/ciavento.com.br\/2024\/?s={search_term_string}\"},\"query-input\":\"required name=search_term_string\"}],\"inLanguage\":\"pt-BR\"},{\"@type\":\"Organization\",\"@id\":\"https:\/\/ciavento.com.br\/2024\/#organization\",\"name\":\"Cia do Vento\",\"url\":\"https:\/\/ciavento.com.br\/2024\/\",\"logo\":{\"@type\":\"ImageObject\",\"inLanguage\":\"pt-BR\",\"@id\":\"https:\/\/ciavento.com.br\/2024\/#\/schema\/logo\/image\/\",\"url\":\"https:\/\/ciavento.com.br\/2024\/wp-content\/uploads\/2023\/09\/logo-22.jpg\",\"contentUrl\":\"https:\/\/ciavento.com.br\/2024\/wp-content\/uploads\/2023\/09\/logo-22.jpg\",\"width\":1280,\"height\":617,\"caption\":\"Cia do Vento\"},\"image\":{\"@id\":\"https:\/\/ciavento.com.br\/2024\/#\/schema\/logo\/image\/\"}}]}<\/script>\n<!-- \/ Yoast SEO plugin. -->","yoast_head_json":{"title":"Caixa de Ventila\u00e7\u00e3o com Acionamento Indireto - Cia do Vento","robots":{"index":"index","follow":"follow","max-snippet":"max-snippet:-1","max-image-preview":"max-image-preview:large","max-video-preview":"max-video-preview:-1"},"canonical":"https:\/\/ciavento.com.br\/2024\/produto\/caixa-de-ventilacao\/caixa-de-ventilacao-com-acionamento-indireto\/","og_locale":"pt_BR","og_type":"article","og_title":"Caixa de Ventila\u00e7\u00e3o com Acionamento Indireto - Cia do Vento","og_description":"A Caixa de Ventila\u00e7\u00e3o com Acionamento Indireto \u00e9 ideal para exaust\u00e3o e ventila\u00e7\u00e3o de variados ambientes com alta incid\u00eancia de contaminantes. S\u00e3o equipamentos que contam com rotor de dupla suc\u00e7\u00e3o e acionamento atrav\u00e9s de correia e polias. Se voc\u00ea est\u00e1 buscando uma equipamento de qualidade e efici\u00eancia, conte com a Caixa de Ventila\u00e7\u00e3o com Acionamento Indireto. Caracter\u00edsticas:   MODELO: CVA-63 ROTOR: SIROCO VAZ\u00c3O (M\u00b3\/ MIN): 1000 PRESS\u00c3O (MMCA): 20 POT\u00caNCIA (CV): 0,25 RU\u00cdDO (DBA): 68 PESO (KG): 40 FILTRO (50MM): 400X270 BOCA SA\u00cdDA (MM): 190X190 ROTA\u00c7\u00c3O (RPM): 1340 TENS\u00c3O (V): 220\/380  MODELO: CVA-71 ROTOR: SIROCO VAZ\u00c3O (M\u00b3\/ MIN): 2000 PRESS\u00c3O (MMCA): 24 POT\u00caNCIA (CV): 0,5 RU\u00cdDO (DBA): 71 PESO (KG): 47 FILTRO (50MM): 500X300 BOCA SA\u00cdDA (MM): 220X220 ROTA\u00c7\u00c3O (RPM): 1515 TENS\u00c3O (V): 220\/380  MODELO: CVA-75 ROTOR: SIROCO VAZ\u00c3O (M\u00b3\/ MIN): 2500 PRESS\u00c3O (MMCA): 25 POT\u00caNCIA (CV): 0,5 RU\u00cdDO (DBA): 75 PESO (KG): 40 FILTRO (50MM): 505X395 BOCA SA\u00cdDA (MM): 250X310 ROTA\u00c7\u00c3O (RPM): 1140 TENS\u00c3O (V):220\/380  MODELO: CVA-80 ROTOR: SIROCO VAZ\u00c3O (M\u00b3\/ MIN): 3000 PRESS\u00c3O (MMCA): 28 POT\u00caNCIA (CV): 1 RU\u00cdDO (DBA): 76 PESO (KG): 58 FILTRO (50MM): 500X320 BOCA SA\u00cdDA (MM): 250X250 ROTA\u00c7\u00c3O (RPM): 1297 TENS\u00c3O (V): 220\/380  MODELO: CVA-90S ROTOR: SIROCO VAZ\u00c3O (M\u00b3\/ MIN): 5500 PRESS\u00c3O (MMCA): 30 POT\u00caNCIA (CV): 2 RU\u00cdDO (DBA): 78 PESO (KG): 69 FILTRO (50MM): 640X580 BOCA SA\u00cdDA (MM): 360X360 ROTA\u00c7\u00c3O (RPM): 1400 TENS\u00c3O (V): 220\/380  MODELO: CVA-90L ROTOR: SIROCO VAZ\u00c3O (M\u00b3\/ MIN): 7000 PRESS\u00c3O (MMCA): 30 POT\u00caNCIA (CV): 3 RU\u00cdDO (DBA): 81 PESO (KG): 75 FILTRO (50MM): 640X580 BOCA SA\u00cdDA (MM): 360X360 ROTA\u00c7\u00c3O (RPM): 1400 TENS\u00c3O (V): 220\/380  MODELO: CVA-100 ROTOR: SIROCO VAZ\u00c3O (M\u00b3\/ MIN): 12000 PRESS\u00c3O (MMCA): 32 POT\u00caNCIA (CV): 4 RU\u00cdDO (DBA): 78 PESO (KG): 100 FILTRO (50MM): 700X670 BOCA SA\u00cdDA (MM): 400X400 ROTA\u00c7\u00c3O (RPM): 1297 TENS\u00c3O (V): 220\/380  MODELO: CVA-100L ROTOR: SIROCO VAZ\u00c3O (M\u00b3\/ MIN): 13500 PRESS\u00c3O (MMCA): 32 POT\u00caNCIA (CV): 5 RU\u00cdDO (DBA): 83 PESO (KG): 100 FILTRO (50MM): 700X670 BOCA SA\u00cdDA (MM): 500X500 ROTA\u00c7\u00c3O (RPM): 1297 TENS\u00c3O (V): 220\/380  MODELO: EXALATEK ROTOR: SIROCO VAZ\u00c3O (M\u00b3\/ MIN): 600 PRESS\u00c3O (MMCA): 10 POT\u00caNCIA (WATTS): 70 RU\u00cdDO (DBA): 76 PESO (KG): 6,3 FILTRO (50MM): 170 BOCA SA\u00cdDA (MM): 75X110 ROTA\u00c7\u00c3O (RPM): 3020 TENS\u00c3O (V): 127\/220","og_url":"https:\/\/ciavento.com.br\/2024\/produto\/caixa-de-ventilacao\/caixa-de-ventilacao-com-acionamento-indireto\/","og_site_name":"Cia do Vento","article_modified_time":"2024-06-11T20:00:34+00:00","og_image":[{"width":600,"height":686,"url":"https:\/\/ciavento.com.br\/2024\/wp-content\/uploads\/2024\/06\/caixa-de-ventilacao1.jpg","type":"image\/jpeg"}],"twitter_card":"summary_large_image","schema":{"@context":"https:\/\/schema.org","@graph":[{"@type":"WebPage","@id":"https:\/\/ciavento.com.br\/2024\/produto\/caixa-de-ventilacao\/caixa-de-ventilacao-com-acionamento-indireto\/","url":"https:\/\/ciavento.com.br\/2024\/produto\/caixa-de-ventilacao\/caixa-de-ventilacao-com-acionamento-indireto\/","name":"Caixa de Ventila\u00e7\u00e3o com Acionamento Indireto - Cia do Vento","isPartOf":{"@id":"https:\/\/ciavento.com.br\/2024\/#website"},"datePublished":"2024-06-11T19:58:22+00:00","dateModified":"2024-06-11T20:00:34+00:00","breadcrumb":{"@id":"https:\/\/ciavento.com.br\/2024\/produto\/caixa-de-ventilacao\/caixa-de-ventilacao-com-acionamento-indireto\/#breadcrumb"},"inLanguage":"pt-BR","potentialAction":[{"@type":"ReadAction","target":["https:\/\/ciavento.com.br\/2024\/produto\/caixa-de-ventilacao\/caixa-de-ventilacao-com-acionamento-indireto\/"]}]},{"@type":"BreadcrumbList","@id":"https:\/\/ciavento.com.br\/2024\/produto\/caixa-de-ventilacao\/caixa-de-ventilacao-com-acionamento-indireto\/#breadcrumb","itemListElement":[{"@type":"ListItem","position":1,"name":"In\u00edcio","item":"https:\/\/ciavento.com.br\/2024\/"},{"@type":"ListItem","position":2,"name":"Linha de Produtos","item":"https:\/\/ciavento.com.br\/2024\/shop\/"},{"@type":"ListItem","position":3,"name":"Caixa de Ventila\u00e7\u00e3o com Acionamento Indireto"}]},{"@type":"WebSite","@id":"https:\/\/ciavento.com.br\/2024\/#website","url":"https:\/\/ciavento.com.br\/2024\/","name":"Cia do Vento","description":"VENTILADORES \u00b7 Ver VENTILADORES \u00b7 Ventiladores de Parede \u00b7 Ventiladores de Coluna \u00b7 Ventiladores de Mesa \u00b7 Ventiladores de Teto \u00b7 Circuladores de Ar.","publisher":{"@id":"https:\/\/ciavento.com.br\/2024\/#organization"},"potentialAction":[{"@type":"SearchAction","target":{"@type":"EntryPoint","urlTemplate":"https:\/\/ciavento.com.br\/2024\/?s={search_term_string}"},"query-input":"required name=search_term_string"}],"inLanguage":"pt-BR"},{"@type":"Organization","@id":"https:\/\/ciavento.com.br\/2024\/#organization","name":"Cia do Vento","url":"https:\/\/ciavento.com.br\/2024\/","logo":{"@type":"ImageObject","inLanguage":"pt-BR","@id":"https:\/\/ciavento.com.br\/2024\/#\/schema\/logo\/image\/","url":"https:\/\/ciavento.com.br\/2024\/wp-content\/uploads\/2023\/09\/logo-22.jpg","contentUrl":"https:\/\/ciavento.com.br\/2024\/wp-content\/uploads\/2023\/09\/logo-22.jpg","width":1280,"height":617,"caption":"Cia do Vento"},"image":{"@id":"https:\/\/ciavento.com.br\/2024\/#\/schema\/logo\/image\/"}}]}},"_links":{"self":[{"href":"https:\/\/ciavento.com.br\/2024\/wp-json\/wp\/v2\/product\/5698"}],"collection":[{"href":"https:\/\/ciavento.com.br\/2024\/wp-json\/wp\/v2\/product"}],"about":[{"href":"https:\/\/ciavento.com.br\/2024\/wp-json\/wp\/v2\/types\/product"}],"wp:featuredmedia":[{"embeddable":true,"href":"https:\/\/ciavento.com.br\/2024\/wp-json\/wp\/v2\/media\/5699"}],"wp:attachment":[{"href":"https:\/\/ciavento.com.br\/2024\/wp-json\/wp\/v2\/media?parent=5698"}],"curies":[{"name":"wp","href":"https:\/\/api.w.org\/{rel}","templated":true}]}}